{"id":77399,"date":"2025-12-02T09:37:36","date_gmt":"2025-12-02T09:37:36","guid":{"rendered":"https:\/\/www.ateti.pt\/loja\/?post_type=product&#038;p=77399"},"modified":"2025-12-02T09:40:40","modified_gmt":"2025-12-02T09:40:40","slug":"tabua-queijos-picante-ervasalho-pimentao-3x100g-a-q-rabacal","status":"publish","type":"product","link":"https:\/\/www.ateti.pt\/loja\/produto\/tabua-queijos-picante-ervasalho-pimentao-3x100g-a-q-rabacal\/","title":{"rendered":"T\u00e1bua Queijos Picante\/Ervas&amp;Alho\/Piment\u00e3o 3x100g A.Q. Raba\u00e7al"},"content":{"rendered":"<p><strong>T\u00e1bua Queijos Raba\u00e7al<\/strong><\/p>\n<ul>\n<li>Picante<\/li>\n<li>Ervas &amp; Alho<\/li>\n<li>Piment\u00e3o<\/li>\n<\/ul>\n<p><strong>Quantidade:\u00a0<\/strong>3x100g<\/p>\n<p>&nbsp;<\/p>\n","protected":false},"excerpt":{"rendered":"<p>18.96\u20ac\/kg<\/p>\n","protected":false},"featured_media":77403,"comment_status":"closed","ping_status":"closed","template":"","meta":{"_themeisle_gutenberg_block_has_review":false},"product_brand":[],"product_cat":[178,748,185,622],"product_tag":[593],"woo-feed-brand":[],"class_list":{"0":"post-77399","1":"product","2":"type-product","3":"status-publish","4":"has-post-thumbnail","6":"product_cat-lacticinios","7":"product_cat-novidades-ate-ti","8":"product_cat-queijos","9":"product_cat-refrigerados","10":"product_tag-novidades","11":"ts_product_brand-a-queijeira-do-rabacal","13":"first","14":"instock","15":"taxable","16":"shipping-taxable","17":"purchasable","18":"product-type-simple"},"_links":{"self":[{"href":"https:\/\/www.ateti.pt\/loja\/wp-json\/wp\/v2\/product\/77399","targetHints":{"allow":["GET"]}}],"collection":[{"href":"https:\/\/www.ateti.pt\/loja\/wp-json\/wp\/v2\/product"}],"about":[{"href":"https:\/\/www.ateti.pt\/loja\/wp-json\/wp\/v2\/types\/product"}],"replies":[{"embeddable":true,"href":"https:\/\/www.ateti.pt\/loja\/wp-json\/wp\/v2\/comments?post=77399"}],"wp:featuredmedia":[{"embeddable":true,"href":"https:\/\/www.ateti.pt\/loja\/wp-json\/wp\/v2\/media\/77403"}],"wp:attachment":[{"href":"https:\/\/www.ateti.pt\/loja\/wp-json\/wp\/v2\/media?parent=77399"}],"wp:term":[{"taxonomy":"product_brand","embeddable":true,"href":"https:\/\/www.ateti.pt\/loja\/wp-json\/wp\/v2\/product_brand?post=77399"},{"taxonomy":"product_cat","embeddable":true,"href":"https:\/\/www.ateti.pt\/loja\/wp-json\/wp\/v2\/product_cat?post=77399"},{"taxonomy":"product_tag","embeddable":true,"href":"https:\/\/www.ateti.pt\/loja\/wp-json\/wp\/v2\/product_tag?post=77399"},{"taxonomy":"woo-feed-brand","embeddable":true,"href":"https:\/\/www.ateti.pt\/loja\/wp-json\/wp\/v2\/woo-feed-brand?post=77399"}],"curies":[{"name":"wp","href":"https:\/\/api.w.org\/{rel}","templated":true}]}}