{"id":76259,"date":"2025-10-14T10:32:40","date_gmt":"2025-10-14T09:32:40","guid":{"rendered":"https:\/\/www.ateti.pt\/loja\/?post_type=product&#038;p=76259"},"modified":"2025-10-14T10:43:20","modified_gmt":"2025-10-14T09:43:20","slug":"mel-rosmaninho-250g-amanhecer","status":"publish","type":"product","link":"https:\/\/www.ateti.pt\/loja\/produto\/mel-rosmaninho-250g-amanhecer\/","title":{"rendered":"Mel Rosmaninho 250g Amanhecer"},"content":{"rendered":"<p>Mel Rosmaninho Amanhecer<\/p>\n<p><strong>Quantidade: 250g<\/strong><\/p>\n<p>Origem: Portugal<\/p>\n<p>Conservar em local fresco e seco.<\/p>\n<p>Pela sua natureza o mel pode cristalizar com o frio. Se preferir l\u00edquido pode aquecer em banho-maria.<\/p>\n<p><strong>Valores nutricionais por 100g:\u00a0<\/strong> Energia: 1420kj\/334kcal; L\u00edpidos: 0g, dos quais saturados: 0g; Hidratos de carbono: 83g, dos quais a\u00e7\u00facares: 75g; Fibra:0g; Prote\u00ednas: 0.5g; Sal: 0.03g.<\/p>\n<p>Esta embalagem cont\u00e9m aproximadamente 16 por\u00e7\u00f5es de 15g.<\/p>\n<p>O mel n\u00e3o \u00e9 recomendado a crian\u00e7as com menos de 1 ano.<\/p>\n<p>&nbsp;<\/p>\n","protected":false},"excerpt":{"rendered":"<p>16.76\u20ac\/kg<\/p>\n","protected":false},"featured_media":76260,"comment_status":"closed","ping_status":"closed","template":"","meta":{"_themeisle_gutenberg_block_has_review":false},"product_brand":[],"product_cat":[225,132,145],"product_tag":[],"woo-feed-brand":[],"class_list":{"0":"post-76259","1":"product","2":"type-product","3":"status-publish","4":"has-post-thumbnail","6":"product_cat-compotas","7":"product_cat-mercearia","8":"product_cat-pequeno-almoco-e-cereais","9":"ts_product_brand-amanhecer","11":"first","12":"instock","13":"taxable","14":"shipping-taxable","15":"purchasable","16":"product-type-simple"},"_links":{"self":[{"href":"https:\/\/www.ateti.pt\/loja\/wp-json\/wp\/v2\/product\/76259","targetHints":{"allow":["GET"]}}],"collection":[{"href":"https:\/\/www.ateti.pt\/loja\/wp-json\/wp\/v2\/product"}],"about":[{"href":"https:\/\/www.ateti.pt\/loja\/wp-json\/wp\/v2\/types\/product"}],"replies":[{"embeddable":true,"href":"https:\/\/www.ateti.pt\/loja\/wp-json\/wp\/v2\/comments?post=76259"}],"wp:featuredmedia":[{"embeddable":true,"href":"https:\/\/www.ateti.pt\/loja\/wp-json\/wp\/v2\/media\/76260"}],"wp:attachment":[{"href":"https:\/\/www.ateti.pt\/loja\/wp-json\/wp\/v2\/media?parent=76259"}],"wp:term":[{"taxonomy":"product_brand","embeddable":true,"href":"https:\/\/www.ateti.pt\/loja\/wp-json\/wp\/v2\/product_brand?post=76259"},{"taxonomy":"product_cat","embeddable":true,"href":"https:\/\/www.ateti.pt\/loja\/wp-json\/wp\/v2\/product_cat?post=76259"},{"taxonomy":"product_tag","embeddable":true,"href":"https:\/\/www.ateti.pt\/loja\/wp-json\/wp\/v2\/product_tag?post=76259"},{"taxonomy":"woo-feed-brand","embeddable":true,"href":"https:\/\/www.ateti.pt\/loja\/wp-json\/wp\/v2\/woo-feed-brand?post=76259"}],"curies":[{"name":"wp","href":"https:\/\/api.w.org\/{rel}","templated":true}]}}