{"id":71654,"date":"2025-01-14T11:54:05","date_gmt":"2025-01-14T11:54:05","guid":{"rendered":"https:\/\/www.ateti.pt\/loja\/?post_type=product&#038;p=71654"},"modified":"2025-08-01T11:52:32","modified_gmt":"2025-08-01T10:52:32","slug":"cafe-em-grao-bocage-5x1kg-nicola","status":"publish","type":"product","link":"https:\/\/www.ateti.pt\/loja\/produto\/cafe-em-grao-bocage-5x1kg-nicola\/","title":{"rendered":"Caf\u00e9 em Gr\u00e3o Bocage 5x1Kg Nicola"},"content":{"rendered":"<h5>Caf\u00e9 Nicola Bocage em Gr\u00e3o<\/h5>\n<p>Quantidade: 5 Kg<\/p>\n<p><strong>Descri\u00e7\u00e3o:\u00a0<\/strong>Blend de torra m\u00e9dia, de encontros com a intensidade e corpo dos caf\u00e9s Robusta, combinado com a riqueza de aromas dos Ar\u00e1bicas da Am\u00e9rica Central e Sul.<\/p>\n<p><strong>Intensidade:<\/strong>\u00a07<\/p>\n<p>Conservar em local fresco e seco.<\/p>\n<p>Veja mais em<a href=\"https:\/\/www.ateti.pt\/loja\/categoria\/cafe-moido-em-grao-e-soluvel\/\"> Caf\u00e9 mo\u00eddo, em gr\u00e3o e sol\u00favel<\/a><\/p>\n","protected":false},"excerpt":{"rendered":"<p>14.49\u20ac\/kg<\/p>\n","protected":false},"featured_media":71669,"comment_status":"closed","ping_status":"closed","template":"","meta":{"_themeisle_gutenberg_block_has_review":false},"product_brand":[],"product_cat":[250,692,170,695,24,132],"product_tag":[],"woo-feed-brand":[],"class_list":{"0":"post-71654","1":"product","2":"type-product","3":"status-publish","4":"has-post-thumbnail","6":"product_cat-ate-ti-negocios","7":"product_cat-cafe","8":"product_cat-cafe-em-grao","9":"product_cat-cafe-grao","10":"product_cat-cafe-moido-em-grao-e-soluvel","11":"product_cat-mercearia","13":"first","14":"instock","15":"sale","16":"taxable","17":"shipping-taxable","18":"purchasable","19":"product-type-simple"},"_links":{"self":[{"href":"https:\/\/www.ateti.pt\/loja\/wp-json\/wp\/v2\/product\/71654","targetHints":{"allow":["GET"]}}],"collection":[{"href":"https:\/\/www.ateti.pt\/loja\/wp-json\/wp\/v2\/product"}],"about":[{"href":"https:\/\/www.ateti.pt\/loja\/wp-json\/wp\/v2\/types\/product"}],"replies":[{"embeddable":true,"href":"https:\/\/www.ateti.pt\/loja\/wp-json\/wp\/v2\/comments?post=71654"}],"wp:featuredmedia":[{"embeddable":true,"href":"https:\/\/www.ateti.pt\/loja\/wp-json\/wp\/v2\/media\/71669"}],"wp:attachment":[{"href":"https:\/\/www.ateti.pt\/loja\/wp-json\/wp\/v2\/media?parent=71654"}],"wp:term":[{"taxonomy":"product_brand","embeddable":true,"href":"https:\/\/www.ateti.pt\/loja\/wp-json\/wp\/v2\/product_brand?post=71654"},{"taxonomy":"product_cat","embeddable":true,"href":"https:\/\/www.ateti.pt\/loja\/wp-json\/wp\/v2\/product_cat?post=71654"},{"taxonomy":"product_tag","embeddable":true,"href":"https:\/\/www.ateti.pt\/loja\/wp-json\/wp\/v2\/product_tag?post=71654"},{"taxonomy":"woo-feed-brand","embeddable":true,"href":"https:\/\/www.ateti.pt\/loja\/wp-json\/wp\/v2\/woo-feed-brand?post=71654"}],"curies":[{"name":"wp","href":"https:\/\/api.w.org\/{rel}","templated":true}]}}

Café em Grão Bocage 5x1Kg Nicola

<h5>Café Nicola Bocage em Grão</h5>
<p>Quantidade: 5 Kg</p>
<p><strong>Descrição: </strong>Blend de torra média, de encontros com a intensidade e corpo dos cafés Robusta, combinado com a riqueza de aromas dos Arábicas da América Central e Sul.</p>
<p><strong>Intensidade:</strong> 7</p>
<p>Conservar em local fresco e seco.</p>
<p>Veja mais em<a href="https://www.ateti.pt/loja/categoria/cafe-moido-em-grao-e-soluvel/"> Café moído, em grão e solúvel</a></p>
