{"id":71651,"date":"2025-01-14T11:47:17","date_gmt":"2025-01-14T11:47:17","guid":{"rendered":"https:\/\/www.ateti.pt\/loja\/?post_type=product&#038;p=71651"},"modified":"2026-02-26T12:35:15","modified_gmt":"2026-02-26T12:35:15","slug":"cafe-em-grao-napoli-5x1kg-bonini","status":"publish","type":"product","link":"https:\/\/www.ateti.pt\/loja\/produto\/cafe-em-grao-napoli-5x1kg-bonini\/","title":{"rendered":"Caf\u00e9 em Gr\u00e3o Napoli 5x1Kg Bonini"},"content":{"rendered":"<h5>Napoli Caff\u00e8 Bonini<\/h5>\n<p>Quantidade: 5 kg<\/p>\n<div class=\"row\">\n<div class=\"col-xs-6 pull-left\">\n<div class=\"panel panel-default\">\n<p><strong>Conserva\u00e7\u00e3o:\u00a0<\/strong>Armazenar em local seco \u00e0 temperatura ambiente.<\/p>\n<div class=\"row\">\n<div class=\"col-xs-6 pull-left\">\n<div class=\"panel panel-default\">\n<div class=\"panel-heading\">Veja mais em <a href=\"https:\/\/www.ateti.pt\/loja\/categoria\/cafe-moido-em-grao-e-soluvel\/\">Caf\u00e9 mo\u00eddo, em gr\u00e3o e sol\u00favel<\/a><\/div>\n<\/div>\n<\/div>\n<\/div>\n<\/div>\n<\/div>\n<\/div>\n","protected":false},"excerpt":{"rendered":"<p>12.95\u20ac\/kG<\/p>\n<h3>Descri\u00e7\u00e3o<\/h3>\n<p>O caf\u00e9 de N\u00e1poles \u00e9 um s\u00edmbolo do caf\u00e9 italiano e um embaixador do caf\u00e9 expresso no mundo.<\/p>\n","protected":false},"featured_media":71671,"comment_status":"closed","ping_status":"closed","template":"","meta":{"_themeisle_gutenberg_block_has_review":false},"product_brand":[],"product_cat":[250,692,170,695,24,132,787],"product_tag":[],"woo-feed-brand":[],"class_list":{"0":"post-71651","1":"product","2":"type-product","3":"status-publish","4":"has-post-thumbnail","6":"product_cat-ate-ti-negocios","7":"product_cat-cafe","8":"product_cat-cafe-em-grao","9":"product_cat-cafe-grao","10":"product_cat-cafe-moido-em-grao-e-soluvel","11":"product_cat-mercearia","12":"product_cat-promocao-bonini","14":"first","15":"instock","16":"sale","17":"taxable","18":"shipping-taxable","19":"purchasable","20":"product-type-simple"},"_links":{"self":[{"href":"https:\/\/www.ateti.pt\/loja\/wp-json\/wp\/v2\/product\/71651","targetHints":{"allow":["GET"]}}],"collection":[{"href":"https:\/\/www.ateti.pt\/loja\/wp-json\/wp\/v2\/product"}],"about":[{"href":"https:\/\/www.ateti.pt\/loja\/wp-json\/wp\/v2\/types\/product"}],"replies":[{"embeddable":true,"href":"https:\/\/www.ateti.pt\/loja\/wp-json\/wp\/v2\/comments?post=71651"}],"wp:featuredmedia":[{"embeddable":true,"href":"https:\/\/www.ateti.pt\/loja\/wp-json\/wp\/v2\/media\/71671"}],"wp:attachment":[{"href":"https:\/\/www.ateti.pt\/loja\/wp-json\/wp\/v2\/media?parent=71651"}],"wp:term":[{"taxonomy":"product_brand","embeddable":true,"href":"https:\/\/www.ateti.pt\/loja\/wp-json\/wp\/v2\/product_brand?post=71651"},{"taxonomy":"product_cat","embeddable":true,"href":"https:\/\/www.ateti.pt\/loja\/wp-json\/wp\/v2\/product_cat?post=71651"},{"taxonomy":"product_tag","embeddable":true,"href":"https:\/\/www.ateti.pt\/loja\/wp-json\/wp\/v2\/product_tag?post=71651"},{"taxonomy":"woo-feed-brand","embeddable":true,"href":"https:\/\/www.ateti.pt\/loja\/wp-json\/wp\/v2\/woo-feed-brand?post=71651"}],"curies":[{"name":"wp","href":"https:\/\/api.w.org\/{rel}","templated":true}]}}

Café em Grão Napoli 5x1Kg Bonini

<h5>Napoli Caffè Bonini</h5>
<p>Quantidade: 5 kg</p>
<div class="row">
<div class="col-xs-6 pull-left">
<div class="panel panel-default">
<p><strong>Conservação: </strong>Armazenar em local seco à temperatura ambiente.</p>
<div class="row">
<div class="col-xs-6 pull-left">
<div class="panel panel-default">
<div class="panel-heading">Veja mais em <a href="https://www.ateti.pt/loja/categoria/cafe-moido-em-grao-e-soluvel/">Café moído, em grão e solúvel</a></div>
</div>
</div>
</div>
</div>
</div>
</div>

<p>12.95€/kG</p>
<h3>Descrição</h3>
<p>O café de Nápoles é um símbolo do café italiano e um embaixador do café expresso no mundo.</p>
