{"id":70450,"date":"2025-02-26T11:48:23","date_gmt":"2025-02-26T11:48:23","guid":{"rendered":"https:\/\/www.ateti.pt\/loja\/?post_type=product&#038;p=70450"},"modified":"2025-02-27T12:49:29","modified_gmt":"2025-02-27T12:49:29","slug":"copinho-de-feijao-6un-rolo","status":"publish","type":"product","link":"https:\/\/www.ateti.pt\/loja\/produto\/copinho-de-feijao-6un-rolo\/","title":{"rendered":"Copinho de Feij\u00e3o 6un Rolo"},"content":{"rendered":"<p><strong>Copinho de Feij\u00e3o<\/strong><\/p>\n<p><strong>Quantidade:\u00a0<\/strong>216g<\/p>\n<p><strong>Ingredientes:\u00a0<\/strong>A\u00e7\u00facar, ovo l\u00edquido pasteurizado[ovo, conservante(E202), regulador de acidez(E330), \u00e1gua, coco, copos de bolacha[\u00e1gua, farinha de trigo, antioxidante(E300)), amido de milho, \u00f3leo de girassol, sal, emulsionante(lecitina de soja), fermento qu\u00edmico(E500(ii))], farinha de trigo[farinha de trigo, antioxidante(E300)], a\u00e7\u00facar em p\u00f3 com amido(milho), feij\u00e3o(0,5%), conservantes(E202, E200). Pode conter vest\u00edgios de frutos de casca rija, sementes de s\u00e9samo, leite e mostarda.<\/p>\n<p>Valores nutricionais por 100g: Energia: 348kcal\/1469kj\/ L\u00edpidos; 7,4g, dos quais saturados: 5,4g; Hidratos de Carbono: 64,7g, dos quais a\u00e7\u00facares: 52,5g; Fibra: 1,3g; Prote\u00ednas: 5,11g; Sal:0,18g.<\/p>\n<p>Modo de Conserva\u00e7\u00e3o: Conservar em local fresco e seco.<\/p>\n<p>&nbsp;<\/p>\n","protected":false},"excerpt":{"rendered":"<p>10.60\u20ac\/kg<\/p>\n","protected":false},"featured_media":70451,"comment_status":"closed","ping_status":"closed","template":"","meta":{"_themeisle_gutenberg_block_has_review":false},"product_brand":[],"product_cat":[134,144,132],"product_tag":[593],"woo-feed-brand":[],"class_list":{"0":"post-70450","1":"product","2":"type-product","3":"status-publish","4":"has-post-thumbnail","6":"product_cat-bolachas-biscoitos","7":"product_cat-chocolates-biscoitos-e-cereais","8":"product_cat-mercearia","9":"product_tag-novidades","10":"ts_product_brand-ate-ti","12":"first","13":"instock","14":"taxable","15":"shipping-taxable","16":"purchasable","17":"product-type-simple"},"_links":{"self":[{"href":"https:\/\/www.ateti.pt\/loja\/wp-json\/wp\/v2\/product\/70450","targetHints":{"allow":["GET"]}}],"collection":[{"href":"https:\/\/www.ateti.pt\/loja\/wp-json\/wp\/v2\/product"}],"about":[{"href":"https:\/\/www.ateti.pt\/loja\/wp-json\/wp\/v2\/types\/product"}],"replies":[{"embeddable":true,"href":"https:\/\/www.ateti.pt\/loja\/wp-json\/wp\/v2\/comments?post=70450"}],"wp:featuredmedia":[{"embeddable":true,"href":"https:\/\/www.ateti.pt\/loja\/wp-json\/wp\/v2\/media\/70451"}],"wp:attachment":[{"href":"https:\/\/www.ateti.pt\/loja\/wp-json\/wp\/v2\/media?parent=70450"}],"wp:term":[{"taxonomy":"product_brand","embeddable":true,"href":"https:\/\/www.ateti.pt\/loja\/wp-json\/wp\/v2\/product_brand?post=70450"},{"taxonomy":"product_cat","embeddable":true,"href":"https:\/\/www.ateti.pt\/loja\/wp-json\/wp\/v2\/product_cat?post=70450"},{"taxonomy":"product_tag","embeddable":true,"href":"https:\/\/www.ateti.pt\/loja\/wp-json\/wp\/v2\/product_tag?post=70450"},{"taxonomy":"woo-feed-brand","embeddable":true,"href":"https:\/\/www.ateti.pt\/loja\/wp-json\/wp\/v2\/woo-feed-brand?post=70450"}],"curies":[{"name":"wp","href":"https:\/\/api.w.org\/{rel}","templated":true}]}}