{"id":68854,"date":"2024-12-19T17:01:52","date_gmt":"2024-12-19T17:01:52","guid":{"rendered":"https:\/\/www.ateti.pt\/loja\/?post_type=product&#038;p=68854"},"modified":"2025-05-12T12:31:08","modified_gmt":"2025-05-12T11:31:08","slug":"ambientador-em-spray-tropical-300ml-ultra","status":"publish","type":"product","link":"https:\/\/www.ateti.pt\/loja\/produto\/ambientador-em-spray-tropical-300ml-ultra\/","title":{"rendered":"Ambientador em Spray Tropical 300ml Ultra"},"content":{"rendered":"<p><strong>Ambientador em Spray Tropical Ultra<\/strong><\/p>\n<p><strong>Quantidade:<\/strong> 300ml<\/p>\n<p>O ambientador Ultra perfuma instantaneamente a sua casa, eliminando os maus odores com uma agrad\u00e1vel fragr\u00e2ncia.<\/p>\n<p><strong>Modo de emprego:\u00a0<\/strong>Agitar bem antes de usar. Para uma correta aplica\u00e7\u00e3o, pulverizar em todas as direc\u00e7\u00f5es , sempre com a embalagem na vertical. Utilizar apenas como indicado. N\u00e3o pulverizar para os olhos, pele, alimentos, tecidos ou m\u00f3veis. N\u00e3o utilizar o produto como perfume corporal. Pessoas com sensibilidade ao perfume devem tomar as devidas precau\u00e7\u00f5es ao utilizarem este produto. A utiliza\u00e7\u00e3o do ambientador n\u00e3o dispensa o cumprimento de boas pr\u00e1ticas de higiene.<\/p>\n<p><strong>Ingredientes:\u00a0<\/strong>Igual ou superior a 15%, mas inferior a 30%: Hidrocarbonetos alif\u00e1ticos. Perfumes.<\/p>\n<p>Aerossol extremamente inflam\u00e1vel . Recipiente sob press\u00e3o: risco de explos\u00e3o sob a a\u00e7\u00e3o de calor. Manter fora do alcance das crian\u00e7as. Manter afastado do calor, superf\u00edcies quentes, fa\u00edsca, chama aberta e outras fontes de igni\u00e7\u00e3o. N\u00e3o pulverizar sobre chama aberta ou outra fonte de igni\u00e7\u00e3o. Recipiente sob press\u00e3o: n\u00e3o furar nem queimar, mesmo ap\u00f3s utiliza\u00e7\u00e3o.<\/p>\n","protected":false},"excerpt":{"rendered":"<p>5,97\u20ac\/L<\/p>\n","protected":false},"featured_media":68856,"comment_status":"closed","ping_status":"closed","template":"","meta":{"_themeisle_gutenberg_block_has_review":false},"product_brand":[],"product_cat":[237,706],"product_tag":[],"woo-feed-brand":[],"class_list":{"0":"post-68854","1":"product","2":"type-product","3":"status-publish","4":"has-post-thumbnail","6":"product_cat-casa-jardim","7":"product_cat-utilitarios-de-casa","8":"ts_product_brand-ultra-pro","10":"first","11":"instock","12":"taxable","13":"shipping-taxable","14":"purchasable","15":"product-type-simple"},"_links":{"self":[{"href":"https:\/\/www.ateti.pt\/loja\/wp-json\/wp\/v2\/product\/68854","targetHints":{"allow":["GET"]}}],"collection":[{"href":"https:\/\/www.ateti.pt\/loja\/wp-json\/wp\/v2\/product"}],"about":[{"href":"https:\/\/www.ateti.pt\/loja\/wp-json\/wp\/v2\/types\/product"}],"replies":[{"embeddable":true,"href":"https:\/\/www.ateti.pt\/loja\/wp-json\/wp\/v2\/comments?post=68854"}],"wp:featuredmedia":[{"embeddable":true,"href":"https:\/\/www.ateti.pt\/loja\/wp-json\/wp\/v2\/media\/68856"}],"wp:attachment":[{"href":"https:\/\/www.ateti.pt\/loja\/wp-json\/wp\/v2\/media?parent=68854"}],"wp:term":[{"taxonomy":"product_brand","embeddable":true,"href":"https:\/\/www.ateti.pt\/loja\/wp-json\/wp\/v2\/product_brand?post=68854"},{"taxonomy":"product_cat","embeddable":true,"href":"https:\/\/www.ateti.pt\/loja\/wp-json\/wp\/v2\/product_cat?post=68854"},{"taxonomy":"product_tag","embeddable":true,"href":"https:\/\/www.ateti.pt\/loja\/wp-json\/wp\/v2\/product_tag?post=68854"},{"taxonomy":"woo-feed-brand","embeddable":true,"href":"https:\/\/www.ateti.pt\/loja\/wp-json\/wp\/v2\/woo-feed-brand?post=68854"}],"curies":[{"name":"wp","href":"https:\/\/api.w.org\/{rel}","templated":true}]}}