{"id":68025,"date":"2024-11-15T12:35:33","date_gmt":"2024-11-15T12:35:33","guid":{"rendered":"https:\/\/www.ateti.pt\/loja\/?post_type=product&#038;p=68025"},"modified":"2025-01-07T15:19:02","modified_gmt":"2025-01-07T15:19:02","slug":"batata-frita-lisa-170g-amanhecer","status":"publish","type":"product","link":"https:\/\/www.ateti.pt\/loja\/produto\/batata-frita-lisa-170g-amanhecer\/","title":{"rendered":"Batata Frita Lisa 170g Amanhecer"},"content":{"rendered":"<p>Batata Frita Lisa Amanhecer<\/p>\n<p><strong>Quantidade:\u00a0<\/strong>170g<\/p>\n<p><strong>Ingredientes:\u00a0<\/strong>Batatas (65.1%), \u00f3leo de girassol\u00a0 com alto teor em \u00e1cido oleico(34%), sal(0.9%).<\/p>\n<p>Pode conter vest\u00edgios de cereais com gl\u00faten, leite(incluido lactose), soja e mostarda.<\/p>\n<p><strong>Valores nutricionais por 100g:\u00a0<\/strong> Energia: 2260kj\/542kcal; L\u00edpidos: 34g, dos quais saturados: 3,4g; Hidratos de Carbono: 50g, dos quais a\u00e7\u00facares: 0.7g; Fibra: 4.7g; Prote\u00ednas: 6.7g; Sal: 0.90g.<\/p>\n<p>Conservar em local fresco.<\/p>\n","protected":false},"excerpt":{"rendered":"<p>8.76\u20ac\/kg<\/p>\n","protected":false},"featured_media":68026,"comment_status":"closed","ping_status":"closed","template":"","meta":{"_themeisle_gutenberg_block_has_review":false},"product_brand":[],"product_cat":[206,132],"product_tag":[],"woo-feed-brand":[],"class_list":{"0":"post-68025","1":"product","2":"type-product","3":"status-publish","4":"has-post-thumbnail","6":"product_cat-aperitivos","7":"product_cat-mercearia","8":"ts_product_brand-amanhecer","10":"first","11":"instock","12":"taxable","13":"shipping-taxable","14":"purchasable","15":"product-type-simple"},"_links":{"self":[{"href":"https:\/\/www.ateti.pt\/loja\/wp-json\/wp\/v2\/product\/68025","targetHints":{"allow":["GET"]}}],"collection":[{"href":"https:\/\/www.ateti.pt\/loja\/wp-json\/wp\/v2\/product"}],"about":[{"href":"https:\/\/www.ateti.pt\/loja\/wp-json\/wp\/v2\/types\/product"}],"replies":[{"embeddable":true,"href":"https:\/\/www.ateti.pt\/loja\/wp-json\/wp\/v2\/comments?post=68025"}],"wp:featuredmedia":[{"embeddable":true,"href":"https:\/\/www.ateti.pt\/loja\/wp-json\/wp\/v2\/media\/68026"}],"wp:attachment":[{"href":"https:\/\/www.ateti.pt\/loja\/wp-json\/wp\/v2\/media?parent=68025"}],"wp:term":[{"taxonomy":"product_brand","embeddable":true,"href":"https:\/\/www.ateti.pt\/loja\/wp-json\/wp\/v2\/product_brand?post=68025"},{"taxonomy":"product_cat","embeddable":true,"href":"https:\/\/www.ateti.pt\/loja\/wp-json\/wp\/v2\/product_cat?post=68025"},{"taxonomy":"product_tag","embeddable":true,"href":"https:\/\/www.ateti.pt\/loja\/wp-json\/wp\/v2\/product_tag?post=68025"},{"taxonomy":"woo-feed-brand","embeddable":true,"href":"https:\/\/www.ateti.pt\/loja\/wp-json\/wp\/v2\/woo-feed-brand?post=68025"}],"curies":[{"name":"wp","href":"https:\/\/api.w.org\/{rel}","templated":true}]}}