{"id":63461,"date":"2024-04-24T15:44:04","date_gmt":"2024-04-24T15:44:04","guid":{"rendered":"https:\/\/www.ateti.pt\/loja\/?post_type=product&#038;p=63461"},"modified":"2025-07-23T18:07:16","modified_gmt":"2025-07-23T17:07:16","slug":"agua-solar-bifasica-200ml-be-beauty","status":"publish","type":"product","link":"https:\/\/www.ateti.pt\/loja\/produto\/agua-solar-bifasica-200ml-be-beauty\/","title":{"rendered":"\u00c1gua Solar Bif\u00e1sica 200ml Be Beauty"},"content":{"rendered":"<p><strong>\u00c1gua Solar Be Beauty<\/strong><\/p>\n<p><strong>Quantidade:\u00a0<\/strong>200ml<\/p>\n<p>Acelerador do Bronzeado<\/p>\n<p><strong>Fator 30+<\/strong><\/p>\n<p><strong>\u00c1gua Solar Be Beauty <\/strong><strong>\u00a0<\/strong>especialmente formulada para a prote\u00e7\u00e3o solar, gra\u00e7as aos seus filtros foto-est\u00e1veis. Cont\u00e9m extrato da microalga, que ajuda a promover a acelera\u00e7\u00e3o do bronzeado. Cont\u00e9m Vitamina E, com propriedades antioxidantes.<\/p>\n<p>Textura aquosa e de f\u00e1cil absor\u00e7\u00e3o.<\/p>\n<p>Solu\u00e7\u00e3o refrescante.<\/p>\n<p>Protege contra a radia\u00e7\u00e3o UVA\/UVB.<\/p>\n<p>Resistente \u00e0 \u00e1gua.<\/p>\n<p>Testado dermatologicamente.<\/p>\n<p><strong>Modo utiliza\u00e7\u00e3o: <\/strong>Agitar antes de usar. Aplique generosamente e espalhe de forma uniforme e homog\u00e9nea sobre a pele. \u00c9 aconselh\u00e1vel aplicar o produto 20a 30 minutos antes de cada exposi\u00e7\u00e3o ao sol. Repita conforme desejado, de prefer\u00eancia a cada 2 horas ou ap\u00f3s o banho. Proteja-se da radia\u00e7\u00e3o, mesmo quando est\u00e1 nublado ou na sombra.<\/p>\n<p><strong>Precau\u00e7\u00f5es de utiliza\u00e7\u00e3o:\u00a0<\/strong>Uso externo. Manter fora do alcance das crian\u00e7as. N\u00e3o ingerir. Evitar o contacto com os olhos. Em caso de contacto com os olhos enxaguar abundantemente com \u00e1gua. Em caso de queimaduras solares graves, consulte o seu m\u00e9dico. Utilizar um \u00edndice de prote\u00e7\u00e3o adequado ao seu tipo de pele. N\u00e3o expor ao sol crian\u00e7as com menos de 3 anos de idade. Evitar a exposi\u00e7\u00e3o solar entre as 12:00h e as 16:00h, horas de m\u00e1xima radia\u00e7\u00e3o. A exposi\u00e7\u00e3o excessiva ao sol \u00e9 perigosa para a sa\u00fade. O uso de chap\u00e9u, \u00f3culos\u00a0 de sol e roupa adequada est\u00e1 fortemente recomendado durante a exposi\u00e7\u00e3o solar. Evite o contacto com tecidos, pode causar manchas. Uma redu\u00e7\u00e3o na quantidade de protetor aplicada diminui o n\u00edvel de prote\u00e7\u00e3o solar.<\/p>\n","protected":false},"excerpt":{"rendered":"<p>30.95\u20ac\/lt<\/p>\n","protected":false},"featured_media":63462,"comment_status":"closed","ping_status":"closed","template":"","meta":{"_themeisle_gutenberg_block_has_review":false},"product_brand":[],"product_cat":[203,212,800,726],"product_tag":[593],"woo-feed-brand":[],"class_list":{"0":"post-63461","1":"product","2":"type-product","3":"status-publish","4":"has-post-thumbnail","6":"product_cat-beleza-e-higiene","7":"product_cat-corpo","8":"product_cat-protecao-solar-e-bronzeadores","9":"product_cat-verao","10":"product_tag-novidades","11":"ts_product_brand-be-beauty","13":"first","14":"instock","15":"taxable","16":"shipping-taxable","17":"purchasable","18":"product-type-simple"},"_links":{"self":[{"href":"https:\/\/www.ateti.pt\/loja\/wp-json\/wp\/v2\/product\/63461","targetHints":{"allow":["GET"]}}],"collection":[{"href":"https:\/\/www.ateti.pt\/loja\/wp-json\/wp\/v2\/product"}],"about":[{"href":"https:\/\/www.ateti.pt\/loja\/wp-json\/wp\/v2\/types\/product"}],"replies":[{"embeddable":true,"href":"https:\/\/www.ateti.pt\/loja\/wp-json\/wp\/v2\/comments?post=63461"}],"wp:featuredmedia":[{"embeddable":true,"href":"https:\/\/www.ateti.pt\/loja\/wp-json\/wp\/v2\/media\/63462"}],"wp:attachment":[{"href":"https:\/\/www.ateti.pt\/loja\/wp-json\/wp\/v2\/media?parent=63461"}],"wp:term":[{"taxonomy":"product_brand","embeddable":true,"href":"https:\/\/www.ateti.pt\/loja\/wp-json\/wp\/v2\/product_brand?post=63461"},{"taxonomy":"product_cat","embeddable":true,"href":"https:\/\/www.ateti.pt\/loja\/wp-json\/wp\/v2\/product_cat?post=63461"},{"taxonomy":"product_tag","embeddable":true,"href":"https:\/\/www.ateti.pt\/loja\/wp-json\/wp\/v2\/product_tag?post=63461"},{"taxonomy":"woo-feed-brand","embeddable":true,"href":"https:\/\/www.ateti.pt\/loja\/wp-json\/wp\/v2\/woo-feed-brand?post=63461"}],"curies":[{"name":"wp","href":"https:\/\/api.w.org\/{rel}","templated":true}]}}