{"id":62244,"date":"2024-02-28T16:25:57","date_gmt":"2024-02-28T16:25:57","guid":{"rendered":"https:\/\/www.ateti.pt\/loja\/?post_type=product&#038;p=62244"},"modified":"2024-02-28T16:25:58","modified_gmt":"2024-02-28T16:25:58","slug":"chispalhada-420g-a-mesa-de-portugal","status":"publish","type":"product","link":"https:\/\/www.ateti.pt\/loja\/produto\/chispalhada-420g-a-mesa-de-portugal\/","title":{"rendered":"Chispalhada 420g \u00c0 Mesa de Portugal"},"content":{"rendered":"<p><strong>Chispalhada \u00c0 Mesa de Portugal<\/strong><\/p>\n<p><strong>Quantidade:\u00a0<\/strong>420g<\/p>\n<p><strong>Ingredientes: <\/strong>\u00c0gua, feij\u00e3o branco(34,29%), chispe de su\u00edno(9,64%), cabe\u00e7a de su\u00edno (9,64%), chouri\u00e7o de carne(2,38%), carne, gordura e couratos de su\u00edno, massa de piment\u00e3o(pimento e sal), prote\u00edna de soja, sal, especiarias, a\u00e7\u00facar, emulsionantes[E450], antioxidantes [E316] e conservantes[E250], chouri\u00e7o moura[2.,38%] [carne, gordura, couratos e sangue su\u00edno, prote\u00edna de soja, massa de piment\u00e3o [pimento e sal], sal, especiarias, emulsionante[E450] e conservantes[E250], cenoura(2,38%), concentrado de tomate, sal, amido de milho, banha de su\u00edno, cebola, alho e especiarias.<\/p>\n<p>Pode conter vest\u00edgios de gl\u00faten e sulfitos.<\/p>\n<p><strong>Condi\u00e7\u00f5es de conserv\u00e7\u00e3o:\u00a0<\/strong><\/p>\n<p>Conservar em local fresco e seco. Ap\u00f3s abertura, n\u00e3o manter o produto no interior da lata, conservando-o num recipiente n\u00e3o met\u00e1lico no frio.<\/p>\n<p><strong>Condi\u00e7\u00f5es de Prepara\u00e7\u00e3o:\u00a0<\/strong><\/p>\n<ul>\n<li>Fog\u00e3o: Deite o conte\u00fado da sua &#8220;refei\u00e7\u00e3o pronta&#8221; num recipiente, aque\u00e7a em lume brandoat\u00e9 a temperatura desejada.<\/li>\n<li>Banho-Maria: Abrir a lata e colocar em banho-maria durante 29 minutos.<\/li>\n<li>Micro-ondas: Colocar o conte\u00fado num recipiente adequado, tapar e aquecer durante 2 ou 3 minutos, dependendo da pot\u00eancia do aparelho.<\/li>\n<\/ul>\n<p><strong>Valores nutricionais por 100g de produto:\u00a0<\/strong>Energia: 458kj\/110kcal; L\u00edpidos: 501g, dos quais saturados: 2g; Hidratos de carbono: 6.4g, dos quais a\u00e7\u00facares: 0.9g; Fibra: 2.9g; Prote\u00ednas: 8.1g; Sal: 1.02g<\/p>\n<p>&nbsp;<\/p>\n","protected":false},"excerpt":{"rendered":"<p>7.12\u20ac\/kg<\/p>\n","protected":false},"featured_media":62245,"comment_status":"closed","ping_status":"closed","template":"","meta":{"_themeisle_gutenberg_block_has_review":false},"product_brand":[],"product_cat":[155,132],"product_tag":[],"woo-feed-brand":[],"class_list":{"0":"post-62244","1":"product","2":"type-product","3":"status-publish","4":"has-post-thumbnail","6":"product_cat-conservas","7":"product_cat-mercearia","8":"ts_product_brand-a-mesa-de-portugal","10":"first","11":"instock","12":"taxable","13":"shipping-taxable","14":"purchasable","15":"product-type-simple"},"_links":{"self":[{"href":"https:\/\/www.ateti.pt\/loja\/wp-json\/wp\/v2\/product\/62244","targetHints":{"allow":["GET"]}}],"collection":[{"href":"https:\/\/www.ateti.pt\/loja\/wp-json\/wp\/v2\/product"}],"about":[{"href":"https:\/\/www.ateti.pt\/loja\/wp-json\/wp\/v2\/types\/product"}],"replies":[{"embeddable":true,"href":"https:\/\/www.ateti.pt\/loja\/wp-json\/wp\/v2\/comments?post=62244"}],"wp:featuredmedia":[{"embeddable":true,"href":"https:\/\/www.ateti.pt\/loja\/wp-json\/wp\/v2\/media\/62245"}],"wp:attachment":[{"href":"https:\/\/www.ateti.pt\/loja\/wp-json\/wp\/v2\/media?parent=62244"}],"wp:term":[{"taxonomy":"product_brand","embeddable":true,"href":"https:\/\/www.ateti.pt\/loja\/wp-json\/wp\/v2\/product_brand?post=62244"},{"taxonomy":"product_cat","embeddable":true,"href":"https:\/\/www.ateti.pt\/loja\/wp-json\/wp\/v2\/product_cat?post=62244"},{"taxonomy":"product_tag","embeddable":true,"href":"https:\/\/www.ateti.pt\/loja\/wp-json\/wp\/v2\/product_tag?post=62244"},{"taxonomy":"woo-feed-brand","embeddable":true,"href":"https:\/\/www.ateti.pt\/loja\/wp-json\/wp\/v2\/woo-feed-brand?post=62244"}],"curies":[{"name":"wp","href":"https:\/\/api.w.org\/{rel}","templated":true}]}}