{"id":59944,"date":"2026-03-01T09:41:24","date_gmt":"2026-03-01T09:41:24","guid":{"rendered":"https:\/\/www.ateti.pt\/loja\/?post_type=product&#038;p=59944"},"modified":"2026-04-29T12:55:34","modified_gmt":"2026-04-29T11:55:34","slug":"bolachas-mini-marinhas-de-linhaca-50g-salutem","status":"publish","type":"product","link":"https:\/\/www.ateti.pt\/loja\/produto\/bolachas-mini-marinhas-de-linhaca-50g-salutem\/","title":{"rendered":"Bolachas Mini Marinhas de Linha\u00e7a 50g Salutem (29-05-2026)"},"content":{"rendered":"<p><strong>Bolachas Marinhas de Linha\u00e7a Salutem<\/strong><\/p>\n<p><strong>Quantidade:\u00a0<\/strong>50g<\/p>\n<p>Elaboradas exclusivamente com ingredientes naturais, as Bolachas Marinhas de Linha\u00e7a Salutem, s\u00e3o bolachas finas e crocantes, inspiradas no p\u00e3o dos antigos marinheiros, enriquecidas com sementes de linha\u00e7a. Fonte de fibra. Sem adi\u00e7\u00e3o de a\u00e7ucares. Cont\u00e9m a\u00e7\u00facares naturalmente presentes.<\/p>\n<p><strong>Ingredientes:\u00a0<\/strong>Farinha de trigo, azeite virgem extra (10%), sementes de linha\u00e7a (2.5%), sal e levedante (levedura).<\/p>\n<p>Cont\u00e9m Gl\u00faten. Pode conter vest\u00edgios de s\u00e9samo e frutos de casca rija.<\/p>\n<p><strong>Valores nutricionais por 100g de produto:\u00a0<\/strong> Energia: 1762kj\/418kcal; L\u00edpidos: 10.7g, dos quais saturados: 1.6g, dos quais monoinsaturados: 7.2g, dos quais polinsaturados: 1.9g; Hidratos de Carbono: 65.5g, dos quais a\u00e7\u00facares: 1.3g; Fibra: 4g; Prote\u00ednas: 13g; Sal: 1.1g.<\/p>\n<p>Veja mais em <a href=\"https:\/\/www.ateti.pt\/loja\/categoria\/bio-saudavel\/\">Bio &amp; Saud\u00e1vel<\/a><\/p>\n","protected":false},"excerpt":{"rendered":"<p>15.8\u20ac\/kg<\/p>\n","protected":false},"featured_media":60232,"comment_status":"closed","ping_status":"closed","template":"","meta":{"_themeisle_gutenberg_block_has_review":false},"product_brand":[],"product_cat":[207,134,144,132,223,265],"product_tag":[],"woo-feed-brand":[],"class_list":{"0":"post-59944","1":"product","2":"type-product","3":"status-publish","4":"has-post-thumbnail","6":"product_cat-bio-saudavel","7":"product_cat-bolachas-biscoitos","8":"product_cat-chocolates-biscoitos-e-cereais","9":"product_cat-mercearia","10":"product_cat-mercearia-saudavel","11":"product_cat-promocoes-outlet-ate-50-desconto-supermercado-online-ate-ti","12":"ts_product_brand-salutem","14":"first","15":"instock","16":"sale","17":"taxable","18":"shipping-taxable","19":"purchasable","20":"product-type-simple"},"_links":{"self":[{"href":"https:\/\/www.ateti.pt\/loja\/wp-json\/wp\/v2\/product\/59944","targetHints":{"allow":["GET"]}}],"collection":[{"href":"https:\/\/www.ateti.pt\/loja\/wp-json\/wp\/v2\/product"}],"about":[{"href":"https:\/\/www.ateti.pt\/loja\/wp-json\/wp\/v2\/types\/product"}],"replies":[{"embeddable":true,"href":"https:\/\/www.ateti.pt\/loja\/wp-json\/wp\/v2\/comments?post=59944"}],"wp:featuredmedia":[{"embeddable":true,"href":"https:\/\/www.ateti.pt\/loja\/wp-json\/wp\/v2\/media\/60232"}],"wp:attachment":[{"href":"https:\/\/www.ateti.pt\/loja\/wp-json\/wp\/v2\/media?parent=59944"}],"wp:term":[{"taxonomy":"product_brand","embeddable":true,"href":"https:\/\/www.ateti.pt\/loja\/wp-json\/wp\/v2\/product_brand?post=59944"},{"taxonomy":"product_cat","embeddable":true,"href":"https:\/\/www.ateti.pt\/loja\/wp-json\/wp\/v2\/product_cat?post=59944"},{"taxonomy":"product_tag","embeddable":true,"href":"https:\/\/www.ateti.pt\/loja\/wp-json\/wp\/v2\/product_tag?post=59944"},{"taxonomy":"woo-feed-brand","embeddable":true,"href":"https:\/\/www.ateti.pt\/loja\/wp-json\/wp\/v2\/woo-feed-brand?post=59944"}],"curies":[{"name":"wp","href":"https:\/\/api.w.org\/{rel}","templated":true}]}}