{"id":59510,"date":"2023-12-27T10:57:14","date_gmt":"2023-12-27T09:57:14","guid":{"rendered":"https:\/\/www.ateti.pt\/loja\/?post_type=product&#038;p=59510"},"modified":"2025-03-04T11:10:29","modified_gmt":"2025-03-04T11:10:29","slug":"whisky-70cl-cutty-sark","status":"publish","type":"product","link":"https:\/\/www.ateti.pt\/loja\/produto\/whisky-70cl-cutty-sark\/","title":{"rendered":"Whisky 70cl Cutty Sark"},"content":{"rendered":"<p><strong>Whisky Cutty Sark<\/strong><\/p>\n<p><strong>Quantidade:\u00a0<\/strong>70cl<\/p>\n<p><strong>Curiosidade:\u00a0<\/strong><\/p>\n<p>Tudo come\u00e7ou em 1923 quando Francis Berry e Hugh Rudd, um de seus s\u00f3cios na empresa Berry Bros. &amp; Rudd, fundada em 1698, decidiram produzir um u\u00edsque \u201cmelhor do que qualquer um que se pudesse comprar no mercado\u201d. Um estilo original de whisky desenvolvido especificamente para mercados internacionais e produzido com os melhores maltes e whiskies de gr\u00e3o da regi\u00e3o escocesa de Speyside.<\/p>\n<p>Tradicionalmente, os whiskies da \u00e9poca eram escuros, mas Cutty Sark era revolucion\u00e1rio dado a sua cor naturalmente clara. Foi um artista escoc\u00eas, chamado James McBey, que sugeriu para o novo whisky o nome de \u201cCutty Sark\u201d, assim como o mais r\u00e1pido e famoso veleiro escoc\u00eas que transportava ch\u00e1, lan\u00e7ado ao mar em Dumbarton no dia 22 de novembro de 1869.<\/p>\n<p>&nbsp;<\/p>\n","protected":false},"excerpt":{"rendered":"<p>24.27\u20ac\/lt<\/p>\n","protected":false},"featured_media":60247,"comment_status":"closed","ping_status":"closed","template":"","meta":{"_themeisle_gutenberg_block_has_review":false},"product_brand":[],"product_cat":[158,173,627],"product_tag":[],"woo-feed-brand":[],"class_list":{"0":"post-59510","1":"product","2":"type-product","3":"status-publish","4":"has-post-thumbnail","6":"product_cat-bebidas","7":"product_cat-garrafeira","8":"product_cat-licores-espirituosas","10":"first","11":"instock","12":"taxable","13":"shipping-taxable","14":"purchasable","15":"product-type-simple"},"_links":{"self":[{"href":"https:\/\/www.ateti.pt\/loja\/wp-json\/wp\/v2\/product\/59510","targetHints":{"allow":["GET"]}}],"collection":[{"href":"https:\/\/www.ateti.pt\/loja\/wp-json\/wp\/v2\/product"}],"about":[{"href":"https:\/\/www.ateti.pt\/loja\/wp-json\/wp\/v2\/types\/product"}],"replies":[{"embeddable":true,"href":"https:\/\/www.ateti.pt\/loja\/wp-json\/wp\/v2\/comments?post=59510"}],"wp:featuredmedia":[{"embeddable":true,"href":"https:\/\/www.ateti.pt\/loja\/wp-json\/wp\/v2\/media\/60247"}],"wp:attachment":[{"href":"https:\/\/www.ateti.pt\/loja\/wp-json\/wp\/v2\/media?parent=59510"}],"wp:term":[{"taxonomy":"product_brand","embeddable":true,"href":"https:\/\/www.ateti.pt\/loja\/wp-json\/wp\/v2\/product_brand?post=59510"},{"taxonomy":"product_cat","embeddable":true,"href":"https:\/\/www.ateti.pt\/loja\/wp-json\/wp\/v2\/product_cat?post=59510"},{"taxonomy":"product_tag","embeddable":true,"href":"https:\/\/www.ateti.pt\/loja\/wp-json\/wp\/v2\/product_tag?post=59510"},{"taxonomy":"woo-feed-brand","embeddable":true,"href":"https:\/\/www.ateti.pt\/loja\/wp-json\/wp\/v2\/woo-feed-brand?post=59510"}],"curies":[{"name":"wp","href":"https:\/\/api.w.org\/{rel}","templated":true}]}}