{"id":58636,"date":"2024-12-12T16:15:19","date_gmt":"2024-12-12T16:15:19","guid":{"rendered":"https:\/\/www.ateti.pt\/loja\/?post_type=product&#038;p=58636"},"modified":"2026-02-10T08:54:58","modified_gmt":"2026-02-10T08:54:58","slug":"bolacha-poker-com-recheio-avela-pack4x45g-lago","status":"publish","type":"product","link":"https:\/\/www.ateti.pt\/loja\/produto\/bolacha-poker-com-recheio-avela-pack4x45g-lago\/","title":{"rendered":"Bolacha Poker com Recheio Avel\u00e3 Pack4x45g Lago"},"content":{"rendered":"<p><strong>Bolacha Poker Avel\u00e3 Lago<\/strong><\/p>\n<p><strong>Quantidade:\u00a0<\/strong>180g(4x45g)<\/p>\n<div id=\"headerTitle\" class=\"overflow-hidden my-auto\">\n<p class=\"mb-0 transition text-truncate\"><strong>Bolacha Poker<\/strong><strong> Avel\u00e3 Lago- Ingredientes:\u00a0<\/strong>farinha de trigo, a\u00e7\u00facar, \u00f3leo de coco, lactossoro em p\u00f3, cacau magro em pasta de avel\u00e3s (6% no creme), emulsionantes: lecitina de soja, sal, levedantes: hidrogenocarbonato de s\u00f3dio, extrato de baunilha. Pode conter vest\u00edgios de amendoins, ovos e mostarda. Conservar em local fresco e seco.<\/p>\n<p><strong>Valores nutricionais por 100g de produto:\u00a0<\/strong>Energia: 2163kj\/517kcal; L\u00edpidos: 26.3g, dos quais saturados: 23.8g; Hidratos de carbono: 62.6g, dos quais a\u00e7\u00facares: 37.8g; Prote\u00edna: 6g; Sal: 0.36g<\/p>\n<\/div>\n","protected":false},"excerpt":{"rendered":"<p>0.35\u20ac\/un<\/p>\n","protected":false},"featured_media":78788,"comment_status":"closed","ping_status":"closed","template":"","meta":{"_themeisle_gutenberg_block_has_review":false},"product_brand":[],"product_cat":[134,144,132],"product_tag":[],"woo-feed-brand":[],"class_list":{"0":"post-58636","1":"product","2":"type-product","3":"status-publish","4":"has-post-thumbnail","6":"product_cat-bolachas-biscoitos","7":"product_cat-chocolates-biscoitos-e-cereais","8":"product_cat-mercearia","9":"ts_product_brand-lago","11":"first","12":"instock","13":"taxable","14":"shipping-taxable","15":"purchasable","16":"product-type-simple"},"_links":{"self":[{"href":"https:\/\/www.ateti.pt\/loja\/wp-json\/wp\/v2\/product\/58636","targetHints":{"allow":["GET"]}}],"collection":[{"href":"https:\/\/www.ateti.pt\/loja\/wp-json\/wp\/v2\/product"}],"about":[{"href":"https:\/\/www.ateti.pt\/loja\/wp-json\/wp\/v2\/types\/product"}],"replies":[{"embeddable":true,"href":"https:\/\/www.ateti.pt\/loja\/wp-json\/wp\/v2\/comments?post=58636"}],"wp:featuredmedia":[{"embeddable":true,"href":"https:\/\/www.ateti.pt\/loja\/wp-json\/wp\/v2\/media\/78788"}],"wp:attachment":[{"href":"https:\/\/www.ateti.pt\/loja\/wp-json\/wp\/v2\/media?parent=58636"}],"wp:term":[{"taxonomy":"product_brand","embeddable":true,"href":"https:\/\/www.ateti.pt\/loja\/wp-json\/wp\/v2\/product_brand?post=58636"},{"taxonomy":"product_cat","embeddable":true,"href":"https:\/\/www.ateti.pt\/loja\/wp-json\/wp\/v2\/product_cat?post=58636"},{"taxonomy":"product_tag","embeddable":true,"href":"https:\/\/www.ateti.pt\/loja\/wp-json\/wp\/v2\/product_tag?post=58636"},{"taxonomy":"woo-feed-brand","embeddable":true,"href":"https:\/\/www.ateti.pt\/loja\/wp-json\/wp\/v2\/woo-feed-brand?post=58636"}],"curies":[{"name":"wp","href":"https:\/\/api.w.org\/{rel}","templated":true}]}}