{"id":57696,"date":"2023-10-18T17:47:25","date_gmt":"2023-10-18T16:47:25","guid":{"rendered":"https:\/\/www.ateti.pt\/loja\/?post_type=product&#038;p=57696"},"modified":"2024-03-01T12:14:51","modified_gmt":"2024-03-01T12:14:51","slug":"esfregao-fibra-verde-3un-amanhecer","status":"publish","type":"product","link":"https:\/\/www.ateti.pt\/loja\/produto\/esfregao-fibra-verde-3un-amanhecer\/","title":{"rendered":"Esfreg\u00e3o Fibra Verde 3un Amanhecer"},"content":{"rendered":"<p><strong>Esfreg\u00e3o Fibra Verde Amanhecer<\/strong><\/p>\n<p><strong>Quantidade:\u00a0<\/strong>3un<\/p>\n<p>Maior resist\u00eancia<\/p>\n<p>Limpa mais e melhor<\/p>\n<p><strong>Aplica\u00e7\u00f5es:<\/strong> Produto composto por uma camada abrasiva , recomendado para a lavagem e remo\u00e7\u00e3o de sujidade em tachos, panelas, tabuleiros, formas, alum\u00ednio, grelhas e bicos de fog\u00e3o.<\/p>\n<p><strong>Armazenamento:\u00a0<\/strong>Pode ser desinfetado com lix\u00edvia dilu\u00edda ou com \u00e1gua a ferver. Guardar em local fresco.<\/p>\n<p><strong>Modo de utiliza\u00e7\u00e3o:\u00a0<\/strong>Humedecer o produto antes de cada utiliza\u00e7\u00e3o.<\/p>\n<p>&nbsp;<\/p>\n","protected":false},"excerpt":{"rendered":"<p>0.23\u20ac\/un<\/p>\n","protected":false},"featured_media":57697,"comment_status":"closed","ping_status":"closed","template":"","meta":{"_themeisle_gutenberg_block_has_review":false},"product_brand":[],"product_cat":[250,209,190,204,681,543],"product_tag":[593],"woo-feed-brand":[],"class_list":{"0":"post-57696","1":"product","2":"type-product","3":"status-publish","4":"has-post-thumbnail","6":"product_cat-ate-ti-negocios","7":"product_cat-cozinha","8":"product_cat-desinfetantes-e-limpeza","9":"product_cat-limpeza","10":"product_cat-limpeza-higiene-e-limpeza-office","11":"product_cat-limpeza-higiene","12":"product_tag-novidades","13":"ts_product_brand-amanhecer","15":"first","16":"instock","17":"taxable","18":"shipping-taxable","19":"purchasable","20":"product-type-simple"},"_links":{"self":[{"href":"https:\/\/www.ateti.pt\/loja\/wp-json\/wp\/v2\/product\/57696","targetHints":{"allow":["GET"]}}],"collection":[{"href":"https:\/\/www.ateti.pt\/loja\/wp-json\/wp\/v2\/product"}],"about":[{"href":"https:\/\/www.ateti.pt\/loja\/wp-json\/wp\/v2\/types\/product"}],"replies":[{"embeddable":true,"href":"https:\/\/www.ateti.pt\/loja\/wp-json\/wp\/v2\/comments?post=57696"}],"wp:featuredmedia":[{"embeddable":true,"href":"https:\/\/www.ateti.pt\/loja\/wp-json\/wp\/v2\/media\/57697"}],"wp:attachment":[{"href":"https:\/\/www.ateti.pt\/loja\/wp-json\/wp\/v2\/media?parent=57696"}],"wp:term":[{"taxonomy":"product_brand","embeddable":true,"href":"https:\/\/www.ateti.pt\/loja\/wp-json\/wp\/v2\/product_brand?post=57696"},{"taxonomy":"product_cat","embeddable":true,"href":"https:\/\/www.ateti.pt\/loja\/wp-json\/wp\/v2\/product_cat?post=57696"},{"taxonomy":"product_tag","embeddable":true,"href":"https:\/\/www.ateti.pt\/loja\/wp-json\/wp\/v2\/product_tag?post=57696"},{"taxonomy":"woo-feed-brand","embeddable":true,"href":"https:\/\/www.ateti.pt\/loja\/wp-json\/wp\/v2\/woo-feed-brand?post=57696"}],"curies":[{"name":"wp","href":"https:\/\/api.w.org\/{rel}","templated":true}]}}