{"id":57616,"date":"2023-10-16T12:19:29","date_gmt":"2023-10-16T11:19:29","guid":{"rendered":"https:\/\/www.ateti.pt\/loja\/?post_type=product&#038;p=57616"},"modified":"2023-10-16T12:19:30","modified_gmt":"2023-10-16T11:19:30","slug":"alcool-etilico-96-250ml-amanhecer","status":"publish","type":"product","link":"https:\/\/www.ateti.pt\/loja\/produto\/alcool-etilico-96-250ml-amanhecer\/","title":{"rendered":"\u00c1lcool Et\u00edlico 96% 250ml Amanhecer"},"content":{"rendered":"<p><strong>\u00c1lcool Et\u00edlico 96% <\/strong><\/p>\n<p><strong>Quantidade: <\/strong>250ml<\/p>\n<p>\u00c1lcool Etilico Sanit\u00e1rio 96% Vol.<br \/>\nComposi\u00e7\u00e3o: Etanol 96% (v\/ CAS: 64:7-5, parcialmente desnaturado. Cetrimida desnaturante) de 0,25% a 0,30% (p\/v) Indica\u00e7\u00f5es: Antisseptico e desintetante. Aplicar sobre a pele como desintetante. Destr\u00f3i e impede a forma\u00e7\u00e3o de bact\u00e9rias.<br \/>\nPrecau\u00e7\u00f5es: PER\u00cdGO. Liquido e vapor facilmente inflam\u00e1veis. Provoca irrita\u00e7\u00e3o ocular grave. Se for necess\u00e1rio consultar um manter oresto dance aciono Monte<br \/>\nafastado do calor, superf\u00edcies quentes, fa\u00edscas, chamas abertas e outras fontes de igni\u00e7\u00e3o. N\u00e3o fumar. SE ENTRAR EM CONTACTO COM OS OLHOS: Enxaguar cuidadosamente com \u00e1gua durante v\u00e1rios minutos. Se usar lentes de contacto, retire-as, se tal lhe for poss\u00edvel, continue a enxaguar. Em caso de inc\u00eandio: Para extinguir utilizar extintor de p\u00f3 ABC.<\/p>\n","protected":false},"excerpt":{"rendered":"<p>0.52\u20ac\/lt<\/p>\n","protected":false},"featured_media":57617,"comment_status":"closed","ping_status":"closed","template":"","meta":{"_themeisle_gutenberg_block_has_review":false},"product_brand":[],"product_cat":[203,212,243,224,190],"product_tag":[593],"woo-feed-brand":[],"class_list":{"0":"post-57616","1":"product","2":"type-product","3":"status-publish","4":"has-post-thumbnail","6":"product_cat-beleza-e-higiene","7":"product_cat-corpo","8":"product_cat-covid-19","9":"product_cat-desinfetantes","10":"product_cat-desinfetantes-e-limpeza","11":"product_tag-novidades","12":"ts_product_brand-amanhecer","14":"first","15":"instock","16":"taxable","17":"shipping-taxable","18":"purchasable","19":"product-type-simple"},"_links":{"self":[{"href":"https:\/\/www.ateti.pt\/loja\/wp-json\/wp\/v2\/product\/57616","targetHints":{"allow":["GET"]}}],"collection":[{"href":"https:\/\/www.ateti.pt\/loja\/wp-json\/wp\/v2\/product"}],"about":[{"href":"https:\/\/www.ateti.pt\/loja\/wp-json\/wp\/v2\/types\/product"}],"replies":[{"embeddable":true,"href":"https:\/\/www.ateti.pt\/loja\/wp-json\/wp\/v2\/comments?post=57616"}],"wp:featuredmedia":[{"embeddable":true,"href":"https:\/\/www.ateti.pt\/loja\/wp-json\/wp\/v2\/media\/57617"}],"wp:attachment":[{"href":"https:\/\/www.ateti.pt\/loja\/wp-json\/wp\/v2\/media?parent=57616"}],"wp:term":[{"taxonomy":"product_brand","embeddable":true,"href":"https:\/\/www.ateti.pt\/loja\/wp-json\/wp\/v2\/product_brand?post=57616"},{"taxonomy":"product_cat","embeddable":true,"href":"https:\/\/www.ateti.pt\/loja\/wp-json\/wp\/v2\/product_cat?post=57616"},{"taxonomy":"product_tag","embeddable":true,"href":"https:\/\/www.ateti.pt\/loja\/wp-json\/wp\/v2\/product_tag?post=57616"},{"taxonomy":"woo-feed-brand","embeddable":true,"href":"https:\/\/www.ateti.pt\/loja\/wp-json\/wp\/v2\/woo-feed-brand?post=57616"}],"curies":[{"name":"wp","href":"https:\/\/api.w.org\/{rel}","templated":true}]}}