{"id":56202,"date":"2023-09-14T12:47:46","date_gmt":"2023-09-14T11:47:46","guid":{"rendered":"https:\/\/www.ateti.pt\/loja\/?post_type=product&#038;p=56202"},"modified":"2024-01-09T18:44:50","modified_gmt":"2024-01-09T17:44:50","slug":"penso-higienico-normal-aloe-vera-com-alas-16un-amanhecer","status":"publish","type":"product","link":"https:\/\/www.ateti.pt\/loja\/produto\/penso-higienico-normal-aloe-vera-com-alas-16un-amanhecer\/","title":{"rendered":"Pensos Higi\u00e9nicos Normal Aloe Vera com alas 16un Amanhecer"},"content":{"rendered":"<p><strong>Penso Higi\u00e9nico Normal Aloe Vera com alas Amanhecer<\/strong><\/p>\n<p><strong>Quantidade:\u00a0<\/strong>16un<\/p>\n<p><em>Com uma cobertura extra suave, s\u00e3o confort\u00e1veis e garantem prote\u00e7\u00e3o gra\u00e7as \u00e0s suas abas protetoras<\/em><\/p>\n<ul>\n<li>Tecido extra suave com Aloe Vera: o seu tecido com extrato de aloe vera proporciona maior suavidade e cuidado da pele.<\/li>\n<li>Aloe Vera: especialmente indicado para peles sens\u00edveis.<\/li>\n<li>Abas Protetoras: evitam manchas laterais e fixam o penso, favorecendo a liberdade de movimentos.<\/li>\n<li>N\u00facleo interior com part\u00edculas super absorventes: impedem o contacto da humidade com a pele e permitem um controlo eficaz do odor.<\/li>\n<li>N\u00facleo Flex\u00edvel: adapta\u00e7\u00e3o perfeita aos contornos do corpo.<\/li>\n<li>Cobertura Suave: a sua cobertura suave proporciona uma sensa\u00e7\u00e3o de secura e bem estar, conferindo uma maior comodidade.<\/li>\n<li>Perfume Suave: permite um controlo eficaz do odor.<\/li>\n<\/ul>\n","protected":false},"excerpt":{"rendered":"<p>0,09\u20ac\/un<\/p>\n","protected":false},"featured_media":56203,"comment_status":"closed","ping_status":"closed","template":"","meta":{"_themeisle_gutenberg_block_has_review":false},"product_brand":[],"product_cat":[203,230],"product_tag":[],"woo-feed-brand":[],"class_list":{"0":"post-56202","1":"product","2":"type-product","3":"status-publish","4":"has-post-thumbnail","6":"product_cat-beleza-e-higiene","7":"product_cat-higiene-feminina","8":"ts_product_brand-amanhecer","10":"first","11":"instock","12":"taxable","13":"shipping-taxable","14":"purchasable","15":"product-type-simple"},"_links":{"self":[{"href":"https:\/\/www.ateti.pt\/loja\/wp-json\/wp\/v2\/product\/56202","targetHints":{"allow":["GET"]}}],"collection":[{"href":"https:\/\/www.ateti.pt\/loja\/wp-json\/wp\/v2\/product"}],"about":[{"href":"https:\/\/www.ateti.pt\/loja\/wp-json\/wp\/v2\/types\/product"}],"replies":[{"embeddable":true,"href":"https:\/\/www.ateti.pt\/loja\/wp-json\/wp\/v2\/comments?post=56202"}],"wp:featuredmedia":[{"embeddable":true,"href":"https:\/\/www.ateti.pt\/loja\/wp-json\/wp\/v2\/media\/56203"}],"wp:attachment":[{"href":"https:\/\/www.ateti.pt\/loja\/wp-json\/wp\/v2\/media?parent=56202"}],"wp:term":[{"taxonomy":"product_brand","embeddable":true,"href":"https:\/\/www.ateti.pt\/loja\/wp-json\/wp\/v2\/product_brand?post=56202"},{"taxonomy":"product_cat","embeddable":true,"href":"https:\/\/www.ateti.pt\/loja\/wp-json\/wp\/v2\/product_cat?post=56202"},{"taxonomy":"product_tag","embeddable":true,"href":"https:\/\/www.ateti.pt\/loja\/wp-json\/wp\/v2\/product_tag?post=56202"},{"taxonomy":"woo-feed-brand","embeddable":true,"href":"https:\/\/www.ateti.pt\/loja\/wp-json\/wp\/v2\/woo-feed-brand?post=56202"}],"curies":[{"name":"wp","href":"https:\/\/api.w.org\/{rel}","templated":true}]}}

Pensos Higiénicos Normal Aloe Vera com alas 16un Amanhecer

<p><strong>Penso Higiénico Normal Aloe Vera com alas Amanhecer</strong></p>
<p><strong>Quantidade: </strong>16un</p>
<p><em>Com uma cobertura extra suave, são confortáveis e garantem proteção graças às suas abas protetoras</em></p>
<ul>
<li>Tecido extra suave com Aloe Vera: o seu tecido com extrato de aloe vera proporciona maior suavidade e cuidado da pele.</li>
<li>Aloe Vera: especialmente indicado para peles sensíveis.</li>
<li>Abas Protetoras: evitam manchas laterais e fixam o penso, favorecendo a liberdade de movimentos.</li>
<li>Núcleo interior com partículas super absorventes: impedem o contacto da humidade com a pele e permitem um controlo eficaz do odor.</li>
<li>Núcleo Flexível: adaptação perfeita aos contornos do corpo.</li>
<li>Cobertura Suave: a sua cobertura suave proporciona uma sensação de secura e bem estar, conferindo uma maior comodidade.</li>
<li>Perfume Suave: permite um controlo eficaz do odor.</li>
</ul>
