{"id":55864,"date":"2023-09-04T12:49:18","date_gmt":"2023-09-04T11:49:18","guid":{"rendered":"https:\/\/www.ateti.pt\/loja\/?post_type=product&#038;p=55864"},"modified":"2024-09-03T14:55:20","modified_gmt":"2024-09-03T13:55:20","slug":"cafe-sical-descafeinado-16-capsulas-dolce-gusto","status":"publish","type":"product","link":"https:\/\/www.ateti.pt\/loja\/produto\/cafe-sical-descafeinado-16-capsulas-dolce-gusto\/","title":{"rendered":"Caf\u00e9 Sical Descafeinado 16 C\u00e1psulas Dolce Gusto"},"content":{"rendered":"<p><strong>Sical Descafeinado Dolce Gusto<\/strong><\/p>\n<p><strong>Quantidade:\u00a0<\/strong>16 C\u00e1psulas<\/p>\n<p><strong>Intensidade:\u00a0<\/strong>5<\/p>\n<p><strong>Origem:\u00a0<\/strong>Colombia- Am\u00e9rica Central- Brasil<\/p>\n<p>O seu Sical de sempre, agora descafeinado. Um descafeinado arom\u00e1tico com todo o prazer e aromas do caf\u00e9. Seja surpreendido pelos seus aromas ricos, notas subtis a cereais torrados e frutos vermelhos, finalizado com um creme delicado e aveludado.<\/p>\n<p>O aroma de um ar\u00e1bica puro, naturalmente descafeinado com \u00e1gua.<\/p>\n<p>Benef\u00edcios:<\/p>\n<ul>\n<li>F\u00e1cil e r\u00e1pida prepara\u00e7\u00e3o<\/li>\n<li>Para consumir no conforto de casa, a qualquer hora do dia<\/li>\n<\/ul>\n<p>Prefere um caf\u00e9 sem cafe\u00edna, mas n\u00e3o dispensa todo o sabor? Caf\u00e9 Sical Descafeinado Dolce Gusto \u00e9 ideal para si.<\/p>\n<p>O aroma rico de um ar\u00e1bica puro, naturalmente descafeinado com \u00e1gua.<\/p>\n<p>&nbsp;<\/p>\n","protected":false},"excerpt":{"rendered":"<p>0.35\u20ac\/c\u00e1psula<\/p>\n","protected":false},"featured_media":55866,"comment_status":"closed","ping_status":"closed","template":"","meta":{"_themeisle_gutenberg_block_has_review":false},"product_brand":[],"product_cat":[117,18,138],"product_tag":[],"woo-feed-brand":[758],"class_list":{"0":"post-55864","1":"product","2":"type-product","3":"status-publish","4":"has-post-thumbnail","6":"product_cat-cafe-em-capsula","7":"product_cat-capsulas-dolce-gusto","8":"product_cat-originais-e-compativeis-dg","9":"ts_product_brand-nescafe","10":"woo-feed-brand-dolce-gusto","12":"first","13":"instock","14":"sale","15":"taxable","16":"shipping-taxable","17":"purchasable","18":"product-type-simple"},"_links":{"self":[{"href":"https:\/\/www.ateti.pt\/loja\/wp-json\/wp\/v2\/product\/55864","targetHints":{"allow":["GET"]}}],"collection":[{"href":"https:\/\/www.ateti.pt\/loja\/wp-json\/wp\/v2\/product"}],"about":[{"href":"https:\/\/www.ateti.pt\/loja\/wp-json\/wp\/v2\/types\/product"}],"replies":[{"embeddable":true,"href":"https:\/\/www.ateti.pt\/loja\/wp-json\/wp\/v2\/comments?post=55864"}],"wp:featuredmedia":[{"embeddable":true,"href":"https:\/\/www.ateti.pt\/loja\/wp-json\/wp\/v2\/media\/55866"}],"wp:attachment":[{"href":"https:\/\/www.ateti.pt\/loja\/wp-json\/wp\/v2\/media?parent=55864"}],"wp:term":[{"taxonomy":"product_brand","embeddable":true,"href":"https:\/\/www.ateti.pt\/loja\/wp-json\/wp\/v2\/product_brand?post=55864"},{"taxonomy":"product_cat","embeddable":true,"href":"https:\/\/www.ateti.pt\/loja\/wp-json\/wp\/v2\/product_cat?post=55864"},{"taxonomy":"product_tag","embeddable":true,"href":"https:\/\/www.ateti.pt\/loja\/wp-json\/wp\/v2\/product_tag?post=55864"},{"taxonomy":"woo-feed-brand","embeddable":true,"href":"https:\/\/www.ateti.pt\/loja\/wp-json\/wp\/v2\/woo-feed-brand?post=55864"}],"curies":[{"name":"wp","href":"https:\/\/api.w.org\/{rel}","templated":true}]}}

Café Sical Descafeinado 16 Cápsulas Dolce Gusto

<p><strong>Sical Descafeinado Dolce Gusto</strong></p>
<p><strong>Quantidade: </strong>16 Cápsulas</p>
<p><strong>Intensidade: </strong>5</p>
<p><strong>Origem: </strong>Colombia- América Central- Brasil</p>
<p>O seu Sical de sempre, agora descafeinado. Um descafeinado aromático com todo o prazer e aromas do café. Seja surpreendido pelos seus aromas ricos, notas subtis a cereais torrados e frutos vermelhos, finalizado com um creme delicado e aveludado.</p>
<p>O aroma de um arábica puro, naturalmente descafeinado com água.</p>
<p>Benefícios:</p>
<ul>
<li>Fácil e rápida preparação</li>
<li>Para consumir no conforto de casa, a qualquer hora do dia</li>
</ul>
<p>Prefere um café sem cafeína, mas não dispensa todo o sabor? Café Sical Descafeinado Dolce Gusto é ideal para si.</p>
<p>O aroma rico de um arábica puro, naturalmente descafeinado com água.</p>
<p>&nbsp;</p>

<p>0.35€/cápsula</p>
