{"id":55721,"date":"2023-08-29T17:07:58","date_gmt":"2023-08-29T16:07:58","guid":{"rendered":"https:\/\/www.ateti.pt\/loja\/?post_type=product&#038;p=55721"},"modified":"2025-05-12T12:54:45","modified_gmt":"2025-05-12T11:54:45","slug":"leite-corporal-hidratante-400ml-be-beauty","status":"publish","type":"product","link":"https:\/\/www.ateti.pt\/loja\/produto\/leite-corporal-hidratante-400ml-be-beauty\/","title":{"rendered":"Leite Corporal Hidratante 400ml Be Beauty"},"content":{"rendered":"<p><strong>Leite Corporal Hidratante Be Beauty<\/strong><\/p>\n<p><strong>Quantidade:\u00a0<\/strong>400ml<\/p>\n<p>Leite Corporal Hidratante para Pele Seca<\/p>\n<p>Textura nutritiva e de r\u00e1pida absor\u00e7\u00e3o devido \u00e0 combina\u00e7\u00e3o dos seus ingredientes. Formulado com Manteiga de Karit\u00e9 como um ativo nutritivo extra do produto e \u00f3leo de amendoas doces com propriedades emolientes e hidratantes. Cont\u00e9m tamb\u00e9m Vitamina E, com propriedades antioxidantes.<\/p>\n<p>Produto dermatologicamente testado.<\/p>\n<p>N\u00e3o cont\u00e9m mat\u00e9rias primas de origem animal.<\/p>\n<p><strong>Modo de utiliza\u00e7\u00e3o:\u00a0<\/strong>Aplicar sobre a pele previamente limpa, com uma suave massagem, at\u00e9 \u00e0 sua absor\u00e7\u00e3o completa. Aplicar de manh\u00e3 e \u00e0 noite .<\/p>\n<p><strong>Precau\u00e7\u00f5es de utiliza\u00e7\u00e3o:\u00a0<\/strong>N\u00e3o ingerir. Uso externo. Manter fora do alcance das crian\u00e7as. Evitar contacto com os olhos, em caso de contacto, lavar com \u00e1gua abundante.<\/p>\n","protected":false},"excerpt":{"rendered":"<p>7.47\u20ac\/lt<\/p>\n","protected":false},"featured_media":55722,"comment_status":"closed","ping_status":"closed","template":"","meta":{"_themeisle_gutenberg_block_has_review":false},"product_brand":[],"product_cat":[203,212],"product_tag":[],"woo-feed-brand":[],"class_list":{"0":"post-55721","1":"product","2":"type-product","3":"status-publish","4":"has-post-thumbnail","6":"product_cat-beleza-e-higiene","7":"product_cat-corpo","8":"ts_product_brand-be-beauty","10":"first","11":"instock","12":"taxable","13":"shipping-taxable","14":"purchasable","15":"product-type-simple"},"_links":{"self":[{"href":"https:\/\/www.ateti.pt\/loja\/wp-json\/wp\/v2\/product\/55721","targetHints":{"allow":["GET"]}}],"collection":[{"href":"https:\/\/www.ateti.pt\/loja\/wp-json\/wp\/v2\/product"}],"about":[{"href":"https:\/\/www.ateti.pt\/loja\/wp-json\/wp\/v2\/types\/product"}],"replies":[{"embeddable":true,"href":"https:\/\/www.ateti.pt\/loja\/wp-json\/wp\/v2\/comments?post=55721"}],"wp:featuredmedia":[{"embeddable":true,"href":"https:\/\/www.ateti.pt\/loja\/wp-json\/wp\/v2\/media\/55722"}],"wp:attachment":[{"href":"https:\/\/www.ateti.pt\/loja\/wp-json\/wp\/v2\/media?parent=55721"}],"wp:term":[{"taxonomy":"product_brand","embeddable":true,"href":"https:\/\/www.ateti.pt\/loja\/wp-json\/wp\/v2\/product_brand?post=55721"},{"taxonomy":"product_cat","embeddable":true,"href":"https:\/\/www.ateti.pt\/loja\/wp-json\/wp\/v2\/product_cat?post=55721"},{"taxonomy":"product_tag","embeddable":true,"href":"https:\/\/www.ateti.pt\/loja\/wp-json\/wp\/v2\/product_tag?post=55721"},{"taxonomy":"woo-feed-brand","embeddable":true,"href":"https:\/\/www.ateti.pt\/loja\/wp-json\/wp\/v2\/woo-feed-brand?post=55721"}],"curies":[{"name":"wp","href":"https:\/\/api.w.org\/{rel}","templated":true}]}}