{"id":55718,"date":"2023-08-29T16:57:20","date_gmt":"2023-08-29T15:57:20","guid":{"rendered":"https:\/\/www.ateti.pt\/loja\/?post_type=product&#038;p=55718"},"modified":"2025-05-12T12:49:58","modified_gmt":"2025-05-12T11:49:58","slug":"gel-protetor-de-aloe-vera-300ml-be-beauty","status":"publish","type":"product","link":"https:\/\/www.ateti.pt\/loja\/produto\/gel-protetor-de-aloe-vera-300ml-be-beauty\/","title":{"rendered":"Gel Protetor de Aloe Vera 300ml Be Beauty"},"content":{"rendered":"<p><strong>Gel Aloe Vera Be Beauty<\/strong><\/p>\n<p><strong>Quantidade:\u00a0<\/strong>300ml<\/p>\n<p>Hidrata\u00e7\u00e3o Ativa- Para todos os tipos de pele<\/p>\n<p>Gel de Aloe Vera enriquecido com glicerina e aloe vera, ativos com propriedades hidratantes para a pele, deixando uma sensa\u00e7\u00e3o de frescura e suavidade. Ideal para usar ap\u00f3s a depila\u00e7\u00e3o, exposi\u00e7\u00e3o ao sol e ap\u00f3s barbear.<\/p>\n<p>Ap\u00f3s aplica\u00e7\u00e3o a pele fica macia, aliviada e protegida.<\/p>\n<p><strong>Modo de utiliza\u00e7\u00e3o:\u00a0<\/strong>Aplicar sobre a pele limpa e seca com uma massagem suave, em movimentos circulares, at\u00e9 \u00e0 sua absor\u00e7\u00e3o completa.<\/p>\n<p><strong>Precau\u00e7\u00f5es:\u00a0<\/strong>N\u00e3o ingerir. Uso externo. Mantenha fora do alcance das crian\u00e7as. Evitar o contacto com os olhos, em casa de contacto cm os olhos lavar abundantemente com \u00e1gua.<\/p>\n<p>N\u00e3o contem mat\u00e9rias primas de origem animal.<\/p>\n","protected":false},"excerpt":{"rendered":"<p>9.96\u20ac\/lt<\/p>\n","protected":false},"featured_media":60970,"comment_status":"closed","ping_status":"closed","template":"","meta":{"_themeisle_gutenberg_block_has_review":false},"product_brand":[],"product_cat":[203,212],"product_tag":[],"woo-feed-brand":[],"class_list":{"0":"post-55718","1":"product","2":"type-product","3":"status-publish","4":"has-post-thumbnail","6":"product_cat-beleza-e-higiene","7":"product_cat-corpo","8":"ts_product_brand-be-beauty","10":"first","11":"instock","12":"taxable","13":"shipping-taxable","14":"purchasable","15":"product-type-simple"},"_links":{"self":[{"href":"https:\/\/www.ateti.pt\/loja\/wp-json\/wp\/v2\/product\/55718","targetHints":{"allow":["GET"]}}],"collection":[{"href":"https:\/\/www.ateti.pt\/loja\/wp-json\/wp\/v2\/product"}],"about":[{"href":"https:\/\/www.ateti.pt\/loja\/wp-json\/wp\/v2\/types\/product"}],"replies":[{"embeddable":true,"href":"https:\/\/www.ateti.pt\/loja\/wp-json\/wp\/v2\/comments?post=55718"}],"wp:featuredmedia":[{"embeddable":true,"href":"https:\/\/www.ateti.pt\/loja\/wp-json\/wp\/v2\/media\/60970"}],"wp:attachment":[{"href":"https:\/\/www.ateti.pt\/loja\/wp-json\/wp\/v2\/media?parent=55718"}],"wp:term":[{"taxonomy":"product_brand","embeddable":true,"href":"https:\/\/www.ateti.pt\/loja\/wp-json\/wp\/v2\/product_brand?post=55718"},{"taxonomy":"product_cat","embeddable":true,"href":"https:\/\/www.ateti.pt\/loja\/wp-json\/wp\/v2\/product_cat?post=55718"},{"taxonomy":"product_tag","embeddable":true,"href":"https:\/\/www.ateti.pt\/loja\/wp-json\/wp\/v2\/product_tag?post=55718"},{"taxonomy":"woo-feed-brand","embeddable":true,"href":"https:\/\/www.ateti.pt\/loja\/wp-json\/wp\/v2\/woo-feed-brand?post=55718"}],"curies":[{"name":"wp","href":"https:\/\/api.w.org\/{rel}","templated":true}]}}

<p><strong>Gel Aloe Vera Be Beauty</strong></p>
<p><strong>Quantidade: </strong>300ml</p>
<p>Hidratação Ativa- Para todos os tipos de pele</p>
<p>Gel de Aloe Vera enriquecido com glicerina e aloe vera, ativos com propriedades hidratantes para a pele, deixando uma sensação de frescura e suavidade. Ideal para usar após a depilação, exposição ao sol e após barbear.</p>
<p>Após aplicação a pele fica macia, aliviada e protegida.</p>
<p><strong>Modo de utilização: </strong>Aplicar sobre a pele limpa e seca com uma massagem suave, em movimentos circulares, até à sua absorção completa.</p>
<p><strong>Precauções: </strong>Não ingerir. Uso externo. Mantenha fora do alcance das crianças. Evitar o contacto com os olhos, em casa de contacto cm os olhos lavar abundantemente com água.</p>
<p>Não contem matérias primas de origem animal.</p>
