{"id":55704,"date":"2023-08-29T15:19:42","date_gmt":"2023-08-29T14:19:42","guid":{"rendered":"https:\/\/www.ateti.pt\/loja\/?post_type=product&#038;p=55704"},"modified":"2025-05-12T12:23:20","modified_gmt":"2025-05-12T11:23:20","slug":"creme-de-rosto-60-50ml-be-beauty","status":"publish","type":"product","link":"https:\/\/www.ateti.pt\/loja\/produto\/creme-de-rosto-60-50ml-be-beauty\/","title":{"rendered":"Creme de Rosto 60+ 50ml Be Beauty"},"content":{"rendered":"<p><strong>Creme de Rosto 60+ Be Beauty<\/strong><\/p>\n<p><strong>Quantidade:\u00a0<\/strong>60ml<\/p>\n<p>Creme para o Rosto com fator de prote\u00e7\u00e3o 60+.<\/p>\n<p>Recomenda para mulher com idade entre os 60-70 anos.<\/p>\n<p>A pele das mulheres ap\u00f3s os 60 anos requer cuidados muito espec\u00edficos, como a hidrata\u00e7\u00e3o profunda, para manter a regenera\u00e7\u00e3o e o fortalecimento das suas estruturas.<\/p>\n<p>O Creme Anti-Rugas dia e noite Be Beauty Protein Regeneration 60+ possui uma f\u00f3rmula \u00fanica que promove o processo de renova\u00e7\u00e3o natural da pele.<\/p>\n<p>O \u00f3leo de abacate nutre e promove a restaura\u00e7\u00e3o profunda da pele.<\/p>\n<p>As prote\u00ednas das am\u00eandoas doces e o \u00e1cido f\u00f3lico proporcionam uma suavidade e hidrata\u00e7\u00e3o intensas, contribuindo para a redu\u00e7\u00e3o das rugas vis\u00edveis.<\/p>\n<p>O uso regular do Protein Regeneration 60+ ajuda a manter a pele iluminada e rejuvenescida.<\/p>\n","protected":false},"excerpt":{"rendered":"<p>143.8\u20ac\/lt<\/p>\n","protected":false},"featured_media":55705,"comment_status":"closed","ping_status":"closed","template":"","meta":{"_themeisle_gutenberg_block_has_review":false},"product_brand":[],"product_cat":[203,212,230],"product_tag":[593],"woo-feed-brand":[],"class_list":{"0":"post-55704","1":"product","2":"type-product","3":"status-publish","4":"has-post-thumbnail","6":"product_cat-beleza-e-higiene","7":"product_cat-corpo","8":"product_cat-higiene-feminina","9":"product_tag-novidades","10":"ts_product_brand-be-beauty","12":"first","13":"instock","14":"taxable","15":"shipping-taxable","16":"purchasable","17":"product-type-simple"},"_links":{"self":[{"href":"https:\/\/www.ateti.pt\/loja\/wp-json\/wp\/v2\/product\/55704","targetHints":{"allow":["GET"]}}],"collection":[{"href":"https:\/\/www.ateti.pt\/loja\/wp-json\/wp\/v2\/product"}],"about":[{"href":"https:\/\/www.ateti.pt\/loja\/wp-json\/wp\/v2\/types\/product"}],"replies":[{"embeddable":true,"href":"https:\/\/www.ateti.pt\/loja\/wp-json\/wp\/v2\/comments?post=55704"}],"wp:featuredmedia":[{"embeddable":true,"href":"https:\/\/www.ateti.pt\/loja\/wp-json\/wp\/v2\/media\/55705"}],"wp:attachment":[{"href":"https:\/\/www.ateti.pt\/loja\/wp-json\/wp\/v2\/media?parent=55704"}],"wp:term":[{"taxonomy":"product_brand","embeddable":true,"href":"https:\/\/www.ateti.pt\/loja\/wp-json\/wp\/v2\/product_brand?post=55704"},{"taxonomy":"product_cat","embeddable":true,"href":"https:\/\/www.ateti.pt\/loja\/wp-json\/wp\/v2\/product_cat?post=55704"},{"taxonomy":"product_tag","embeddable":true,"href":"https:\/\/www.ateti.pt\/loja\/wp-json\/wp\/v2\/product_tag?post=55704"},{"taxonomy":"woo-feed-brand","embeddable":true,"href":"https:\/\/www.ateti.pt\/loja\/wp-json\/wp\/v2\/woo-feed-brand?post=55704"}],"curies":[{"name":"wp","href":"https:\/\/api.w.org\/{rel}","templated":true}]}}