{"id":55684,"date":"2023-08-29T12:56:06","date_gmt":"2023-08-29T11:56:06","guid":{"rendered":"https:\/\/www.ateti.pt\/loja\/?post_type=product&#038;p=55684"},"modified":"2023-08-29T14:59:47","modified_gmt":"2023-08-29T13:59:47","slug":"mascara-capilar-cabelos-normais-400ml-be-beauty","status":"publish","type":"product","link":"https:\/\/www.ateti.pt\/loja\/produto\/mascara-capilar-cabelos-normais-400ml-be-beauty\/","title":{"rendered":"M\u00e1scara Capilar Cabelos Normais 400ml Be Beauty"},"content":{"rendered":"<p><strong>M\u00e1scara Capilar Cabelos Normais Be Beauty<\/strong><\/p>\n<p>Para um cabelo liso e sedoso. Brilhante e suave.<\/p>\n<p>94% ingredientes de origem natural.<\/p>\n<p>Toler\u00e2ncia testada sob controlo dermatol\u00f3gico. I **Embalagem produzida com 10% de pl\u00e1stico reciclado.<\/p>\n<p><strong>Aten\u00e7\u00e3o:<\/strong> Evitar o contacto com os olhos. Em caso de contacto com os olhos, lavar imediata e abundantemente com \u00e1gua. Manter o produto na embalagem original, afastado da luz e de fontes de calor.<\/p>\n<p>Manter fora do alcance das crian\u00e7as. N\u00e3o utilizar em crian\u00e7as com idade inferior a 3 anos.<\/p>\n<p><strong>Modo de utiliza\u00e7\u00e3o:<\/strong> Aplicar ap\u00f3s utiliza\u00e7\u00e3o do champ\u00f4. Aplicar a m\u00e1scara no cabelo h\u00famido, em toda a sua extens\u00e3o ou s\u00f3 nas pontas, dependendo do tipo de cabelo ou tratamento desejado. Massajar suavemente e deixar atuar durante 1 a 5 minutos em fun\u00e7\u00e3o do tipo de cabelo. Enxaguar abundantemente com \u00e1gua.<\/p>\n<p>&nbsp;<\/p>\n<p>&nbsp;<\/p>\n<p>&nbsp;<\/p>\n","protected":false},"excerpt":{"rendered":"<p>9.22\u20ac\/kg<\/p>\n","protected":false},"featured_media":55685,"comment_status":"closed","ping_status":"closed","template":"","meta":{"_themeisle_gutenberg_block_has_review":false},"product_brand":[],"product_cat":[203,211],"product_tag":[593],"woo-feed-brand":[],"class_list":{"0":"post-55684","1":"product","2":"type-product","3":"status-publish","4":"has-post-thumbnail","6":"product_cat-beleza-e-higiene","7":"product_cat-cabelo","8":"product_tag-novidades","9":"ts_product_brand-be-beauty","11":"first","12":"instock","13":"taxable","14":"shipping-taxable","15":"purchasable","16":"product-type-simple"},"_links":{"self":[{"href":"https:\/\/www.ateti.pt\/loja\/wp-json\/wp\/v2\/product\/55684","targetHints":{"allow":["GET"]}}],"collection":[{"href":"https:\/\/www.ateti.pt\/loja\/wp-json\/wp\/v2\/product"}],"about":[{"href":"https:\/\/www.ateti.pt\/loja\/wp-json\/wp\/v2\/types\/product"}],"replies":[{"embeddable":true,"href":"https:\/\/www.ateti.pt\/loja\/wp-json\/wp\/v2\/comments?post=55684"}],"wp:featuredmedia":[{"embeddable":true,"href":"https:\/\/www.ateti.pt\/loja\/wp-json\/wp\/v2\/media\/55685"}],"wp:attachment":[{"href":"https:\/\/www.ateti.pt\/loja\/wp-json\/wp\/v2\/media?parent=55684"}],"wp:term":[{"taxonomy":"product_brand","embeddable":true,"href":"https:\/\/www.ateti.pt\/loja\/wp-json\/wp\/v2\/product_brand?post=55684"},{"taxonomy":"product_cat","embeddable":true,"href":"https:\/\/www.ateti.pt\/loja\/wp-json\/wp\/v2\/product_cat?post=55684"},{"taxonomy":"product_tag","embeddable":true,"href":"https:\/\/www.ateti.pt\/loja\/wp-json\/wp\/v2\/product_tag?post=55684"},{"taxonomy":"woo-feed-brand","embeddable":true,"href":"https:\/\/www.ateti.pt\/loja\/wp-json\/wp\/v2\/woo-feed-brand?post=55684"}],"curies":[{"name":"wp","href":"https:\/\/api.w.org\/{rel}","templated":true}]}}

Máscara Capilar Cabelos Normais 400ml Be Beauty

<p><strong>Máscara Capilar Cabelos Normais Be Beauty</strong></p>
<p>Para um cabelo liso e sedoso. Brilhante e suave.</p>
<p>94% ingredientes de origem natural.</p>
<p>Tolerância testada sob controlo dermatológico. I **Embalagem produzida com 10% de plástico reciclado.</p>
<p><strong>Atenção:</strong> Evitar o contacto com os olhos. Em caso de contacto com os olhos, lavar imediata e abundantemente com água. Manter o produto na embalagem original, afastado da luz e de fontes de calor.</p>
<p>Manter fora do alcance das crianças. Não utilizar em crianças com idade inferior a 3 anos.</p>
<p><strong>Modo de utilização:</strong> Aplicar após utilização do champô. Aplicar a máscara no cabelo húmido, em toda a sua extensão ou só nas pontas, dependendo do tipo de cabelo ou tratamento desejado. Massajar suavemente e deixar atuar durante 1 a 5 minutos em função do tipo de cabelo. Enxaguar abundantemente com água.</p>
<p>&nbsp;</p>
<p>&nbsp;</p>
<p>&nbsp;</p>
