{"id":55680,"date":"2023-08-29T11:22:55","date_gmt":"2023-08-29T10:22:55","guid":{"rendered":"https:\/\/www.ateti.pt\/loja\/?post_type=product&#038;p=55680"},"modified":"2025-05-12T12:04:21","modified_gmt":"2025-05-12T11:04:21","slug":"esfregao-salva-unhas-3un-amanhecer","status":"publish","type":"product","link":"https:\/\/www.ateti.pt\/loja\/produto\/esfregao-salva-unhas-3un-amanhecer\/","title":{"rendered":"Esfreg\u00e3o Salva Unhas 3un Amanhecer"},"content":{"rendered":"<p><strong>Esfreg\u00e3o Salva Unhas Amanhecer<\/strong><\/p>\n<p><strong>Quantidade:\u00a0<\/strong>3un.<\/p>\n<p>Indicado para\u00a0 tachos e panelas.<\/p>\n<p><strong>Aplica\u00e7\u00f5es:\u00a0<\/strong>Produto composto por uma camada abrasiva e uma camada de espuma suave adsorvente recomendado para a lavagem e remo\u00e7\u00e3o de sujidade em tachos, panelas, tabuleiros, formas, alum\u00ednio, grelhas e bicos de fog\u00e3o.<\/p>\n<p>O Esfreg\u00e3o Salva Unhas Amanhecer \u00e9 um produto especialmente desenvolvido para garantir a prote\u00e7\u00e3o das suas unhas, por ter um formato que se adapta perfeitamente \u00e0 sua m\u00e3o.<\/p>\n<p>Composi\u00e7\u00e3o: Fibra verde, espuma de poliuretano.<br \/>\nArmazenamento: Pode ser desinfectado com lix\u00edvia dilu\u00edda ou com \u00e1gua a ferver. Guardar em local fresco.<\/p>\n<p>Modo de utiliza\u00e7\u00e3o: Humedecer o produto antes de cada utiliza\u00e7\u00e3o.<\/p>\n<p>ATEN\u00c7\u00c3O! N\u00e3o utilizar a fibra verde abrasiva sobre superf\u00edcies delicadas.<\/p>\n<p>&nbsp;<\/p>\n","protected":false},"excerpt":{"rendered":"<p>0.33\u20ac\/un<\/p>\n","protected":false},"featured_media":55681,"comment_status":"closed","ping_status":"closed","template":"","meta":{"_themeisle_gutenberg_block_has_review":false},"product_brand":[],"product_cat":[209,190,204],"product_tag":[593],"woo-feed-brand":[],"class_list":{"0":"post-55680","1":"product","2":"type-product","3":"status-publish","4":"has-post-thumbnail","6":"product_cat-cozinha","7":"product_cat-desinfetantes-e-limpeza","8":"product_cat-limpeza","9":"product_tag-novidades","10":"ts_product_brand-amanhecer","12":"first","13":"instock","14":"taxable","15":"shipping-taxable","16":"purchasable","17":"product-type-simple"},"_links":{"self":[{"href":"https:\/\/www.ateti.pt\/loja\/wp-json\/wp\/v2\/product\/55680","targetHints":{"allow":["GET"]}}],"collection":[{"href":"https:\/\/www.ateti.pt\/loja\/wp-json\/wp\/v2\/product"}],"about":[{"href":"https:\/\/www.ateti.pt\/loja\/wp-json\/wp\/v2\/types\/product"}],"replies":[{"embeddable":true,"href":"https:\/\/www.ateti.pt\/loja\/wp-json\/wp\/v2\/comments?post=55680"}],"wp:featuredmedia":[{"embeddable":true,"href":"https:\/\/www.ateti.pt\/loja\/wp-json\/wp\/v2\/media\/55681"}],"wp:attachment":[{"href":"https:\/\/www.ateti.pt\/loja\/wp-json\/wp\/v2\/media?parent=55680"}],"wp:term":[{"taxonomy":"product_brand","embeddable":true,"href":"https:\/\/www.ateti.pt\/loja\/wp-json\/wp\/v2\/product_brand?post=55680"},{"taxonomy":"product_cat","embeddable":true,"href":"https:\/\/www.ateti.pt\/loja\/wp-json\/wp\/v2\/product_cat?post=55680"},{"taxonomy":"product_tag","embeddable":true,"href":"https:\/\/www.ateti.pt\/loja\/wp-json\/wp\/v2\/product_tag?post=55680"},{"taxonomy":"woo-feed-brand","embeddable":true,"href":"https:\/\/www.ateti.pt\/loja\/wp-json\/wp\/v2\/woo-feed-brand?post=55680"}],"curies":[{"name":"wp","href":"https:\/\/api.w.org\/{rel}","templated":true}]}}

Esfregão Salva Unhas 3un Amanhecer

<p><strong>Esfregão Salva Unhas Amanhecer</strong></p>
<p><strong>Quantidade: </strong>3un.</p>
<p>Indicado para  tachos e panelas.</p>
<p><strong>Aplicações: </strong>Produto composto por uma camada abrasiva e uma camada de espuma suave adsorvente recomendado para a lavagem e remoção de sujidade em tachos, panelas, tabuleiros, formas, alumínio, grelhas e bicos de fogão.</p>
<p>O Esfregão Salva Unhas Amanhecer é um produto especialmente desenvolvido para garantir a proteção das suas unhas, por ter um formato que se adapta perfeitamente à sua mão.</p>
<p>Composição: Fibra verde, espuma de poliuretano.<br />
Armazenamento: Pode ser desinfectado com lixívia diluída ou com água a ferver. Guardar em local fresco.</p>
<p>Modo de utilização: Humedecer o produto antes de cada utilização.</p>
<p>ATENÇÃO! Não utilizar a fibra verde abrasiva sobre superfícies delicadas.</p>
<p>&nbsp;</p>
