{"id":55091,"date":"2023-08-07T11:31:14","date_gmt":"2023-08-07T10:31:14","guid":{"rendered":"https:\/\/www.ateti.pt\/loja\/?post_type=product&#038;p=55091"},"modified":"2026-01-14T16:33:08","modified_gmt":"2026-01-14T16:33:08","slug":"detergente-liquido-active-clean-44d-skip","status":"publish","type":"product","link":"https:\/\/www.ateti.pt\/loja\/produto\/detergente-liquido-active-clean-44d-skip\/","title":{"rendered":"Detergente L\u00edquido Active Clean 44D Skip"},"content":{"rendered":"<p><strong>Detergente L\u00edquido Active Clean Skip<\/strong><\/p>\n<p><strong>Quantidade:\u00a0<\/strong>44 Doses<\/p>\n<section>\n<div class=\"mb-10 product-description inline-html\">\n<p>Detergente L\u00edquido Active Clean Skip remove as n\u00f3doas mais dif\u00edceis \u00e0 primeira. A sua a\u00e7\u00e3o com Extra Power garante a efic\u00e1cia mesmo em \u00e1gua fria e em ciclos curtos, deixando as roupas da sua fam\u00edlia limpas e frescas, uma e outra vez. A f\u00f3rmula \u00fanica de SKIP Active Clean dissolve-se facilmente na lavagem, garantindo toda a efic\u00e1cia, mesmo na remo\u00e7\u00e3o das n\u00f3doas mais dif\u00edceis. Para todos aqueles que gostam de aventuras, e com os pais brincar com pinturas, n\u00e3o diga n\u00e3o a uma boa brincadeira. Porque SKIP Active Clean remove n\u00f3doas \u00e0 primeira!<\/p>\n<\/div>\n<\/section>\n<section>\n<p class=\"pb-5 text-2xl font-semibold product-benefits\"><strong>Benef\u00edcios:<\/strong><\/p>\n<ul>\n<li class=\"mb-3 list-disc list-inside\">SKIP Active Clean com a\u00e7\u00e3o Extra Power remove as n\u00f3doas mais dif\u00edceis \u00e0 primeira<\/li>\n<li class=\"mb-3 list-disc list-inside\">Eficaz tamb\u00e9m em \u00e1gua fria e ciclos curtos<\/li>\n<\/ul>\n<p>Veja mais em <a href=\"https:\/\/www.ateti.pt\/loja\/categoria\/higiene-e-limpeza\/limpeza\/roupa\/\">Roupa<\/a><\/p>\n<\/section>\n","protected":false},"excerpt":{"rendered":"<p>0,22\u20ac\/dose<\/p>\n","protected":false},"featured_media":55092,"comment_status":"closed","ping_status":"closed","template":"","meta":{"_themeisle_gutenberg_block_has_review":false},"product_brand":[],"product_cat":[190,204,208],"product_tag":[],"woo-feed-brand":[753],"class_list":{"0":"post-55091","1":"product","2":"type-product","3":"status-publish","4":"has-post-thumbnail","6":"product_cat-desinfetantes-e-limpeza","7":"product_cat-limpeza","8":"product_cat-roupa","9":"ts_product_brand-skip","10":"woo-feed-brand-skip","12":"first","13":"outofstock","14":"taxable","15":"shipping-taxable","16":"purchasable","17":"product-type-simple"},"_links":{"self":[{"href":"https:\/\/www.ateti.pt\/loja\/wp-json\/wp\/v2\/product\/55091","targetHints":{"allow":["GET"]}}],"collection":[{"href":"https:\/\/www.ateti.pt\/loja\/wp-json\/wp\/v2\/product"}],"about":[{"href":"https:\/\/www.ateti.pt\/loja\/wp-json\/wp\/v2\/types\/product"}],"replies":[{"embeddable":true,"href":"https:\/\/www.ateti.pt\/loja\/wp-json\/wp\/v2\/comments?post=55091"}],"wp:featuredmedia":[{"embeddable":true,"href":"https:\/\/www.ateti.pt\/loja\/wp-json\/wp\/v2\/media\/55092"}],"wp:attachment":[{"href":"https:\/\/www.ateti.pt\/loja\/wp-json\/wp\/v2\/media?parent=55091"}],"wp:term":[{"taxonomy":"product_brand","embeddable":true,"href":"https:\/\/www.ateti.pt\/loja\/wp-json\/wp\/v2\/product_brand?post=55091"},{"taxonomy":"product_cat","embeddable":true,"href":"https:\/\/www.ateti.pt\/loja\/wp-json\/wp\/v2\/product_cat?post=55091"},{"taxonomy":"product_tag","embeddable":true,"href":"https:\/\/www.ateti.pt\/loja\/wp-json\/wp\/v2\/product_tag?post=55091"},{"taxonomy":"woo-feed-brand","embeddable":true,"href":"https:\/\/www.ateti.pt\/loja\/wp-json\/wp\/v2\/woo-feed-brand?post=55091"}],"curies":[{"name":"wp","href":"https:\/\/api.w.org\/{rel}","templated":true}]}}