{"id":54119,"date":"2023-07-11T12:14:06","date_gmt":"2023-07-11T11:14:06","guid":{"rendered":"https:\/\/www.ateti.pt\/loja\/?post_type=product&#038;p=54119"},"modified":"2024-03-05T15:50:02","modified_gmt":"2024-03-05T15:50:02","slug":"sidra-33cl-pack15-somersby","status":"publish","type":"product","link":"https:\/\/www.ateti.pt\/loja\/produto\/sidra-33cl-pack15-somersby\/","title":{"rendered":"Sidra 33cl Pack15 Somersby"},"content":{"rendered":"<p><strong>Sidra Somersby<\/strong><\/p>\n<p>Quantidade: 15x33cl<\/p>\n<p>Uma sidra que \u00e9 mais do que uma sidra \u00e9 uma gota de otimismo revigorante. Perfeito para compartilhar na companhia de bons amigos, familiares e estranhos conhecidos.<\/p>\n<p>A deliciosa sidra de ma\u00e7\u00e3 somersby foi engarrafada pela primeira vez durante uma incr\u00edvel colheita de ma\u00e7\u00e3 na Dinamarca, no ver\u00e3o de 2008, e desde ent\u00e3o evoluiu para uma fant\u00e1stica variedade de sabores frutados.<\/p>\n<p>O que torna a nossa sidra t\u00e3o especial \u00e9 o sabor fresco e refrescante que vem da nossa aten\u00e7\u00e3o cuidadosa e implac\u00e1vel ao sabor e aos detalhes.<\/p>\n<ul class=\"overview\">\n<li class=\"overview-item\"><span class=\"copy-01 label\">\u00danica e refrescante<\/span><\/li>\n<li class=\"overview-item\"><span class=\"copy-01 label\">Aroma a ma\u00e7\u00e3 fresca com notas florais<\/span><\/li>\n<li class=\"overview-item\"><span class=\"copy-01 label\">A tua dose di\u00e1ria de otimismo<\/span><\/li>\n<\/ul>\n<p><strong>Ingredientes:\u00a0<\/strong>\u00c1gua, mosto de ma\u00e7\u00e3 (\u00e1gua, a\u00e7\u00facar, sumo de ma\u00e7\u00e3 concentrado), a\u00e7\u00facar, sumo de ma\u00e7\u00e3 concentrado, di\u00f3xido de carbono, acidificante: \u00e1cido c\u00edtrico, aroma natural, conservante: sorbato de pot\u00e1ssio e corante: E 150c.<\/p>\n<ul class=\"tasting-notes\">\n<li class=\"tasting-note\">\n<h4 class=\"heading-04\">Sabor<\/h4>\n<p class=\"copy-01 large\">Um harmonioso equil\u00edbrio entre o doce e a acidez da ma\u00e7\u00e3 verde.<\/p>\n<\/li>\n<li class=\"tasting-note\">\n<h4 class=\"heading-04\">Aroma<\/h4>\n<p class=\"copy-01 large\">Aroma a ma\u00e7\u00e3 fresca com notas florais.<\/p>\n<\/li>\n<li class=\"tasting-note\">\n<h4 class=\"heading-04\">Travo<\/h4>\n<p class=\"copy-01 large\">Doce e frutado, longo e de agrad\u00e1vel acidez.<\/p>\n<\/li>\n<\/ul>\n<h4 class=\"heading-04 goes-with-title\">Combina com:<\/h4>\n<ul class=\"food-types\">\n<li class=\"food-type\">\n<p class=\"copy-01 small\">Saladas<\/p>\n<\/li>\n<li class=\"food-type\">\n<p class=\"copy-01 small\">Marisco<\/p>\n<\/li>\n<li class=\"food-type\">\n<p class=\"copy-01 small\">Pizza<\/p>\n<\/li>\n<\/ul>\n<h4 class=\"heading-04 title\">Partilha o otimismo com um copo de Somersby, idealmente numa esplanada ou num jardim!<\/h4>\n<p class=\"copy-01 copy\">O contexto \u00e9 dif\u00edcil e nem sempre tudo corre como esperamos, mas \u00e9 fundamental manter uma perspetiva otimista. Como a nossa alpaca, uma otimista! E um otimista tem uma inclina\u00e7\u00e3o natural para ser feliz! E o mundo, mais do que nunca, precisa de pessoas assim\u2026 o otimismo serve-se com gelo.<\/p>\n","protected":false},"excerpt":{"rendered":"<p>1.33\u20ac\/un<\/p>\n","protected":false},"featured_media":61042,"comment_status":"closed","ping_status":"closed","template":"","meta":{"_themeisle_gutenberg_block_has_review":false},"product_brand":[],"product_cat":[158,161],"product_tag":[],"woo-feed-brand":[],"class_list":{"0":"post-54119","1":"product","2":"type-product","3":"status-publish","4":"has-post-thumbnail","6":"product_cat-bebidas","7":"product_cat-cervejas","8":"ts_product_brand-somersby","10":"first","11":"instock","12":"sale","13":"taxable","14":"shipping-taxable","15":"purchasable","16":"product-type-simple"},"_links":{"self":[{"href":"https:\/\/www.ateti.pt\/loja\/wp-json\/wp\/v2\/product\/54119","targetHints":{"allow":["GET"]}}],"collection":[{"href":"https:\/\/www.ateti.pt\/loja\/wp-json\/wp\/v2\/product"}],"about":[{"href":"https:\/\/www.ateti.pt\/loja\/wp-json\/wp\/v2\/types\/product"}],"replies":[{"embeddable":true,"href":"https:\/\/www.ateti.pt\/loja\/wp-json\/wp\/v2\/comments?post=54119"}],"wp:featuredmedia":[{"embeddable":true,"href":"https:\/\/www.ateti.pt\/loja\/wp-json\/wp\/v2\/media\/61042"}],"wp:attachment":[{"href":"https:\/\/www.ateti.pt\/loja\/wp-json\/wp\/v2\/media?parent=54119"}],"wp:term":[{"taxonomy":"product_brand","embeddable":true,"href":"https:\/\/www.ateti.pt\/loja\/wp-json\/wp\/v2\/product_brand?post=54119"},{"taxonomy":"product_cat","embeddable":true,"href":"https:\/\/www.ateti.pt\/loja\/wp-json\/wp\/v2\/product_cat?post=54119"},{"taxonomy":"product_tag","embeddable":true,"href":"https:\/\/www.ateti.pt\/loja\/wp-json\/wp\/v2\/product_tag?post=54119"},{"taxonomy":"woo-feed-brand","embeddable":true,"href":"https:\/\/www.ateti.pt\/loja\/wp-json\/wp\/v2\/woo-feed-brand?post=54119"}],"curies":[{"name":"wp","href":"https:\/\/api.w.org\/{rel}","templated":true}]}}