{"id":51130,"date":"2023-04-10T15:07:09","date_gmt":"2023-04-10T14:07:09","guid":{"rendered":"https:\/\/www.ateti.pt\/loja\/?post_type=product&#038;p=51130"},"modified":"2024-02-13T12:14:38","modified_gmt":"2024-02-13T12:14:38","slug":"copos-de-papel-descartaveis-para-cafe-2-x-50unid-nao-disponivel-para-venda","status":"publish","type":"product","link":"https:\/\/www.ateti.pt\/loja\/produto\/copos-de-papel-descartaveis-para-cafe-2-x-50unid-nao-disponivel-para-venda\/","title":{"rendered":"Copo Papel Descart\u00e1vel 03OZ Branco 120ml (50un)"},"content":{"rendered":"<h1>Copos de Papel Descart\u00e1veis para Caf\u00e9<\/h1>\n<p>Copo de cart\u00e3o branco para bebidas quentes com uma capacidade de 3Oz (100ml). Copo de papel descart\u00e1vel feito de papel.<\/p>\n<ul>\n<li>Fabricado em papel\u00e3o 100% recicl\u00e1vel.<\/li>\n<li>Copo ideal para bebidas quentes, tais como caf\u00e9 ou ch\u00e1s de ervas.<\/li>\n<li>Com lamina\u00e7\u00e3o interna de PE.<\/li>\n<li>A ta\u00e7a inclui o log\u00f3tipo de marca\u00e7\u00e3o do novo regulamento (UE) 2020\/2151.<\/li>\n<\/ul>\n<p>O pre\u00e7o \u00e9 para a Embalagem de 50 Unidades.<\/p>\n<div class=\"odd\">Material: PAPEL<\/div>\n<div>\n<div class=\"odd\">Capacidade (ml): 120<\/div>\n<\/div>\n","protected":false},"excerpt":{"rendered":"<p>Copos de Papel Descart\u00e1veis para Caf\u00e9 Copo de cart\u00e3o branco para bebidas quentes com uma capacidade de 3Oz (100ml). Copo de papel descart\u00e1vel feito de papel. Fabricado em papel\u00e3o 100% recicl\u00e1vel. Copo ideal para bebidas quentes, tais como caf\u00e9 ou ch\u00e1s de ervas. Com lamina\u00e7\u00e3o interna de PE. A ta\u00e7a inclui o log\u00f3tipo de marca\u00e7\u00e3o do novo regulamento (UE) 2020\/2151. O pre\u00e7o \u00e9 para a Embalagem de 50 Unidades. Material: PAPEL Capacidade (ml): 120<\/p>\n","protected":false},"featured_media":61040,"comment_status":"closed","ping_status":"closed","template":"","meta":{"_themeisle_gutenberg_block_has_review":false},"product_brand":[],"product_cat":[121,141],"product_tag":[],"woo-feed-brand":[],"class_list":{"0":"post-51130","1":"product","2":"type-product","3":"status-publish","4":"has-post-thumbnail","6":"product_cat-acessorios","7":"product_cat-maquinas-e-acessorios","9":"first","10":"instock","11":"taxable","12":"shipping-taxable","13":"purchasable","14":"product-type-simple"},"_links":{"self":[{"href":"https:\/\/www.ateti.pt\/loja\/wp-json\/wp\/v2\/product\/51130","targetHints":{"allow":["GET"]}}],"collection":[{"href":"https:\/\/www.ateti.pt\/loja\/wp-json\/wp\/v2\/product"}],"about":[{"href":"https:\/\/www.ateti.pt\/loja\/wp-json\/wp\/v2\/types\/product"}],"replies":[{"embeddable":true,"href":"https:\/\/www.ateti.pt\/loja\/wp-json\/wp\/v2\/comments?post=51130"}],"wp:featuredmedia":[{"embeddable":true,"href":"https:\/\/www.ateti.pt\/loja\/wp-json\/wp\/v2\/media\/61040"}],"wp:attachment":[{"href":"https:\/\/www.ateti.pt\/loja\/wp-json\/wp\/v2\/media?parent=51130"}],"wp:term":[{"taxonomy":"product_brand","embeddable":true,"href":"https:\/\/www.ateti.pt\/loja\/wp-json\/wp\/v2\/product_brand?post=51130"},{"taxonomy":"product_cat","embeddable":true,"href":"https:\/\/www.ateti.pt\/loja\/wp-json\/wp\/v2\/product_cat?post=51130"},{"taxonomy":"product_tag","embeddable":true,"href":"https:\/\/www.ateti.pt\/loja\/wp-json\/wp\/v2\/product_tag?post=51130"},{"taxonomy":"woo-feed-brand","embeddable":true,"href":"https:\/\/www.ateti.pt\/loja\/wp-json\/wp\/v2\/woo-feed-brand?post=51130"}],"curies":[{"name":"wp","href":"https:\/\/api.w.org\/{rel}","templated":true}]}}