{"id":50898,"date":"2026-01-01T15:51:09","date_gmt":"2026-01-01T15:51:09","guid":{"rendered":"https:\/\/www.ateti.pt\/loja\/?post_type=product&#038;p=50898"},"modified":"2026-03-02T16:47:40","modified_gmt":"2026-03-02T16:47:40","slug":"vara-de-arames-26cm-alimidu","status":"publish","type":"product","link":"https:\/\/www.ateti.pt\/loja\/produto\/vara-de-arames-26cm-alimidu\/","title":{"rendered":"Vara de Arames 26cm Alimidu"},"content":{"rendered":"<p><strong>Vara de Arames 26cm Alimidu<\/strong><\/p>\n<p>Batedor de ovos<\/p>\n<p>Comprometemos com a inova\u00e7\u00e3o de utens\u00edlios de cozinha de qualidade superior.<\/p>\n<p>\u00d3timos utens\u00edlios de cozinha para aproveitar a vida.<\/p>\n<p>Leva a vida de forma diferente e adicione cor \u00e0 sua sa\u00fade.<\/p>\n<p>Porque a vida come\u00e7a com uma cozinha saud\u00e1vel.<\/p>\n","protected":false},"excerpt":{"rendered":"<p>2.29\u20ac\/un.<\/p>\n","protected":false},"featured_media":61005,"comment_status":"closed","ping_status":"closed","template":"","meta":{"_themeisle_gutenberg_block_has_review":false},"product_brand":[],"product_cat":[237,706],"product_tag":[593],"woo-feed-brand":[],"class_list":{"0":"post-50898","1":"product","2":"type-product","3":"status-publish","4":"has-post-thumbnail","6":"product_cat-casa-jardim","7":"product_cat-utilitarios-de-casa","8":"product_tag-novidades","9":"ts_product_brand-alimidu","11":"first","12":"instock","13":"sale","14":"taxable","15":"shipping-taxable","16":"purchasable","17":"product-type-simple"},"_links":{"self":[{"href":"https:\/\/www.ateti.pt\/loja\/wp-json\/wp\/v2\/product\/50898","targetHints":{"allow":["GET"]}}],"collection":[{"href":"https:\/\/www.ateti.pt\/loja\/wp-json\/wp\/v2\/product"}],"about":[{"href":"https:\/\/www.ateti.pt\/loja\/wp-json\/wp\/v2\/types\/product"}],"replies":[{"embeddable":true,"href":"https:\/\/www.ateti.pt\/loja\/wp-json\/wp\/v2\/comments?post=50898"}],"wp:featuredmedia":[{"embeddable":true,"href":"https:\/\/www.ateti.pt\/loja\/wp-json\/wp\/v2\/media\/61005"}],"wp:attachment":[{"href":"https:\/\/www.ateti.pt\/loja\/wp-json\/wp\/v2\/media?parent=50898"}],"wp:term":[{"taxonomy":"product_brand","embeddable":true,"href":"https:\/\/www.ateti.pt\/loja\/wp-json\/wp\/v2\/product_brand?post=50898"},{"taxonomy":"product_cat","embeddable":true,"href":"https:\/\/www.ateti.pt\/loja\/wp-json\/wp\/v2\/product_cat?post=50898"},{"taxonomy":"product_tag","embeddable":true,"href":"https:\/\/www.ateti.pt\/loja\/wp-json\/wp\/v2\/product_tag?post=50898"},{"taxonomy":"woo-feed-brand","embeddable":true,"href":"https:\/\/www.ateti.pt\/loja\/wp-json\/wp\/v2\/woo-feed-brand?post=50898"}],"curies":[{"name":"wp","href":"https:\/\/api.w.org\/{rel}","templated":true}]}}

<p><strong>Vara de Arames 26cm Alimidu</strong></p>
<p>Batedor de ovos</p>
<p>Comprometemos com a inovação de utensílios de cozinha de qualidade superior.</p>
<p>Ótimos utensílios de cozinha para aproveitar a vida.</p>
<p>Leva a vida de forma diferente e adicione cor à sua saúde.</p>
<p>Porque a vida começa com uma cozinha saudável.</p>
