{"id":50872,"date":"2026-01-01T12:21:15","date_gmt":"2026-01-01T12:21:15","guid":{"rendered":"https:\/\/www.ateti.pt\/loja\/?post_type=product&#038;p=50872"},"modified":"2026-03-02T16:49:05","modified_gmt":"2026-03-02T16:49:05","slug":"descascador-de-legumes-alimidu","status":"publish","type":"product","link":"https:\/\/www.ateti.pt\/loja\/produto\/descascador-de-legumes-alimidu\/","title":{"rendered":"Descascador de Legumes Alimidu"},"content":{"rendered":"<p><strong>Descascador de Legumes Alimidu<\/strong><\/p>\n<p><strong>Tamanho:\u00a0<\/strong>12cm<\/p>\n<p><strong>Material:\u00a0<\/strong>Inox e Pl\u00e1stico<\/p>\n<p>Mantenha fora do alcance das crian\u00e7as.<\/p>\n<p>Este produto n\u00e3o \u00e9 um brinquedo.<\/p>\n<p>Comprometidos com a inova\u00e7\u00e3o de utens\u00edlios de cozinha de qualidade superior. \u00d3timos utens\u00edlios de cozinha para aproveitar a vida. Leve a vida de forma diferente e adicione cor \u00e0 sua sa\u00fade. Porque a vida come\u00e7a com uma cozinha saud\u00e1vel.<\/p>\n","protected":false},"excerpt":{"rendered":"<p>1.49\u20ac\/un<\/p>\n","protected":false},"featured_media":50875,"comment_status":"closed","ping_status":"closed","template":"","meta":{"_themeisle_gutenberg_block_has_review":false},"product_brand":[],"product_cat":[237,706],"product_tag":[593],"woo-feed-brand":[],"class_list":{"0":"post-50872","1":"product","2":"type-product","3":"status-publish","4":"has-post-thumbnail","6":"product_cat-casa-jardim","7":"product_cat-utilitarios-de-casa","8":"product_tag-novidades","9":"ts_product_brand-alimidu","11":"first","12":"instock","13":"sale","14":"taxable","15":"shipping-taxable","16":"purchasable","17":"product-type-simple"},"_links":{"self":[{"href":"https:\/\/www.ateti.pt\/loja\/wp-json\/wp\/v2\/product\/50872","targetHints":{"allow":["GET"]}}],"collection":[{"href":"https:\/\/www.ateti.pt\/loja\/wp-json\/wp\/v2\/product"}],"about":[{"href":"https:\/\/www.ateti.pt\/loja\/wp-json\/wp\/v2\/types\/product"}],"replies":[{"embeddable":true,"href":"https:\/\/www.ateti.pt\/loja\/wp-json\/wp\/v2\/comments?post=50872"}],"wp:featuredmedia":[{"embeddable":true,"href":"https:\/\/www.ateti.pt\/loja\/wp-json\/wp\/v2\/media\/50875"}],"wp:attachment":[{"href":"https:\/\/www.ateti.pt\/loja\/wp-json\/wp\/v2\/media?parent=50872"}],"wp:term":[{"taxonomy":"product_brand","embeddable":true,"href":"https:\/\/www.ateti.pt\/loja\/wp-json\/wp\/v2\/product_brand?post=50872"},{"taxonomy":"product_cat","embeddable":true,"href":"https:\/\/www.ateti.pt\/loja\/wp-json\/wp\/v2\/product_cat?post=50872"},{"taxonomy":"product_tag","embeddable":true,"href":"https:\/\/www.ateti.pt\/loja\/wp-json\/wp\/v2\/product_tag?post=50872"},{"taxonomy":"woo-feed-brand","embeddable":true,"href":"https:\/\/www.ateti.pt\/loja\/wp-json\/wp\/v2\/woo-feed-brand?post=50872"}],"curies":[{"name":"wp","href":"https:\/\/api.w.org\/{rel}","templated":true}]}}