{"id":50353,"date":"2023-03-27T12:35:35","date_gmt":"2023-03-27T11:35:35","guid":{"rendered":"https:\/\/www.ateti.pt\/loja\/?post_type=product&#038;p=50353"},"modified":"2025-11-13T09:08:18","modified_gmt":"2025-11-13T09:08:18","slug":"massa-de-alho-200g-amanhecer","status":"publish","type":"product","link":"https:\/\/www.ateti.pt\/loja\/produto\/massa-de-alho-200g-amanhecer\/","title":{"rendered":"Massa de Alho 200g Amanhecer"},"content":{"rendered":"<p><strong>Massa de Alho<\/strong><\/p>\n<p><strong>Quantidade:\u00a0<\/strong>200g<\/p>\n<p><strong>Ingredientes:\u00a0<\/strong>Alho(85%), sal e antioxidante(\u00e1cido tart\u00e1rico).<\/p>\n<p>Condi\u00e7\u00f5es de utiliza\u00e7\u00e3o\/prepara\u00e7\u00e3o: Para temperar antes de cozinhar.<\/p>\n<p><strong>Valores nutricionais por 100g:\u00a0<\/strong>Energia: 302kj\/71kcal; L\u00edpidos: 0,3g, dos quais saturados: 0,2g; Hidratos de carbono: 13,2g, dos quais a\u00e7\u00facares: 2,3g; Fibra: 0,7g; Prote\u00ednas: 3,7g; Sal: 12,5g.<\/p>\n<p>N\u00e3o necessita de sal.<\/p>\n<p>Conservar em local fresco e seco. Manter ao abrigo da luz. Depois de aberto, conservar em local refrigerado.<\/p>\n","protected":false},"excerpt":{"rendered":"<p>5.45\u20ac\/kg<\/p>\n","protected":false},"featured_media":61098,"comment_status":"closed","ping_status":"closed","template":"","meta":{"_themeisle_gutenberg_block_has_review":false},"product_brand":[],"product_cat":[132,174],"product_tag":[593],"woo-feed-brand":[],"class_list":{"0":"post-50353","1":"product","2":"type-product","3":"status-publish","4":"has-post-thumbnail","6":"product_cat-mercearia","7":"product_cat-temperos-e-molhos","8":"product_tag-novidades","9":"ts_product_brand-amanhecer","11":"first","12":"instock","13":"taxable","14":"shipping-taxable","15":"purchasable","16":"product-type-simple"},"_links":{"self":[{"href":"https:\/\/www.ateti.pt\/loja\/wp-json\/wp\/v2\/product\/50353","targetHints":{"allow":["GET"]}}],"collection":[{"href":"https:\/\/www.ateti.pt\/loja\/wp-json\/wp\/v2\/product"}],"about":[{"href":"https:\/\/www.ateti.pt\/loja\/wp-json\/wp\/v2\/types\/product"}],"replies":[{"embeddable":true,"href":"https:\/\/www.ateti.pt\/loja\/wp-json\/wp\/v2\/comments?post=50353"}],"wp:featuredmedia":[{"embeddable":true,"href":"https:\/\/www.ateti.pt\/loja\/wp-json\/wp\/v2\/media\/61098"}],"wp:attachment":[{"href":"https:\/\/www.ateti.pt\/loja\/wp-json\/wp\/v2\/media?parent=50353"}],"wp:term":[{"taxonomy":"product_brand","embeddable":true,"href":"https:\/\/www.ateti.pt\/loja\/wp-json\/wp\/v2\/product_brand?post=50353"},{"taxonomy":"product_cat","embeddable":true,"href":"https:\/\/www.ateti.pt\/loja\/wp-json\/wp\/v2\/product_cat?post=50353"},{"taxonomy":"product_tag","embeddable":true,"href":"https:\/\/www.ateti.pt\/loja\/wp-json\/wp\/v2\/product_tag?post=50353"},{"taxonomy":"woo-feed-brand","embeddable":true,"href":"https:\/\/www.ateti.pt\/loja\/wp-json\/wp\/v2\/woo-feed-brand?post=50353"}],"curies":[{"name":"wp","href":"https:\/\/api.w.org\/{rel}","templated":true}]}}