{"id":50179,"date":"2023-03-22T17:49:47","date_gmt":"2023-03-22T16:49:47","guid":{"rendered":"https:\/\/www.ateti.pt\/loja\/?post_type=product&#038;p=50179"},"modified":"2025-02-04T17:57:48","modified_gmt":"2025-02-04T17:57:48","slug":"bolsa-de-fruta-maca-e-banana-90g-amanhecer","status":"publish","type":"product","link":"https:\/\/www.ateti.pt\/loja\/produto\/bolsa-de-fruta-maca-e-banana-90g-amanhecer\/","title":{"rendered":"Bolsa de Fruta Ma\u00e7\u00e3 e Banana 90g Amanhecer"},"content":{"rendered":"<p><strong>Bolsa de Fruta Ma\u00e7\u00e3 e Banana Amanhecer<\/strong><\/p>\n<p><strong>Quantidade:\u00a0<\/strong>90g<\/p>\n<p><em>Alimento para lactentes e crian\u00e7as de pouca idade. Pur\u00e9 \u00e0 base de ma\u00e7\u00e3 e banana.<\/em><\/p>\n<p><strong>Ingredientes:\u00a0<\/strong>Pur\u00e9 de ma\u00e7\u00e3 86%, pur\u00e9 de banana 14%.<\/p>\n<p><strong>Condi\u00e7\u00f5es de utiliza\u00e7\u00e3o\/prepara\u00e7\u00e3o:\u00a0<\/strong>Produto pronto a consumir, ou se preferir, pode consumir refrigerado.<\/p>\n<p><strong>Declara\u00e7\u00e3o Nutricional (por 100g):\u00a0<\/strong>Energia: 227kj\/53kcal; L\u00edpidos: &lt;0,5g; dos quais Saturados: 0g; Hidratos de Carbono: 12g; dos quais A\u00e7\u00facares: 12g; Fibra: 1,5g; Prote\u00ednas: 0,4g; Sal: 0,01g.<\/p>\n","protected":false},"excerpt":{"rendered":"<p>8,78\u20ac\/kg<\/p>\n","protected":false},"featured_media":61254,"comment_status":"closed","ping_status":"closed","template":"","meta":{"_themeisle_gutenberg_block_has_review":false},"product_brand":[],"product_cat":[226,214],"product_tag":[593],"woo-feed-brand":[],"class_list":{"0":"post-50179","1":"product","2":"type-product","3":"status-publish","4":"has-post-thumbnail","6":"product_cat-alimentacao","7":"product_cat-bebe-crianca","8":"product_tag-novidades","9":"ts_product_brand-amanhecer","11":"first","12":"instock","13":"sale","14":"taxable","15":"shipping-taxable","16":"purchasable","17":"product-type-simple"},"_links":{"self":[{"href":"https:\/\/www.ateti.pt\/loja\/wp-json\/wp\/v2\/product\/50179","targetHints":{"allow":["GET"]}}],"collection":[{"href":"https:\/\/www.ateti.pt\/loja\/wp-json\/wp\/v2\/product"}],"about":[{"href":"https:\/\/www.ateti.pt\/loja\/wp-json\/wp\/v2\/types\/product"}],"replies":[{"embeddable":true,"href":"https:\/\/www.ateti.pt\/loja\/wp-json\/wp\/v2\/comments?post=50179"}],"wp:featuredmedia":[{"embeddable":true,"href":"https:\/\/www.ateti.pt\/loja\/wp-json\/wp\/v2\/media\/61254"}],"wp:attachment":[{"href":"https:\/\/www.ateti.pt\/loja\/wp-json\/wp\/v2\/media?parent=50179"}],"wp:term":[{"taxonomy":"product_brand","embeddable":true,"href":"https:\/\/www.ateti.pt\/loja\/wp-json\/wp\/v2\/product_brand?post=50179"},{"taxonomy":"product_cat","embeddable":true,"href":"https:\/\/www.ateti.pt\/loja\/wp-json\/wp\/v2\/product_cat?post=50179"},{"taxonomy":"product_tag","embeddable":true,"href":"https:\/\/www.ateti.pt\/loja\/wp-json\/wp\/v2\/product_tag?post=50179"},{"taxonomy":"woo-feed-brand","embeddable":true,"href":"https:\/\/www.ateti.pt\/loja\/wp-json\/wp\/v2\/woo-feed-brand?post=50179"}],"curies":[{"name":"wp","href":"https:\/\/api.w.org\/{rel}","templated":true}]}}

Bolsa de Fruta Maçã e Banana 90g Amanhecer

<p><strong>Bolsa de Fruta Maçã e Banana Amanhecer</strong></p>
<p><strong>Quantidade: </strong>90g</p>
<p><em>Alimento para lactentes e crianças de pouca idade. Puré à base de maçã e banana.</em></p>
<p><strong>Ingredientes: </strong>Puré de maçã 86%, puré de banana 14%.</p>
<p><strong>Condições de utilização/preparação: </strong>Produto pronto a consumir, ou se preferir, pode consumir refrigerado.</p>
<p><strong>Declaração Nutricional (por 100g): </strong>Energia: 227kj/53kcal; Lípidos: &lt;0,5g; dos quais Saturados: 0g; Hidratos de Carbono: 12g; dos quais Açúcares: 12g; Fibra: 1,5g; Proteínas: 0,4g; Sal: 0,01g.</p>
