{"id":50021,"date":"2023-03-16T19:07:00","date_gmt":"2023-03-16T18:07:00","guid":{"rendered":"https:\/\/www.ateti.pt\/loja\/?post_type=product&#038;p=50021"},"modified":"2024-02-15T11:27:05","modified_gmt":"2024-02-15T11:27:05","slug":"dobrada-com-feijao-420g-a-mesa-de-portugal","status":"publish","type":"product","link":"https:\/\/www.ateti.pt\/loja\/produto\/dobrada-com-feijao-420g-a-mesa-de-portugal\/","title":{"rendered":"Dobrada com Feij\u00e3o 420g \u00c0 Mesa de Portugal"},"content":{"rendered":"<p><strong>Dobrada com Feij\u00e3o \u00c0 Mesa de Portugal<\/strong><\/p>\n<p><strong>Quantidade:\u00a0<\/strong>420g<\/p>\n<p><strong>Ingredientes:<\/strong> \u00c1gua, feij\u00e3o branco (35,7%), dobrada (16,96%), cenoura (2,38%), chouri\u00e7o de carne (2,38%) (carne, gordura e couratos de su\u00edno, massa de piment\u00e3o (pimento e sal), prote\u00edna de soja, sal, especiarias, a\u00e7\u00facar, emulsionante (E450), antioxidantes (E316) e conservantes (E250)), chouri\u00e7o mouro (2,38%) (carne, gordura, couratos e sangue de su\u00edno, prote\u00edna de soja, massa de piment\u00e3o (pimento e sal), sal, especiarias, emulsionante (E450) e conservantes (E250)), concentrado de tomate, sal, amido de milho, banha de su\u00edno, cebola, alho e especiarias. Pode conter vest\u00edgios de gl\u00faten e sulfitos.<\/p>\n<p><strong>Declara\u00e7\u00e3o Nutricional (por 100g):\u00a0<\/strong>Energia: 375kj\/89kcal; L\u00edpidos: 2,6g; dos quais Saturados: 1,0g; Hidratos de Carbono: 7,4g; dos quais A\u00e7\u00facares: 0,5g; Fibra: 3,0g; Prote\u00ednas: 7,6g; Sal: 1,02g.<\/p>\n<p><strong>Condi\u00e7\u00f5es de utiliza\u00e7\u00e3o\/prepara\u00e7\u00e3o: <\/strong><em>Fog\u00e3o:<\/em> Deite o conte\u00fado da sua &#8220;refei\u00e7\u00e3o pronta&#8221; num recipiente e aque\u00e7a em lume brando at\u00e9 \u00e0 temperatura desejada.\u00a0\u00a0\u00a0\u00a0 <em>Banho Maria: <\/em>Abrir a lata e coloca em banho-maria durante 29minutos.\u00a0\u00a0\u00a0\u00a0\u00a0 <em>Micro-ondas: <\/em>Colocar o conte\u00fado num recipiente adequado, tapar e aquecer durante 2 ou 3 minutos, dependendo da pot\u00eancia do aparelho.<\/p>\n","protected":false},"excerpt":{"rendered":"<p>7.12\u20ac\/kg<\/p>\n","protected":false},"featured_media":61261,"comment_status":"closed","ping_status":"closed","template":"","meta":{"_themeisle_gutenberg_block_has_review":false},"product_brand":[],"product_cat":[155,199,132],"product_tag":[],"woo-feed-brand":[],"class_list":{"0":"post-50021","1":"product","2":"type-product","3":"status-publish","4":"has-post-thumbnail","6":"product_cat-conservas","7":"product_cat-frascos-e-latas","8":"product_cat-mercearia","9":"ts_product_brand-a-mesa-de-portugal","11":"first","12":"instock","13":"taxable","14":"shipping-taxable","15":"purchasable","16":"product-type-simple"},"_links":{"self":[{"href":"https:\/\/www.ateti.pt\/loja\/wp-json\/wp\/v2\/product\/50021","targetHints":{"allow":["GET"]}}],"collection":[{"href":"https:\/\/www.ateti.pt\/loja\/wp-json\/wp\/v2\/product"}],"about":[{"href":"https:\/\/www.ateti.pt\/loja\/wp-json\/wp\/v2\/types\/product"}],"replies":[{"embeddable":true,"href":"https:\/\/www.ateti.pt\/loja\/wp-json\/wp\/v2\/comments?post=50021"}],"wp:featuredmedia":[{"embeddable":true,"href":"https:\/\/www.ateti.pt\/loja\/wp-json\/wp\/v2\/media\/61261"}],"wp:attachment":[{"href":"https:\/\/www.ateti.pt\/loja\/wp-json\/wp\/v2\/media?parent=50021"}],"wp:term":[{"taxonomy":"product_brand","embeddable":true,"href":"https:\/\/www.ateti.pt\/loja\/wp-json\/wp\/v2\/product_brand?post=50021"},{"taxonomy":"product_cat","embeddable":true,"href":"https:\/\/www.ateti.pt\/loja\/wp-json\/wp\/v2\/product_cat?post=50021"},{"taxonomy":"product_tag","embeddable":true,"href":"https:\/\/www.ateti.pt\/loja\/wp-json\/wp\/v2\/product_tag?post=50021"},{"taxonomy":"woo-feed-brand","embeddable":true,"href":"https:\/\/www.ateti.pt\/loja\/wp-json\/wp\/v2\/woo-feed-brand?post=50021"}],"curies":[{"name":"wp","href":"https:\/\/api.w.org\/{rel}","templated":true}]}}

Dobrada com Feijão 420g À Mesa de Portugal

<p><strong>Dobrada com Feijão À Mesa de Portugal</strong></p>
<p><strong>Quantidade: </strong>420g</p>
<p><strong>Ingredientes:</strong> Água, feijão branco (35,7%), dobrada (16,96%), cenoura (2,38%), chouriço de carne (2,38%) (carne, gordura e couratos de suíno, massa de pimentão (pimento e sal), proteína de soja, sal, especiarias, açúcar, emulsionante (E450), antioxidantes (E316) e conservantes (E250)), chouriço mouro (2,38%) (carne, gordura, couratos e sangue de suíno, proteína de soja, massa de pimentão (pimento e sal), sal, especiarias, emulsionante (E450) e conservantes (E250)), concentrado de tomate, sal, amido de milho, banha de suíno, cebola, alho e especiarias. Pode conter vestígios de glúten e sulfitos.</p>
<p><strong>Declaração Nutricional (por 100g): </strong>Energia: 375kj/89kcal; Lípidos: 2,6g; dos quais Saturados: 1,0g; Hidratos de Carbono: 7,4g; dos quais Açúcares: 0,5g; Fibra: 3,0g; Proteínas: 7,6g; Sal: 1,02g.</p>
<p><strong>Condições de utilização/preparação: </strong><em>Fogão:</em> Deite o conteúdo da sua &#8220;refeição pronta&#8221; num recipiente e aqueça em lume brando até à temperatura desejada.     <em>Banho Maria: </em>Abrir a lata e coloca em banho-maria durante 29minutos.      <em>Micro-ondas: </em>Colocar o conteúdo num recipiente adequado, tapar e aquecer durante 2 ou 3 minutos, dependendo da potência do aparelho.</p>
