{"id":49974,"date":"2026-01-05T10:30:42","date_gmt":"2026-01-05T10:30:42","guid":{"rendered":"https:\/\/www.ateti.pt\/loja\/?post_type=product&#038;p=49974"},"modified":"2026-03-06T11:41:43","modified_gmt":"2026-03-06T11:41:43","slug":"chocolate-de-leite-dos-alpes-250g-milka","status":"publish","type":"product","link":"https:\/\/www.ateti.pt\/loja\/produto\/chocolate-de-leite-dos-alpes-250g-milka\/","title":{"rendered":"Chocolate de Leite dos Alpes 250g Milka (27-03-2026)"},"content":{"rendered":"<p><strong>Chocolate de Leite dos Alpes Milka<\/strong><\/p>\n<p><strong>Quantidade:\u00a0<\/strong>250g<\/p>\n<p><strong>Ingredientes:\u00a0<\/strong>A\u00e7\u00facar, manteiga de cacau, pasta de cacau, leite em p\u00f3 magro, soro de leite em p\u00f3, gordura do leite, emulsionante (lecitinas de soja), pasta de avel\u00e3s, aroma. Cacau: 33%m\u00ednimo. Pode conter outros frutos de casca rija e trigo.<\/p>\n<p><strong>Declara\u00e7\u00e3o Nutricional (por 100g):\u00a0<\/strong>Energia: 2251kj\/675kcal; L\u00edpidos: 31g; dos quais Saturados: 19g; Hidratos de Carbono: 57g; dos quais A\u00e7\u00facares: 55g; Fibra: 2,3g; Prote\u00ednas: 6,5g; Sal: 0,28g.<\/p>\n","protected":false},"excerpt":{"rendered":"<p>21.56\u20ac\/kg<\/p>\n","protected":false},"featured_media":61265,"comment_status":"closed","ping_status":"closed","template":"","meta":{"_themeisle_gutenberg_block_has_review":false},"product_brand":[],"product_cat":[25,144,132,265],"product_tag":[],"woo-feed-brand":[],"class_list":{"0":"post-49974","1":"product","2":"type-product","3":"status-publish","4":"has-post-thumbnail","6":"product_cat-chocolates","7":"product_cat-chocolates-biscoitos-e-cereais","8":"product_cat-mercearia","9":"product_cat-promocoes-outlet-ate-50-desconto-supermercado-online-ate-ti","10":"ts_product_brand-milka","12":"first","13":"outofstock","14":"sale","15":"taxable","16":"shipping-taxable","17":"purchasable","18":"product-type-simple"},"_links":{"self":[{"href":"https:\/\/www.ateti.pt\/loja\/wp-json\/wp\/v2\/product\/49974","targetHints":{"allow":["GET"]}}],"collection":[{"href":"https:\/\/www.ateti.pt\/loja\/wp-json\/wp\/v2\/product"}],"about":[{"href":"https:\/\/www.ateti.pt\/loja\/wp-json\/wp\/v2\/types\/product"}],"replies":[{"embeddable":true,"href":"https:\/\/www.ateti.pt\/loja\/wp-json\/wp\/v2\/comments?post=49974"}],"wp:featuredmedia":[{"embeddable":true,"href":"https:\/\/www.ateti.pt\/loja\/wp-json\/wp\/v2\/media\/61265"}],"wp:attachment":[{"href":"https:\/\/www.ateti.pt\/loja\/wp-json\/wp\/v2\/media?parent=49974"}],"wp:term":[{"taxonomy":"product_brand","embeddable":true,"href":"https:\/\/www.ateti.pt\/loja\/wp-json\/wp\/v2\/product_brand?post=49974"},{"taxonomy":"product_cat","embeddable":true,"href":"https:\/\/www.ateti.pt\/loja\/wp-json\/wp\/v2\/product_cat?post=49974"},{"taxonomy":"product_tag","embeddable":true,"href":"https:\/\/www.ateti.pt\/loja\/wp-json\/wp\/v2\/product_tag?post=49974"},{"taxonomy":"woo-feed-brand","embeddable":true,"href":"https:\/\/www.ateti.pt\/loja\/wp-json\/wp\/v2\/woo-feed-brand?post=49974"}],"curies":[{"name":"wp","href":"https:\/\/api.w.org\/{rel}","templated":true}]}}