{"id":49882,"date":"2023-03-13T18:05:11","date_gmt":"2023-03-13T17:05:11","guid":{"rendered":"https:\/\/www.ateti.pt\/loja\/?post_type=product&#038;p=49882"},"modified":"2024-02-15T11:32:55","modified_gmt":"2024-02-15T11:32:55","slug":"cueca-de-incontinencia-m-14un-amanhecer","status":"publish","type":"product","link":"https:\/\/www.ateti.pt\/loja\/produto\/cueca-de-incontinencia-m-14un-amanhecer\/","title":{"rendered":"Cueca de Incontin\u00eancia M 14un Amanhecer"},"content":{"rendered":"<p><strong>Cueca de Incontin\u00eancia M Amanhecer<\/strong><\/p>\n<p><strong>Quantidade:\u00a0<\/strong>14un<\/p>\n<p><em>70-120cm<\/em><\/p>\n<p><strong>Indica\u00e7\u00f5es:\u00a0<\/strong>Indicado para adultos com perdas de urina moderadas.<\/p>\n<p><em>C\u00f3modo: Cintura el\u00e1stica suave que se ajusta ao corpo como a roupa interior. _ Discreto: Design anat\u00f3mico. _ Absor\u00e7\u00e3o refor\u00e7ada: Gra\u00e7as ao seu n\u00facleo duplo e r\u00e1pida distribui\u00e7\u00e3o de urina. _ Indicador de humidade: Desaparece indicando a necessidade de trocar a cueca. _ Controlo eficaz do odor: Inclui um sistema com propriedades neutralizadoras de odor. _ Barreira anti fugas: Com barreiras laterais que protegem contra as fugas de urina. _ F\u00e1cil de colocar e f\u00e1cil de retirar: Costuras laterais facilmente rasg\u00e1veis. _ Sem l\u00e1tex.<\/em><\/p>\n","protected":false},"excerpt":{"rendered":"<p>0,86\u20ac\/un<\/p>\n","protected":false},"featured_media":61268,"comment_status":"closed","ping_status":"closed","template":"","meta":{"_themeisle_gutenberg_block_has_review":false},"product_brand":[],"product_cat":[203,230],"product_tag":[593],"woo-feed-brand":[],"class_list":{"0":"post-49882","1":"product","2":"type-product","3":"status-publish","4":"has-post-thumbnail","6":"product_cat-beleza-e-higiene","7":"product_cat-higiene-feminina","8":"product_tag-novidades","9":"ts_product_brand-amanhecer","11":"first","12":"instock","13":"taxable","14":"shipping-taxable","15":"purchasable","16":"product-type-simple"},"_links":{"self":[{"href":"https:\/\/www.ateti.pt\/loja\/wp-json\/wp\/v2\/product\/49882","targetHints":{"allow":["GET"]}}],"collection":[{"href":"https:\/\/www.ateti.pt\/loja\/wp-json\/wp\/v2\/product"}],"about":[{"href":"https:\/\/www.ateti.pt\/loja\/wp-json\/wp\/v2\/types\/product"}],"replies":[{"embeddable":true,"href":"https:\/\/www.ateti.pt\/loja\/wp-json\/wp\/v2\/comments?post=49882"}],"wp:featuredmedia":[{"embeddable":true,"href":"https:\/\/www.ateti.pt\/loja\/wp-json\/wp\/v2\/media\/61268"}],"wp:attachment":[{"href":"https:\/\/www.ateti.pt\/loja\/wp-json\/wp\/v2\/media?parent=49882"}],"wp:term":[{"taxonomy":"product_brand","embeddable":true,"href":"https:\/\/www.ateti.pt\/loja\/wp-json\/wp\/v2\/product_brand?post=49882"},{"taxonomy":"product_cat","embeddable":true,"href":"https:\/\/www.ateti.pt\/loja\/wp-json\/wp\/v2\/product_cat?post=49882"},{"taxonomy":"product_tag","embeddable":true,"href":"https:\/\/www.ateti.pt\/loja\/wp-json\/wp\/v2\/product_tag?post=49882"},{"taxonomy":"woo-feed-brand","embeddable":true,"href":"https:\/\/www.ateti.pt\/loja\/wp-json\/wp\/v2\/woo-feed-brand?post=49882"}],"curies":[{"name":"wp","href":"https:\/\/api.w.org\/{rel}","templated":true}]}}