{"id":49258,"date":"2020-03-01T13:31:57","date_gmt":"2020-03-01T13:31:57","guid":{"rendered":"https:\/\/www.ateti.pt\/loja\/?post_type=product&#038;p=49258"},"modified":"2026-03-18T09:42:52","modified_gmt":"2026-03-18T09:42:52","slug":"cha-flor-de-carqueja-25g-salutem","status":"publish","type":"product","link":"https:\/\/www.ateti.pt\/loja\/produto\/cha-flor-de-carqueja-25g-salutem\/","title":{"rendered":"Ch\u00e1 Flor de Carqueja 25g Salutem (31-12-2026)"},"content":{"rendered":"<p><strong>Ch\u00e1 Flor de Carqueja Salutem<\/strong><\/p>\n<p><strong>Quantidade:\u00a0<\/strong>25g<\/p>\n<p><strong>Ingredientes:\u00a0<\/strong>Carqueja flor (Pteurospartum tridentantum), flor.<\/p>\n<p><strong>Modo de Prepara\u00e7\u00e3o:\u00a0<\/strong>Deitar 2 colheres de sopa num litro de \u00e1gua a ferver. Tape e deixe repousar 4 a 6 minutos. Est\u00e1 pronto a tomar. Pode beber frio ou quente.<\/p>\n<p><strong>Recomenda-se:\u00a0<\/strong>Tomar at\u00e9 4 ch\u00e1venas de ch\u00e1 por dia.<\/p>\n<p><em>Os ch\u00e1s de plantas s\u00e3o um bom complemento de uma dieta equilibrada e da pr\u00e1tica de exerc\u00edcio f\u00edsico regular, sem comprometer o bom estado do organismo, n\u00e3o sendo substituto de um modo de vida saud\u00e1vel.<\/em><\/p>\n<p>Para a planta conservar as suas qualidades, mantenha a embalagem fechada e em local fresco e seco.<\/p>\n","protected":false},"excerpt":{"rendered":"<p>79,60\u20ac\/kg<\/p>\n","protected":false},"featured_media":61393,"comment_status":"closed","ping_status":"closed","template":"","meta":{"_themeisle_gutenberg_block_has_review":false},"product_brand":[],"product_cat":[207,220,26,132,265],"product_tag":[593],"woo-feed-brand":[],"class_list":{"0":"post-49258","1":"product","2":"type-product","3":"status-publish","4":"has-post-thumbnail","6":"product_cat-bio-saudavel","7":"product_cat-chas-funcionais","8":"product_cat-chas","9":"product_cat-mercearia","10":"product_cat-promocoes-outlet-ate-50-desconto-supermercado-online-ate-ti","11":"product_tag-novidades","12":"ts_product_brand-salutem","14":"first","15":"instock","16":"sale","17":"taxable","18":"shipping-taxable","19":"purchasable","20":"product-type-simple"},"_links":{"self":[{"href":"https:\/\/www.ateti.pt\/loja\/wp-json\/wp\/v2\/product\/49258","targetHints":{"allow":["GET"]}}],"collection":[{"href":"https:\/\/www.ateti.pt\/loja\/wp-json\/wp\/v2\/product"}],"about":[{"href":"https:\/\/www.ateti.pt\/loja\/wp-json\/wp\/v2\/types\/product"}],"replies":[{"embeddable":true,"href":"https:\/\/www.ateti.pt\/loja\/wp-json\/wp\/v2\/comments?post=49258"}],"wp:featuredmedia":[{"embeddable":true,"href":"https:\/\/www.ateti.pt\/loja\/wp-json\/wp\/v2\/media\/61393"}],"wp:attachment":[{"href":"https:\/\/www.ateti.pt\/loja\/wp-json\/wp\/v2\/media?parent=49258"}],"wp:term":[{"taxonomy":"product_brand","embeddable":true,"href":"https:\/\/www.ateti.pt\/loja\/wp-json\/wp\/v2\/product_brand?post=49258"},{"taxonomy":"product_cat","embeddable":true,"href":"https:\/\/www.ateti.pt\/loja\/wp-json\/wp\/v2\/product_cat?post=49258"},{"taxonomy":"product_tag","embeddable":true,"href":"https:\/\/www.ateti.pt\/loja\/wp-json\/wp\/v2\/product_tag?post=49258"},{"taxonomy":"woo-feed-brand","embeddable":true,"href":"https:\/\/www.ateti.pt\/loja\/wp-json\/wp\/v2\/woo-feed-brand?post=49258"}],"curies":[{"name":"wp","href":"https:\/\/api.w.org\/{rel}","templated":true}]}}