{"id":48959,"date":"2023-02-21T17:33:02","date_gmt":"2023-02-21T16:33:02","guid":{"rendered":"https:\/\/www.ateti.pt\/loja\/?post_type=product&#038;p=48959"},"modified":"2023-10-12T11:45:46","modified_gmt":"2023-10-12T10:45:46","slug":"leite-com-chocolate-30-acucares-ucal","status":"publish","type":"product","link":"https:\/\/www.ateti.pt\/loja\/produto\/leite-com-chocolate-30-acucares-ucal\/","title":{"rendered":"Leite com Chocolate -30% A\u00e7\u00facares pack6 250ml Ucal"},"content":{"rendered":"<p><strong>Leite com Chocolate -30% A\u00e7\u00facares<\/strong><\/p>\n<p><strong>Quantidade:<\/strong>6x250ml<\/p>\n<h4>Informa\u00e7\u00e3o Adicional<\/h4>\n<div class=\"form_field-label\">Leite (0,7% de mat\u00e9ria gorda) composto com chocolate, esterilizado. Cont\u00e9m edulcorantes.<\/div>\n<h4>Ingredientes<\/h4>\n<div class=\"form_field-label\">LEITE (0,7%) de mat\u00e9ria gorda), cacau magro em p\u00f3* (1%), sal, edulcorant acessulfame k e sucralose, estabilizador: carragenina e aroma. *Certificado Rainforest Alliance.<\/div>\n<h4>Modo de utiliza\u00e7\u00e3o<\/h4>\n<div class=\"form_field-label\">Agitar antes de abrir. N\u00e3o necessita de frigor\u00edfico antes de abrir. Ap\u00f3s abertura conservar no frigor\u00edfico e consumir no prazo de 4 dias.<\/div>\n<h4>Outras men\u00e7\u00f5es obrigat\u00f3rias ou facultativas do r\u00f3tulo<\/h4>\n<div class=\"form_field-label\">Ucal Aconselha: Uma alimenta\u00e7\u00e3o equilibrada e uma atividade f\u00edsica regular s\u00e3o essenciais para uma vida saud\u00e1vel.<\/div>\n<h4>Condi\u00e7\u00f5es de conserva\u00e7\u00e3o<\/h4>\n<div class=\"form_field-label\">Conservar em lugar fresco e a abrigo da luz.<\/div>\n","protected":false},"excerpt":{"rendered":"<p>3.99\u20ac\/lt<\/p>\n","protected":false},"featured_media":57483,"comment_status":"closed","ping_status":"closed","template":"","meta":{"_themeisle_gutenberg_block_has_review":false},"product_brand":[],"product_cat":[157,132],"product_tag":[],"woo-feed-brand":[],"class_list":{"0":"post-48959","1":"product","2":"type-product","3":"status-publish","4":"has-post-thumbnail","6":"product_cat-laticinios","7":"product_cat-mercearia","8":"ts_product_brand-ucal","10":"first","11":"instock","12":"taxable","13":"shipping-taxable","14":"purchasable","15":"product-type-simple"},"_links":{"self":[{"href":"https:\/\/www.ateti.pt\/loja\/wp-json\/wp\/v2\/product\/48959","targetHints":{"allow":["GET"]}}],"collection":[{"href":"https:\/\/www.ateti.pt\/loja\/wp-json\/wp\/v2\/product"}],"about":[{"href":"https:\/\/www.ateti.pt\/loja\/wp-json\/wp\/v2\/types\/product"}],"replies":[{"embeddable":true,"href":"https:\/\/www.ateti.pt\/loja\/wp-json\/wp\/v2\/comments?post=48959"}],"wp:featuredmedia":[{"embeddable":true,"href":"https:\/\/www.ateti.pt\/loja\/wp-json\/wp\/v2\/media\/57483"}],"wp:attachment":[{"href":"https:\/\/www.ateti.pt\/loja\/wp-json\/wp\/v2\/media?parent=48959"}],"wp:term":[{"taxonomy":"product_brand","embeddable":true,"href":"https:\/\/www.ateti.pt\/loja\/wp-json\/wp\/v2\/product_brand?post=48959"},{"taxonomy":"product_cat","embeddable":true,"href":"https:\/\/www.ateti.pt\/loja\/wp-json\/wp\/v2\/product_cat?post=48959"},{"taxonomy":"product_tag","embeddable":true,"href":"https:\/\/www.ateti.pt\/loja\/wp-json\/wp\/v2\/product_tag?post=48959"},{"taxonomy":"woo-feed-brand","embeddable":true,"href":"https:\/\/www.ateti.pt\/loja\/wp-json\/wp\/v2\/woo-feed-brand?post=48959"}],"curies":[{"name":"wp","href":"https:\/\/api.w.org\/{rel}","templated":true}]}}