{"id":48781,"date":"2023-11-08T00:54:04","date_gmt":"2023-11-07T23:54:04","guid":{"rendered":"https:\/\/www.ateti.pt\/loja\/?post_type=product&#038;p=48781"},"modified":"2024-03-12T09:58:14","modified_gmt":"2024-03-12T09:58:14","slug":"bolacha-linguas-de-gato-200g-amanhecer","status":"publish","type":"product","link":"https:\/\/www.ateti.pt\/loja\/produto\/bolacha-linguas-de-gato-200g-amanhecer\/","title":{"rendered":"Bolacha L\u00ednguas de Gato 200g Amanhecer"},"content":{"rendered":"<p><strong>Bolacha L\u00ednguas de Gato Amanhecer<\/strong><\/p>\n<p><strong>Quantidade:\u00a0<\/strong>200g<\/p>\n<p><em>Biscoito L\u00ednguas de Gato<\/em><\/p>\n<p><strong>Ingredientes:\u00a0<\/strong>Farinha de trigo, a\u00e7\u00facar, \u00f3leo de girassol, lecitinas (soja), canela em p\u00f3 (0,3%), levedantes (carbonatos de s\u00f3dio e carbonatos de am\u00f3nio (carbonato de magn\u00e9sio)), aroma, sal. Pode conter vest\u00edgios de leite, tremo\u00e7o, amendoim, sementes de s\u00e9samo, ovos, sulfitos e frutos de casca rija.<\/p>\n<p><strong>Declara\u00e7\u00e3o Nutricional (por 100g):\u00a0<\/strong>Energia: 1824kj\/432kcal; L\u00edpidos: 10g; dos quais Saturados: 1,2g; Hidratos de Carbono: 78,1g; dos quais A\u00e7\u00facares: 38,4g; Fibra: 2,4g; Prote\u00ednas: 6,2g; Sal: 0,4g.<\/p>\n","protected":false},"excerpt":{"rendered":"<p>3,95\u20ac\/kg<\/p>\n","protected":false},"featured_media":61467,"comment_status":"closed","ping_status":"closed","template":"","meta":{"_themeisle_gutenberg_block_has_review":false},"product_brand":[],"product_cat":[134,688],"product_tag":[],"woo-feed-brand":[],"class_list":{"0":"post-48781","1":"product","2":"type-product","3":"status-publish","4":"has-post-thumbnail","6":"product_cat-bolachas-biscoitos","7":"product_cat-chocolates-bolachas","8":"ts_product_brand-amanhecer","10":"first","11":"instock","12":"taxable","13":"shipping-taxable","14":"purchasable","15":"product-type-simple"},"_links":{"self":[{"href":"https:\/\/www.ateti.pt\/loja\/wp-json\/wp\/v2\/product\/48781","targetHints":{"allow":["GET"]}}],"collection":[{"href":"https:\/\/www.ateti.pt\/loja\/wp-json\/wp\/v2\/product"}],"about":[{"href":"https:\/\/www.ateti.pt\/loja\/wp-json\/wp\/v2\/types\/product"}],"replies":[{"embeddable":true,"href":"https:\/\/www.ateti.pt\/loja\/wp-json\/wp\/v2\/comments?post=48781"}],"wp:featuredmedia":[{"embeddable":true,"href":"https:\/\/www.ateti.pt\/loja\/wp-json\/wp\/v2\/media\/61467"}],"wp:attachment":[{"href":"https:\/\/www.ateti.pt\/loja\/wp-json\/wp\/v2\/media?parent=48781"}],"wp:term":[{"taxonomy":"product_brand","embeddable":true,"href":"https:\/\/www.ateti.pt\/loja\/wp-json\/wp\/v2\/product_brand?post=48781"},{"taxonomy":"product_cat","embeddable":true,"href":"https:\/\/www.ateti.pt\/loja\/wp-json\/wp\/v2\/product_cat?post=48781"},{"taxonomy":"product_tag","embeddable":true,"href":"https:\/\/www.ateti.pt\/loja\/wp-json\/wp\/v2\/product_tag?post=48781"},{"taxonomy":"woo-feed-brand","embeddable":true,"href":"https:\/\/www.ateti.pt\/loja\/wp-json\/wp\/v2\/woo-feed-brand?post=48781"}],"curies":[{"name":"wp","href":"https:\/\/api.w.org\/{rel}","templated":true}]}}