{"id":48775,"date":"2023-02-16T16:22:09","date_gmt":"2023-02-16T15:22:09","guid":{"rendered":"https:\/\/www.ateti.pt\/loja\/?post_type=product&#038;p=48775"},"modified":"2025-06-03T16:17:16","modified_gmt":"2025-06-03T15:17:16","slug":"ketchup-top-down-250g-gourmes","status":"publish","type":"product","link":"https:\/\/www.ateti.pt\/loja\/produto\/ketchup-top-down-250g-gourmes\/","title":{"rendered":"Ketchup Top Down 250g Gourm\u00eas"},"content":{"rendered":"<p><strong>Ketchup Top Down Gourm\u00eas<\/strong><\/p>\n<p><strong>Quantidade:\u00a0<\/strong>250g<\/p>\n<p><strong>Ingredientes:\u00a0<\/strong>\u00c1gua, concentrado de tomate, a\u00e7\u00facar, vinagre de \u00e1lcool, sal, espessante (amido de milho modificado), regulador de acidez (\u00e1cido c\u00edtrico), conservante (sorbato de pot\u00e1ssio), espessante (goma xantana), especiarias (aipo).<\/p>\n<p><strong>Declara\u00e7\u00e3o Nutricional (por 100g):\u00a0<\/strong>Energia: 516kj\/122kcal; L\u00edpidos: &lt;0,1g; dos quais Saturados: 0g; Hidratos de Carbono: 27,8g; dos quais A\u00e7\u00facares: 23,5g; Fibra: 1,5g; Prote\u00ednas: 1,6g; Sal: 2,5g; Licopeno: 28,4mg.<\/p>\n","protected":false},"excerpt":{"rendered":"<p>5,16\u20ac\/kg<\/p>\n","protected":false},"featured_media":61465,"comment_status":"closed","ping_status":"closed","template":"","meta":{"_themeisle_gutenberg_block_has_review":false},"product_brand":[],"product_cat":[132,174],"product_tag":[],"woo-feed-brand":[],"class_list":{"0":"post-48775","1":"product","2":"type-product","3":"status-publish","4":"has-post-thumbnail","6":"product_cat-mercearia","7":"product_cat-temperos-e-molhos","8":"ts_product_brand-gourmes","10":"first","11":"instock","12":"taxable","13":"shipping-taxable","14":"purchasable","15":"product-type-simple"},"_links":{"self":[{"href":"https:\/\/www.ateti.pt\/loja\/wp-json\/wp\/v2\/product\/48775","targetHints":{"allow":["GET"]}}],"collection":[{"href":"https:\/\/www.ateti.pt\/loja\/wp-json\/wp\/v2\/product"}],"about":[{"href":"https:\/\/www.ateti.pt\/loja\/wp-json\/wp\/v2\/types\/product"}],"replies":[{"embeddable":true,"href":"https:\/\/www.ateti.pt\/loja\/wp-json\/wp\/v2\/comments?post=48775"}],"wp:featuredmedia":[{"embeddable":true,"href":"https:\/\/www.ateti.pt\/loja\/wp-json\/wp\/v2\/media\/61465"}],"wp:attachment":[{"href":"https:\/\/www.ateti.pt\/loja\/wp-json\/wp\/v2\/media?parent=48775"}],"wp:term":[{"taxonomy":"product_brand","embeddable":true,"href":"https:\/\/www.ateti.pt\/loja\/wp-json\/wp\/v2\/product_brand?post=48775"},{"taxonomy":"product_cat","embeddable":true,"href":"https:\/\/www.ateti.pt\/loja\/wp-json\/wp\/v2\/product_cat?post=48775"},{"taxonomy":"product_tag","embeddable":true,"href":"https:\/\/www.ateti.pt\/loja\/wp-json\/wp\/v2\/product_tag?post=48775"},{"taxonomy":"woo-feed-brand","embeddable":true,"href":"https:\/\/www.ateti.pt\/loja\/wp-json\/wp\/v2\/woo-feed-brand?post=48775"}],"curies":[{"name":"wp","href":"https:\/\/api.w.org\/{rel}","templated":true}]}}