{"id":47021,"date":"2022-12-28T23:54:00","date_gmt":"2022-12-28T22:54:00","guid":{"rendered":"https:\/\/www.ateti.pt\/loja\/?post_type=product&#038;p=47021"},"modified":"2024-02-19T11:14:23","modified_gmt":"2024-02-19T11:14:23","slug":"feijoada-a-transmontana-a-mesa-de-portugal-420g","status":"publish","type":"product","link":"https:\/\/www.ateti.pt\/loja\/produto\/feijoada-a-transmontana-a-mesa-de-portugal-420g\/","title":{"rendered":"Feijoada \u00e0 Transmontana 420g \u00c0 Mesa de Portugal"},"content":{"rendered":"<p><strong>Feijoada \u00e0 Transmontana \u00c0 Mesa de Portugal<\/strong><\/p>\n<p><strong>Quantidade:<\/strong> 420g<\/p>\n<p><strong>Ingredientes: <\/strong>\u00c1gua, feij\u00e3o encarnado (34,2%) (origem n\u00e3o UE), carne de su\u00edno (18,2%)(origem UE), chouri\u00e7o de carne (2,38%)(carne, gordura e couratos de su\u00edno, massa de piment\u00e3o(pimenta e sal), prote\u00edna de soja, sal, especiarias, a\u00e7\u00facar, emulsionantes E450, antioxidantes E316 e conservantes E250), chouri\u00e7o mouro (2,38%)(carne, gordura, couratos de sangue de su\u00edno, prote\u00edna de soja, massa de piment\u00e3o (pimenta e sal), sal, especiarias, emulsionante E450 e conservantes E250), cenoura (2,38%), sal, amido de milho, concentrado de tomate, banha de su\u00edno, pur\u00e9 de batata, cebola, alho, especiarias e couve. Pode conter vest\u00edgios de gl\u00faten e sulfitos.<\/p>\n<p><strong>Condi\u00e7\u00f5es de utiliza\u00e7\u00e3o\/prepara\u00e7\u00e3o: <\/strong><em>Fog\u00e3o:<\/em> Deite o conte\u00fado da sua &#8220;refei\u00e7\u00e3o pronta&#8221; num recipiente e aque\u00e7a em lume brando at\u00e9 \u00e0 temperatura desejada.\u00a0\u00a0\u00a0\u00a0 <em>Banho Maria: <\/em>Abrir a lata e coloca em banho-maria durante 29minutos.\u00a0\u00a0\u00a0\u00a0\u00a0 <em>Micro-ondas: <\/em>Colocar o conte\u00fado num recipiente adequado, tapar e aquecer durante 2 ou 3 minutos, dependendo da pot\u00eancia do aparelho.<\/p>\n<p><strong>Declara\u00e7\u00e3o Nutricional (por 100g): <\/strong>Energia: 394kj\/94kcal; L\u00edpidos: 3,8g; dos quais Saturados: 2,0g; Hidratos de Carbono: 6,6g; dos quais A\u00e7\u00facares: 0,8g; Fibra: 3,2g; Prote\u00ednas: 6,8g; Sal: 1,1g.<\/p>\n","protected":false},"excerpt":{"rendered":"<p>7.12\u20ac\/kg<\/p>\n","protected":false},"featured_media":61543,"comment_status":"closed","ping_status":"closed","template":"","meta":{"_themeisle_gutenberg_block_has_review":false},"product_brand":[],"product_cat":[155,199,132],"product_tag":[593],"woo-feed-brand":[],"class_list":{"0":"post-47021","1":"product","2":"type-product","3":"status-publish","4":"has-post-thumbnail","6":"product_cat-conservas","7":"product_cat-frascos-e-latas","8":"product_cat-mercearia","9":"product_tag-novidades","10":"ts_product_brand-a-mesa-de-portugal","12":"first","13":"instock","14":"taxable","15":"shipping-taxable","16":"purchasable","17":"product-type-simple"},"_links":{"self":[{"href":"https:\/\/www.ateti.pt\/loja\/wp-json\/wp\/v2\/product\/47021","targetHints":{"allow":["GET"]}}],"collection":[{"href":"https:\/\/www.ateti.pt\/loja\/wp-json\/wp\/v2\/product"}],"about":[{"href":"https:\/\/www.ateti.pt\/loja\/wp-json\/wp\/v2\/types\/product"}],"replies":[{"embeddable":true,"href":"https:\/\/www.ateti.pt\/loja\/wp-json\/wp\/v2\/comments?post=47021"}],"wp:featuredmedia":[{"embeddable":true,"href":"https:\/\/www.ateti.pt\/loja\/wp-json\/wp\/v2\/media\/61543"}],"wp:attachment":[{"href":"https:\/\/www.ateti.pt\/loja\/wp-json\/wp\/v2\/media?parent=47021"}],"wp:term":[{"taxonomy":"product_brand","embeddable":true,"href":"https:\/\/www.ateti.pt\/loja\/wp-json\/wp\/v2\/product_brand?post=47021"},{"taxonomy":"product_cat","embeddable":true,"href":"https:\/\/www.ateti.pt\/loja\/wp-json\/wp\/v2\/product_cat?post=47021"},{"taxonomy":"product_tag","embeddable":true,"href":"https:\/\/www.ateti.pt\/loja\/wp-json\/wp\/v2\/product_tag?post=47021"},{"taxonomy":"woo-feed-brand","embeddable":true,"href":"https:\/\/www.ateti.pt\/loja\/wp-json\/wp\/v2\/woo-feed-brand?post=47021"}],"curies":[{"name":"wp","href":"https:\/\/api.w.org\/{rel}","templated":true}]}}

Feijoada à Transmontana 420g À Mesa de Portugal

<p><strong>Feijoada à Transmontana À Mesa de Portugal</strong></p>
<p><strong>Quantidade:</strong> 420g</p>
<p><strong>Ingredientes: </strong>Água, feijão encarnado (34,2%) (origem não UE), carne de suíno (18,2%)(origem UE), chouriço de carne (2,38%)(carne, gordura e couratos de suíno, massa de pimentão(pimenta e sal), proteína de soja, sal, especiarias, açúcar, emulsionantes E450, antioxidantes E316 e conservantes E250), chouriço mouro (2,38%)(carne, gordura, couratos de sangue de suíno, proteína de soja, massa de pimentão (pimenta e sal), sal, especiarias, emulsionante E450 e conservantes E250), cenoura (2,38%), sal, amido de milho, concentrado de tomate, banha de suíno, puré de batata, cebola, alho, especiarias e couve. Pode conter vestígios de glúten e sulfitos.</p>
<p><strong>Condições de utilização/preparação: </strong><em>Fogão:</em> Deite o conteúdo da sua &#8220;refeição pronta&#8221; num recipiente e aqueça em lume brando até à temperatura desejada.     <em>Banho Maria: </em>Abrir a lata e coloca em banho-maria durante 29minutos.      <em>Micro-ondas: </em>Colocar o conteúdo num recipiente adequado, tapar e aquecer durante 2 ou 3 minutos, dependendo da potência do aparelho.</p>
<p><strong>Declaração Nutricional (por 100g): </strong>Energia: 394kj/94kcal; Lípidos: 3,8g; dos quais Saturados: 2,0g; Hidratos de Carbono: 6,6g; dos quais Açúcares: 0,8g; Fibra: 3,2g; Proteínas: 6,8g; Sal: 1,1g.</p>
