{"id":46935,"date":"2022-12-26T18:29:03","date_gmt":"2022-12-26T17:29:03","guid":{"rendered":"https:\/\/www.ateti.pt\/loja\/?post_type=product&#038;p=46935"},"modified":"2024-06-19T11:13:31","modified_gmt":"2024-06-19T10:13:31","slug":"azeitonas-mistas-temperadas-amanhecer-155g","status":"publish","type":"product","link":"https:\/\/www.ateti.pt\/loja\/produto\/azeitonas-mistas-temperadas-amanhecer-155g\/","title":{"rendered":"Azeitonas Mistas Temperadas 155g Amanhecer"},"content":{"rendered":"<p><strong>Azeitonas Mistas Temperadas Amanhecer<\/strong><\/p>\n<p><strong>Quantidade:<\/strong>\u00a0155g<\/p>\n<p><em>Azeitona mista ao natural com azeite virgem extra, alho(1%) e or\u00e9g\u00e3os (0,3%)<\/em><\/p>\n<p><strong>Ingredientes:\u00a0<\/strong>Azeitona mista ao natural, sal, azeite virgem extra (3%), alho (1%) e or\u00e9g\u00e3os (0,3%). Pode conter vest\u00edgios de tremo\u00e7o.<\/p>\n<p><strong>Condi\u00e7\u00f5es de utiliza\u00e7\u00e3o\/prepara\u00e7\u00e3o:\u00a0<\/strong>Cru, como aperitivo ou em cozinhados.<\/p>\n<p><strong>Declara\u00e7\u00e3o Nutricional (por 100g):\u00a0<\/strong>Energia: 586kj\/142kcal; L\u00edpidos: 13,3g; dos quais Saturados: 1,9g; Monoinsaturados: 10,8g; Polinsaturados: 0,6g; Hidratos de Carbono: 2,1g; os quais A\u00e7\u00facares: 0,4g; Fibra: 4,1g; Prote\u00ednas: 1,5g; Sal: 3,5g.<\/p>\n<p>&nbsp;<\/p>\n","protected":false},"excerpt":{"rendered":"<p>13,48\u20ac\/kg<\/p>\n","protected":false},"featured_media":46963,"comment_status":"closed","ping_status":"closed","template":"","meta":{"_themeisle_gutenberg_block_has_review":false},"product_brand":[],"product_cat":[206,199,132],"product_tag":[593],"woo-feed-brand":[],"class_list":{"0":"post-46935","1":"product","2":"type-product","3":"status-publish","4":"has-post-thumbnail","6":"product_cat-aperitivos","7":"product_cat-frascos-e-latas","8":"product_cat-mercearia","9":"product_tag-novidades","10":"ts_product_brand-amanhecer","12":"first","13":"instock","14":"taxable","15":"shipping-taxable","16":"purchasable","17":"product-type-simple"},"_links":{"self":[{"href":"https:\/\/www.ateti.pt\/loja\/wp-json\/wp\/v2\/product\/46935","targetHints":{"allow":["GET"]}}],"collection":[{"href":"https:\/\/www.ateti.pt\/loja\/wp-json\/wp\/v2\/product"}],"about":[{"href":"https:\/\/www.ateti.pt\/loja\/wp-json\/wp\/v2\/types\/product"}],"replies":[{"embeddable":true,"href":"https:\/\/www.ateti.pt\/loja\/wp-json\/wp\/v2\/comments?post=46935"}],"wp:featuredmedia":[{"embeddable":true,"href":"https:\/\/www.ateti.pt\/loja\/wp-json\/wp\/v2\/media\/46963"}],"wp:attachment":[{"href":"https:\/\/www.ateti.pt\/loja\/wp-json\/wp\/v2\/media?parent=46935"}],"wp:term":[{"taxonomy":"product_brand","embeddable":true,"href":"https:\/\/www.ateti.pt\/loja\/wp-json\/wp\/v2\/product_brand?post=46935"},{"taxonomy":"product_cat","embeddable":true,"href":"https:\/\/www.ateti.pt\/loja\/wp-json\/wp\/v2\/product_cat?post=46935"},{"taxonomy":"product_tag","embeddable":true,"href":"https:\/\/www.ateti.pt\/loja\/wp-json\/wp\/v2\/product_tag?post=46935"},{"taxonomy":"woo-feed-brand","embeddable":true,"href":"https:\/\/www.ateti.pt\/loja\/wp-json\/wp\/v2\/woo-feed-brand?post=46935"}],"curies":[{"name":"wp","href":"https:\/\/api.w.org\/{rel}","templated":true}]}}