{"id":46382,"date":"2022-12-07T11:08:28","date_gmt":"2022-12-07T10:08:28","guid":{"rendered":"https:\/\/www.ateti.pt\/loja\/?post_type=product&#038;p=46382"},"modified":"2024-02-16T17:45:37","modified_gmt":"2024-02-16T17:45:37","slug":"gomas-sour-red-mix-interdoces-90g","status":"publish","type":"product","link":"https:\/\/www.ateti.pt\/loja\/produto\/gomas-sour-red-mix-interdoces-90g\/","title":{"rendered":"Gomas Sour Red Mix 90g Interdoces"},"content":{"rendered":"<p><strong>Gomas Sour Red Mix Interdoces<\/strong><\/p>\n<p><strong>Quantidade:<\/strong> 90g<\/p>\n<p><strong>Ingredientes:\u00a0<\/strong>A\u00e7\u00facar, xarope de glicose &#8211; frutose, amido de milho, \u00e1gua, farinha de trigo, acidificantes; \u00e1cido c\u00edtrico, \u00e1cido m\u00e1lico, gordura vegetal (palma), maltodextrina, regulador de acidez: E332, aromas, gelatina, agentes de revestimento: monoestearatode glicerol (girassol E471), \u00f3leo vegetal (coco\/karit\u00e9), emulsionante: E471, conservante: E202, corante: E120, Cont\u00e9m gl\u00faten.<\/p>\n<p><strong>Declara\u00e7\u00e3o Nutricional (por 100g):\u00a0<\/strong>Energia: 1624kj\/383kcal; L\u00edpidos: &lt;0,5g; dos quais Saturados: 0g; Hidratos de Carbono: 86g; dos quais A\u00e7\u00facares: 64g; Prote\u00ednas: 0,22g; Sal: 0,02g.<\/p>\n","protected":false},"excerpt":{"rendered":"<p>11\u20ac\/kg<\/p>\n","protected":false},"featured_media":61491,"comment_status":"closed","ping_status":"closed","template":"","meta":{"_themeisle_gutenberg_block_has_review":false},"product_brand":[],"product_cat":[25,144,132],"product_tag":[593],"woo-feed-brand":[],"class_list":{"0":"post-46382","1":"product","2":"type-product","3":"status-publish","4":"has-post-thumbnail","6":"product_cat-chocolates","7":"product_cat-chocolates-biscoitos-e-cereais","8":"product_cat-mercearia","9":"product_tag-novidades","10":"ts_product_brand-interdoces","12":"first","13":"instock","14":"taxable","15":"shipping-taxable","16":"purchasable","17":"product-type-simple"},"_links":{"self":[{"href":"https:\/\/www.ateti.pt\/loja\/wp-json\/wp\/v2\/product\/46382","targetHints":{"allow":["GET"]}}],"collection":[{"href":"https:\/\/www.ateti.pt\/loja\/wp-json\/wp\/v2\/product"}],"about":[{"href":"https:\/\/www.ateti.pt\/loja\/wp-json\/wp\/v2\/types\/product"}],"replies":[{"embeddable":true,"href":"https:\/\/www.ateti.pt\/loja\/wp-json\/wp\/v2\/comments?post=46382"}],"wp:featuredmedia":[{"embeddable":true,"href":"https:\/\/www.ateti.pt\/loja\/wp-json\/wp\/v2\/media\/61491"}],"wp:attachment":[{"href":"https:\/\/www.ateti.pt\/loja\/wp-json\/wp\/v2\/media?parent=46382"}],"wp:term":[{"taxonomy":"product_brand","embeddable":true,"href":"https:\/\/www.ateti.pt\/loja\/wp-json\/wp\/v2\/product_brand?post=46382"},{"taxonomy":"product_cat","embeddable":true,"href":"https:\/\/www.ateti.pt\/loja\/wp-json\/wp\/v2\/product_cat?post=46382"},{"taxonomy":"product_tag","embeddable":true,"href":"https:\/\/www.ateti.pt\/loja\/wp-json\/wp\/v2\/product_tag?post=46382"},{"taxonomy":"woo-feed-brand","embeddable":true,"href":"https:\/\/www.ateti.pt\/loja\/wp-json\/wp\/v2\/woo-feed-brand?post=46382"}],"curies":[{"name":"wp","href":"https:\/\/api.w.org\/{rel}","templated":true}]}}