{"id":46189,"date":"2020-11-29T15:54:50","date_gmt":"2020-11-29T14:54:50","guid":{"rendered":"https:\/\/www.ateti.pt\/loja\/?post_type=product&#038;p=46189"},"modified":"2026-03-16T12:29:44","modified_gmt":"2026-03-16T12:29:44","slug":"1cx-cafe-bonini-nao-disponivel-para-venda","status":"publish","type":"product","link":"https:\/\/www.ateti.pt\/loja\/produto\/1cx-cafe-bonini-nao-disponivel-para-venda\/","title":{"rendered":"1cx C\u00e1psulas Caf\u00e9 Bonini Compat\u00edvel (n\u00e3o dispon\u00edvel para venda)"},"content":{"rendered":"<h3>1cx Caf\u00e9 Bonini (n\u00e3o dispon\u00edvel para venda)- APENAS DOLCE GUSTO E NESPRESSO<\/h3>\n<p>Se fizer uma encomenda no valor de 100eur e usar o c\u00f3digo OFERTABONINI recebe 1cx de Caf\u00e9 Bonini<\/p>\n<p>Oferta v\u00e1lida para o stock existente. Campanha v\u00e1lida at\u00e9 8 maio de 2023.<\/p>\n","protected":false},"excerpt":{"rendered":"<p>1cx Caf\u00e9 Bonini (n\u00e3o dispon\u00edvel para venda)- APENAS DOLCE GUSTO E NESPRESSO Se fizer uma encomenda no valor de 100eur e usar o c\u00f3digo OFERTABONINI recebe 1cx de Caf\u00e9 Bonini Oferta v\u00e1lida para o stock existente. Campanha v\u00e1lida at\u00e9 8 maio de 2023.<\/p>\n","protected":false},"featured_media":0,"comment_status":"closed","ping_status":"closed","template":"","meta":{"_themeisle_gutenberg_block_has_review":false},"product_brand":[],"product_cat":[117,787],"product_tag":[],"woo-feed-brand":[],"class_list":{"0":"post-46189","1":"product","2":"type-product","3":"status-publish","5":"product_cat-cafe-em-capsula","6":"product_cat-promocao-bonini","8":"first","9":"instock","10":"taxable","11":"shipping-taxable","12":"purchasable","13":"product-type-simple"},"_links":{"self":[{"href":"https:\/\/www.ateti.pt\/loja\/wp-json\/wp\/v2\/product\/46189","targetHints":{"allow":["GET"]}}],"collection":[{"href":"https:\/\/www.ateti.pt\/loja\/wp-json\/wp\/v2\/product"}],"about":[{"href":"https:\/\/www.ateti.pt\/loja\/wp-json\/wp\/v2\/types\/product"}],"replies":[{"embeddable":true,"href":"https:\/\/www.ateti.pt\/loja\/wp-json\/wp\/v2\/comments?post=46189"}],"wp:attachment":[{"href":"https:\/\/www.ateti.pt\/loja\/wp-json\/wp\/v2\/media?parent=46189"}],"wp:term":[{"taxonomy":"product_brand","embeddable":true,"href":"https:\/\/www.ateti.pt\/loja\/wp-json\/wp\/v2\/product_brand?post=46189"},{"taxonomy":"product_cat","embeddable":true,"href":"https:\/\/www.ateti.pt\/loja\/wp-json\/wp\/v2\/product_cat?post=46189"},{"taxonomy":"product_tag","embeddable":true,"href":"https:\/\/www.ateti.pt\/loja\/wp-json\/wp\/v2\/product_tag?post=46189"},{"taxonomy":"woo-feed-brand","embeddable":true,"href":"https:\/\/www.ateti.pt\/loja\/wp-json\/wp\/v2\/woo-feed-brand?post=46189"}],"curies":[{"name":"wp","href":"https:\/\/api.w.org\/{rel}","templated":true}]}}