{"id":45755,"date":"2022-11-14T12:06:08","date_gmt":"2022-11-14T11:06:08","guid":{"rendered":"https:\/\/www.ateti.pt\/loja\/?post_type=product&#038;p=45755"},"modified":"2024-01-18T18:20:04","modified_gmt":"2024-01-18T17:20:04","slug":"queijo-mistura-achatado-100g-a-queijeira-do-rabacal","status":"publish","type":"product","link":"https:\/\/www.ateti.pt\/loja\/produto\/queijo-mistura-achatado-100g-a-queijeira-do-rabacal\/","title":{"rendered":"Queijo Mistura Achatado 100g A Queijeira do Raba\u00e7al"},"content":{"rendered":"<p><strong>Queijo Mistura Achatado A Queijeira do Raba\u00e7al<\/strong><\/p>\n<p><strong>Quantidade: <\/strong>100g<\/p>\n<p><strong>Ingredientes: <\/strong>Leite (origem:Portugal) pasteurizado de vaca, cabra e ovelha, sal, estabilizador: cloreto de c\u00e1lcio, fermentos l\u00e1cteos, conservantes: nitrato de pot\u00e1ssio, lisozima (ovo) e coalho.<\/p>\n<p><strong>Declara\u00e7\u00e3o Nutricional (por 100g): <\/strong>Energia: 1165kj\/281kcal; L\u00edpidos: 23,3g; dos quais \u00c1cidos Gordos Saturados: 15,9g; Hidratos de Carbono: 1,4g; dos quais A\u00e7\u00facares: &lt;0,5g; Prote\u00ednas: 16,4g; Sal: 1,25g.c<\/p>\n<p><em>casca n\u00e3o comest\u00edvel<\/em><\/p>\n<p>Veja mais em <a href=\"https:\/\/www.ateti.pt\/loja\/categoria\/refrigerados\/lacticinios\/queijos\/\">Queijos<\/a><\/p>\n","protected":false},"excerpt":{"rendered":"<p>14,90\u20ac\/kg<\/p>\n","protected":false},"featured_media":46075,"comment_status":"closed","ping_status":"closed","template":"","meta":{"_themeisle_gutenberg_block_has_review":false},"product_brand":[],"product_cat":[891,178,185,622],"product_tag":[593],"woo-feed-brand":[],"class_list":{"0":"post-45755","1":"product","2":"type-product","3":"status-publish","4":"has-post-thumbnail","6":"product_cat-iva-zero","7":"product_cat-lacticinios","8":"product_cat-queijos","9":"product_cat-refrigerados","10":"product_tag-novidades","11":"ts_product_brand-a-queijeira-do-rabacal","13":"first","14":"instock","15":"taxable","16":"shipping-taxable","17":"purchasable","18":"product-type-simple"},"_links":{"self":[{"href":"https:\/\/www.ateti.pt\/loja\/wp-json\/wp\/v2\/product\/45755","targetHints":{"allow":["GET"]}}],"collection":[{"href":"https:\/\/www.ateti.pt\/loja\/wp-json\/wp\/v2\/product"}],"about":[{"href":"https:\/\/www.ateti.pt\/loja\/wp-json\/wp\/v2\/types\/product"}],"replies":[{"embeddable":true,"href":"https:\/\/www.ateti.pt\/loja\/wp-json\/wp\/v2\/comments?post=45755"}],"wp:featuredmedia":[{"embeddable":true,"href":"https:\/\/www.ateti.pt\/loja\/wp-json\/wp\/v2\/media\/46075"}],"wp:attachment":[{"href":"https:\/\/www.ateti.pt\/loja\/wp-json\/wp\/v2\/media?parent=45755"}],"wp:term":[{"taxonomy":"product_brand","embeddable":true,"href":"https:\/\/www.ateti.pt\/loja\/wp-json\/wp\/v2\/product_brand?post=45755"},{"taxonomy":"product_cat","embeddable":true,"href":"https:\/\/www.ateti.pt\/loja\/wp-json\/wp\/v2\/product_cat?post=45755"},{"taxonomy":"product_tag","embeddable":true,"href":"https:\/\/www.ateti.pt\/loja\/wp-json\/wp\/v2\/product_tag?post=45755"},{"taxonomy":"woo-feed-brand","embeddable":true,"href":"https:\/\/www.ateti.pt\/loja\/wp-json\/wp\/v2\/woo-feed-brand?post=45755"}],"curies":[{"name":"wp","href":"https:\/\/api.w.org\/{rel}","templated":true}]}}