{"id":44182,"date":"2022-09-06T15:41:52","date_gmt":"2022-09-06T14:41:52","guid":{"rendered":"https:\/\/www.ateti.pt\/loja\/?post_type=product&#038;p=44182"},"modified":"2026-03-23T17:40:45","modified_gmt":"2026-03-23T17:40:45","slug":"agua-tonica-lata-schweppes-8x250ml","status":"publish","type":"product","link":"https:\/\/www.ateti.pt\/loja\/produto\/agua-tonica-lata-schweppes-8x250ml\/","title":{"rendered":"\u00c1gua T\u00f3nica Lata Pack 8x250ml Schweppes"},"content":{"rendered":"<p><strong>\u00c1gua T\u00f3nica Lata Schweppes<\/strong><\/p>\n<p><strong>Quantidade:<\/strong> 8x250ml<\/p>\n<p><em>Bebida refrigerante de extratos vegetais. Com a\u00e7\u00facar e edulcorantes. Cont\u00e9m quinino.<\/em><\/p>\n<p><strong>Ingredientes:\u00a0<\/strong>\u00c1gua, a\u00e7\u00facar, di\u00f3xido de carbono, acidificante: \u00e1cido c\u00edtrico, aromas naturais, aroma quinino, edulcorantes: sucralose e acesulfame K.<\/p>\n<p><strong>Declara\u00e7\u00e3o Nutricional (por 100ml):\u00a0<\/strong>Energia: 105kj\/25kcal; L\u00edpidos: 0,0g; dos quais Saturados: 0,0g; Hidratos de Carbono: 5,8g; dos quais A\u00e7\u00facares: 5,8g; Prote\u00ednas: 0,0g; Sal: 0,01g.<\/p>\n","protected":false},"excerpt":{"rendered":"<p>3,80\u20ac\/L<\/p>\n","protected":false},"featured_media":44626,"comment_status":"closed","ping_status":"closed","template":"","meta":{"_themeisle_gutenberg_block_has_review":false},"product_brand":[],"product_cat":[162,158],"product_tag":[593],"woo-feed-brand":[],"class_list":{"0":"post-44182","1":"product","2":"type-product","3":"status-publish","4":"has-post-thumbnail","6":"product_cat-aguas","7":"product_cat-bebidas","8":"product_tag-novidades","9":"ts_product_brand-schweppes","11":"first","12":"instock","13":"taxable","14":"shipping-taxable","15":"purchasable","16":"product-type-simple"},"_links":{"self":[{"href":"https:\/\/www.ateti.pt\/loja\/wp-json\/wp\/v2\/product\/44182","targetHints":{"allow":["GET"]}}],"collection":[{"href":"https:\/\/www.ateti.pt\/loja\/wp-json\/wp\/v2\/product"}],"about":[{"href":"https:\/\/www.ateti.pt\/loja\/wp-json\/wp\/v2\/types\/product"}],"replies":[{"embeddable":true,"href":"https:\/\/www.ateti.pt\/loja\/wp-json\/wp\/v2\/comments?post=44182"}],"wp:featuredmedia":[{"embeddable":true,"href":"https:\/\/www.ateti.pt\/loja\/wp-json\/wp\/v2\/media\/44626"}],"wp:attachment":[{"href":"https:\/\/www.ateti.pt\/loja\/wp-json\/wp\/v2\/media?parent=44182"}],"wp:term":[{"taxonomy":"product_brand","embeddable":true,"href":"https:\/\/www.ateti.pt\/loja\/wp-json\/wp\/v2\/product_brand?post=44182"},{"taxonomy":"product_cat","embeddable":true,"href":"https:\/\/www.ateti.pt\/loja\/wp-json\/wp\/v2\/product_cat?post=44182"},{"taxonomy":"product_tag","embeddable":true,"href":"https:\/\/www.ateti.pt\/loja\/wp-json\/wp\/v2\/product_tag?post=44182"},{"taxonomy":"woo-feed-brand","embeddable":true,"href":"https:\/\/www.ateti.pt\/loja\/wp-json\/wp\/v2\/woo-feed-brand?post=44182"}],"curies":[{"name":"wp","href":"https:\/\/api.w.org\/{rel}","templated":true}]}}