{"id":44058,"date":"2022-08-31T17:58:24","date_gmt":"2022-08-31T16:58:24","guid":{"rendered":"https:\/\/www.ateti.pt\/loja\/?post_type=product&#038;p=44058"},"modified":"2025-11-13T13:33:23","modified_gmt":"2025-11-13T13:33:23","slug":"pastilhas-maquina-de-loica-classic-finish-30un","status":"publish","type":"product","link":"https:\/\/www.ateti.pt\/loja\/produto\/pastilhas-maquina-de-loica-classic-finish-30un\/","title":{"rendered":"Pastilhas M\u00e1quina de Loi\u00e7a Classic 30un Finish"},"content":{"rendered":"<p><strong>Pastilhas M\u00e1quina de Loi\u00e7a Classic Finish<\/strong><\/p>\n<p><strong>Quantidade: <\/strong>30un<\/p>\n<p><em>Finish Classic Original cont\u00e9m uma a\u00e7\u00e3o de remo\u00e7\u00e3o que alcan\u00e7a at\u00e9 as manchas mais dif\u00edceis para que sejam completamente eliminadas.<\/em><\/p>\n<p><b>M\u00e1quina de lavar lou\u00e7a FINISH POWERBALL CLASSIC<\/b>\u00a0da\u00a0<b>FINISH.<\/b>\u00a0Pastilhas de limpeza di\u00e1ria para a m\u00e1quina de lavar loi\u00e7a que removem manchas dif\u00edceis.<\/p>\n<p>Os tabletes Finish Classic possuem a\u00e7\u00e3o de pr\u00e9-lavagem gra\u00e7as \u00e0 incorpora\u00e7\u00e3o da power ball que embebe e amolece os restos de comida. Estes comprimidos deixam os pratos e copos isentos de res\u00edduos e perfeitamente limpos.<\/p>\n","protected":false},"excerpt":{"rendered":"<p>0,21\u20ac\/un<\/p>\n","protected":false},"featured_media":44361,"comment_status":"closed","ping_status":"closed","template":"","meta":{"_themeisle_gutenberg_block_has_review":false},"product_brand":[],"product_cat":[209,190,204],"product_tag":[593],"woo-feed-brand":[],"class_list":{"0":"post-44058","1":"product","2":"type-product","3":"status-publish","4":"has-post-thumbnail","6":"product_cat-cozinha","7":"product_cat-desinfetantes-e-limpeza","8":"product_cat-limpeza","9":"product_tag-novidades","10":"ts_product_brand-finish","12":"first","13":"outofstock","14":"taxable","15":"shipping-taxable","16":"purchasable","17":"product-type-simple"},"_links":{"self":[{"href":"https:\/\/www.ateti.pt\/loja\/wp-json\/wp\/v2\/product\/44058","targetHints":{"allow":["GET"]}}],"collection":[{"href":"https:\/\/www.ateti.pt\/loja\/wp-json\/wp\/v2\/product"}],"about":[{"href":"https:\/\/www.ateti.pt\/loja\/wp-json\/wp\/v2\/types\/product"}],"replies":[{"embeddable":true,"href":"https:\/\/www.ateti.pt\/loja\/wp-json\/wp\/v2\/comments?post=44058"}],"wp:featuredmedia":[{"embeddable":true,"href":"https:\/\/www.ateti.pt\/loja\/wp-json\/wp\/v2\/media\/44361"}],"wp:attachment":[{"href":"https:\/\/www.ateti.pt\/loja\/wp-json\/wp\/v2\/media?parent=44058"}],"wp:term":[{"taxonomy":"product_brand","embeddable":true,"href":"https:\/\/www.ateti.pt\/loja\/wp-json\/wp\/v2\/product_brand?post=44058"},{"taxonomy":"product_cat","embeddable":true,"href":"https:\/\/www.ateti.pt\/loja\/wp-json\/wp\/v2\/product_cat?post=44058"},{"taxonomy":"product_tag","embeddable":true,"href":"https:\/\/www.ateti.pt\/loja\/wp-json\/wp\/v2\/product_tag?post=44058"},{"taxonomy":"woo-feed-brand","embeddable":true,"href":"https:\/\/www.ateti.pt\/loja\/wp-json\/wp\/v2\/woo-feed-brand?post=44058"}],"curies":[{"name":"wp","href":"https:\/\/api.w.org\/{rel}","templated":true}]}}