{"id":43856,"date":"2022-08-25T09:49:33","date_gmt":"2022-08-25T08:49:33","guid":{"rendered":"https:\/\/www.ateti.pt\/loja\/?post_type=product&#038;p=43856"},"modified":"2026-02-05T12:52:05","modified_gmt":"2026-02-05T12:52:05","slug":"grao-de-bico-cozido-lata-compal-410g","status":"publish","type":"product","link":"https:\/\/www.ateti.pt\/loja\/produto\/grao-de-bico-cozido-lata-compal-410g\/","title":{"rendered":"Gr\u00e3o de Bico Cozido Lata 410g Compal"},"content":{"rendered":"<p><strong>Gr\u00e3o de Bico Cozido Lata Compal<\/strong><\/p>\n<p><strong>Quantidade:<\/strong> 410g<\/p>\n<p><strong>Ingredientes:\u00a0<\/strong>Gr\u00e3o, \u00e1gua e sal.<\/p>\n<p><strong>Declara\u00e7\u00e3o Nutricional (por 100g):\u00a0<\/strong>Energia: 466kj\/111kcal; L\u00edpidos: 2,6g; dos quais Saturados: 0,4g; Hidratos de Carbono: 12g; dos quais A\u00e7\u00facares: 0,5g; Fibra: 6,0g; Prote\u00ednas: 6,5g; Sal: 0,93g.<\/p>\n<p><em>Cultivado nos vastos campos Alentejanos da zona de Alqueva, o nosso gr\u00e3o \u00e9 pequenino, rico, saboroso. \u00c9 aperfei\u00e7oado, nunca apressado, pelo zelo experiente dos nossos agricultores. Toma o seu tempo at\u00e9 estar pronto a colher, e vale tanto a pena.<\/em><\/p>\n","protected":false},"excerpt":{"rendered":"<p>2,90\u20ac\/kg<\/p>\n","protected":false},"featured_media":44331,"comment_status":"closed","ping_status":"closed","template":"","meta":{"_themeisle_gutenberg_block_has_review":false},"product_brand":[],"product_cat":[199,196,132],"product_tag":[],"woo-feed-brand":[],"class_list":{"0":"post-43856","1":"product","2":"type-product","3":"status-publish","4":"has-post-thumbnail","6":"product_cat-frascos-e-latas","7":"product_cat-leguminosas","8":"product_cat-mercearia","9":"ts_product_brand-compal","11":"first","12":"instock","13":"sale","14":"taxable","15":"shipping-taxable","16":"purchasable","17":"product-type-simple"},"_links":{"self":[{"href":"https:\/\/www.ateti.pt\/loja\/wp-json\/wp\/v2\/product\/43856","targetHints":{"allow":["GET"]}}],"collection":[{"href":"https:\/\/www.ateti.pt\/loja\/wp-json\/wp\/v2\/product"}],"about":[{"href":"https:\/\/www.ateti.pt\/loja\/wp-json\/wp\/v2\/types\/product"}],"replies":[{"embeddable":true,"href":"https:\/\/www.ateti.pt\/loja\/wp-json\/wp\/v2\/comments?post=43856"}],"wp:featuredmedia":[{"embeddable":true,"href":"https:\/\/www.ateti.pt\/loja\/wp-json\/wp\/v2\/media\/44331"}],"wp:attachment":[{"href":"https:\/\/www.ateti.pt\/loja\/wp-json\/wp\/v2\/media?parent=43856"}],"wp:term":[{"taxonomy":"product_brand","embeddable":true,"href":"https:\/\/www.ateti.pt\/loja\/wp-json\/wp\/v2\/product_brand?post=43856"},{"taxonomy":"product_cat","embeddable":true,"href":"https:\/\/www.ateti.pt\/loja\/wp-json\/wp\/v2\/product_cat?post=43856"},{"taxonomy":"product_tag","embeddable":true,"href":"https:\/\/www.ateti.pt\/loja\/wp-json\/wp\/v2\/product_tag?post=43856"},{"taxonomy":"woo-feed-brand","embeddable":true,"href":"https:\/\/www.ateti.pt\/loja\/wp-json\/wp\/v2\/woo-feed-brand?post=43856"}],"curies":[{"name":"wp","href":"https:\/\/api.w.org\/{rel}","templated":true}]}}