{"id":43524,"date":"2022-08-11T22:27:18","date_gmt":"2022-08-11T21:27:18","guid":{"rendered":"https:\/\/www.ateti.pt\/loja\/?post_type=product&#038;p=43524"},"modified":"2026-04-29T09:01:09","modified_gmt":"2026-04-29T08:01:09","slug":"bolacha-vitalday-sandwich-iogurte-15x44g-gullon","status":"publish","type":"product","link":"https:\/\/www.ateti.pt\/loja\/produto\/bolacha-vitalday-sandwich-iogurte-15x44g-gullon\/","title":{"rendered":"Bolacha Vitalday Sandwich Iogurte 15x44g Gullon"},"content":{"rendered":"<h5><strong>Vitalday Sandwich Iogurte Gullon<\/strong><\/h5>\n<p><strong>Quantidade: 660g<\/strong><\/p>\n<p>Prove as sandes sabor iogurte Vitalday, com aveia e frutos vermelhos. Bolachas com alto teor de fibras e \u00f3leo de girassol alto oleico. Vem em 5 embalagens individuais para que as desfrute onde quiser.<\/p>\n<div class=\"elementor-column elementor-col-50 elementor-top-column elementor-element elementor-element-775eb08 ind-prod-col-ingred\" data-id=\"775eb08\" data-element_type=\"column\">\n<div class=\"elementor-column-wrap elementor-element-populated\">\n<div class=\"elementor-widget-wrap\">\n<div class=\"elementor-element elementor-element-74db8fb elementor-widget elementor-widget-text-editor\" data-id=\"74db8fb\" data-element_type=\"widget\" data-widget_type=\"text-editor.default\">\n<div class=\"elementor-widget-container\">\n<div class=\"elementor-text-editor elementor-clearfix\">\n<p><strong>Ingredientes:<\/strong>\u00a0Cereais integrals (flocos\u00a0<strong>d\u2019aveia<\/strong>, flocos de\u00a0<strong>trigo<\/strong>\u00a0maltado, farinha integral de\u00a0<strong>cevada<\/strong>), creme [a\u00e7\u00facar,\u00a0<strong>Iogurte<\/strong>\u00a0magro em p\u00f3, \u00f3leos e gordura vegetal (girassol de alto teor oleico, girassol e karit\u00e9), amido de\u00a0<strong>trigo<\/strong>,\u00a0<strong>leite<\/strong>\u00a0desnatado em p\u00f3, emulsionante (lecitina de\u00a0<strong>soja<\/strong>), potenciador do sabor (\u00e1cido\u00a0<strong>l\u00e1ctico<\/strong>)], a\u00e7\u00facar, arroz tufado (farinha de arroz, farinha de\u00a0<strong>trigo<\/strong>, sal), \u00f3leo vegetal 7% (\u00f3leo de girassol de alto teor oleico), preparado de frutos vermelhos [fruta (morango, groselha negra, framboesa), xarope de fructose-glucose, xarope de glucose, molhante (glicerol), a\u00e7\u00facar, fibra de\u00a0<strong>trigo<\/strong>, agente geleificante (pectina), \u00f3leo vegetal (girassol), reguladores de acidez (\u00e1cido m\u00e1lico e \u00e1cido c\u00edtrico), aromas], flocos de milho (milho, sal, a\u00e7\u00facar, xarope de malte de\u00a0<strong>cevada<\/strong>), fibra vegetal, oligofructose, gelificante (goma ar\u00e1bica), sal, emulsionante (lecitina de\u00a0<strong>soja<\/strong>), levedantes qu\u00edmicos (hidrogenocarbonato de am\u00f3nio), aroma natural.\u00a0<strong>Pode conter vest\u00edgios de frutos secos.<\/strong><\/p>\n<\/div>\n<\/div>\n<\/div>\n<\/div>\n<\/div>\n<\/div>\n<div class=\"elementor-column elementor-col-50 elementor-top-column elementor-element elementor-element-dce18a2 ind-prod-col-comp\" data-id=\"dce18a2\" data-element_type=\"column\">\n<div class=\"elementor-column-wrap elementor-element-populated\">\n<div class=\"elementor-widget-wrap\">\n<div class=\"elementor-element elementor-element-be00c5a ind-prod-box-comp elementor-widget elementor-widget-text-editor\" data-id=\"be00c5a\" data-element_type=\"widget\" data-widget_type=\"text-editor.default\">\n<div class=\"elementor-widget-container\">\n<div class=\"elementor-text-editor elementor-clearfix\">\n<table>\n<tbody>\n<tr>\n<td colspan=\"2\" width=\"566\">Informa\u00e7\u00e3o nutricional por 100g<\/td>\n<\/tr>\n<tr>\n<td width=\"283\">Valor energ\u00e9tico<\/td>\n<td width=\"283\">1826 kJ \/ 435 kcal<\/td>\n<\/tr>\n<tr>\n<td width=\"283\">Gorduras<\/td>\n<td width=\"283\">15 g<\/td>\n<\/tr>\n<tr>\n<td width=\"283\"><em>das quais<\/em><\/td>\n<td width=\"283\"><\/td>\n<\/tr>\n<tr>\n<td width=\"283\">Saturadas<\/td>\n<td width=\"283\">2,3 g<\/td>\n<\/tr>\n<tr>\n<td width=\"283\">Monoinsaturadas<\/td>\n<td width=\"283\">11 g<\/td>\n<\/tr>\n<tr>\n<td width=\"283\">P\u00f3liinsaturadas<\/td>\n<td width=\"283\">1,7 g<\/td>\n<\/tr>\n<tr>\n<td width=\"283\">Carboidratos<\/td>\n<td width=\"283\">63 g<\/td>\n<\/tr>\n<tr>\n<td width=\"283\"><em>dos quais<\/em><\/td>\n<td width=\"283\"><\/td>\n<\/tr>\n<tr>\n<td width=\"283\">A\u00e7\u00facares<\/td>\n<td width=\"283\">26 g<\/td>\n<\/tr>\n<tr>\n<td width=\"283\">Fibra alimentar<\/td>\n<td width=\"283\">8,0 g<\/td>\n<\/tr>\n<tr>\n<td width=\"283\">Prote\u00ednas<\/td>\n<td width=\"283\">8,0 g<\/td>\n<\/tr>\n<tr>\n<td width=\"283\">Sal<\/td>\n<td width=\"283\">0,53 g<\/td>\n<\/tr>\n<\/tbody>\n<\/table>\n<p>Veja mais em <a href=\"https:\/\/www.ateti.pt\/loja\/categoria\/mercearia\/chocolates-biscoitos-e-cereais\/bolachas-biscoitos\/\">Bolachas e Biscoitos<\/a><\/p>\n<\/div>\n<\/div>\n<\/div>\n<\/div>\n<\/div>\n<\/div>\n","protected":false},"excerpt":{"rendered":"<p>10.13\u20ac\/Kg<\/p>\n","protected":false},"featured_media":80323,"comment_status":"closed","ping_status":"closed","template":"","meta":{"_themeisle_gutenberg_block_has_review":false},"product_brand":[],"product_cat":[134,117,144,132],"product_tag":[],"woo-feed-brand":[],"class_list":{"0":"post-43524","1":"product","2":"type-product","3":"status-publish","4":"has-post-thumbnail","6":"product_cat-bolachas-biscoitos","7":"product_cat-cafe-em-capsula","8":"product_cat-chocolates-biscoitos-e-cereais","9":"product_cat-mercearia","11":"first","12":"instock","13":"taxable","14":"shipping-taxable","15":"purchasable","16":"product-type-simple"},"_links":{"self":[{"href":"https:\/\/www.ateti.pt\/loja\/wp-json\/wp\/v2\/product\/43524","targetHints":{"allow":["GET"]}}],"collection":[{"href":"https:\/\/www.ateti.pt\/loja\/wp-json\/wp\/v2\/product"}],"about":[{"href":"https:\/\/www.ateti.pt\/loja\/wp-json\/wp\/v2\/types\/product"}],"replies":[{"embeddable":true,"href":"https:\/\/www.ateti.pt\/loja\/wp-json\/wp\/v2\/comments?post=43524"}],"wp:featuredmedia":[{"embeddable":true,"href":"https:\/\/www.ateti.pt\/loja\/wp-json\/wp\/v2\/media\/80323"}],"wp:attachment":[{"href":"https:\/\/www.ateti.pt\/loja\/wp-json\/wp\/v2\/media?parent=43524"}],"wp:term":[{"taxonomy":"product_brand","embeddable":true,"href":"https:\/\/www.ateti.pt\/loja\/wp-json\/wp\/v2\/product_brand?post=43524"},{"taxonomy":"product_cat","embeddable":true,"href":"https:\/\/www.ateti.pt\/loja\/wp-json\/wp\/v2\/product_cat?post=43524"},{"taxonomy":"product_tag","embeddable":true,"href":"https:\/\/www.ateti.pt\/loja\/wp-json\/wp\/v2\/product_tag?post=43524"},{"taxonomy":"woo-feed-brand","embeddable":true,"href":"https:\/\/www.ateti.pt\/loja\/wp-json\/wp\/v2\/woo-feed-brand?post=43524"}],"curies":[{"name":"wp","href":"https:\/\/api.w.org\/{rel}","templated":true}]}}

<h5><strong>Vitalday Sandwich Iogurte Gullon</strong></h5>
<p><strong>Quantidade: 660g</strong></p>
<p>Prove as sandes sabor iogurte Vitalday, com aveia e frutos vermelhos. Bolachas com alto teor de fibras e óleo de girassol alto oleico. Vem em 5 embalagens individuais para que as desfrute onde quiser.</p>
<div class="elementor-column elementor-col-50 elementor-top-column elementor-element elementor-element-775eb08 ind-prod-col-ingred" data-id="775eb08" data-element_type="column">
<div class="elementor-column-wrap elementor-element-populated">
<div class="elementor-widget-wrap">
<div class="elementor-element elementor-element-74db8fb elementor-widget elementor-widget-text-editor" data-id="74db8fb" data-element_type="widget" data-widget_type="text-editor.default">
<div class="elementor-widget-container">
<div class="elementor-text-editor elementor-clearfix">
<p><strong>Ingredientes:</strong> Cereais integrals (flocos <strong>d’aveia</strong>, flocos de <strong>trigo</strong> maltado, farinha integral de <strong>cevada</strong>), creme [açúcar, <strong>Iogurte</strong> magro em pó, óleos e gordura vegetal (girassol de alto teor oleico, girassol e karité), amido de <strong>trigo</strong>, <strong>leite</strong> desnatado em pó, emulsionante (lecitina de <strong>soja</strong>), potenciador do sabor (ácido <strong>láctico</strong>)], açúcar, arroz tufado (farinha de arroz, farinha de <strong>trigo</strong>, sal), óleo vegetal 7% (óleo de girassol de alto teor oleico), preparado de frutos vermelhos [fruta (morango, groselha negra, framboesa), xarope de fructose-glucose, xarope de glucose, molhante (glicerol), açúcar, fibra de <strong>trigo</strong>, agente geleificante (pectina), óleo vegetal (girassol), reguladores de acidez (ácido málico e ácido cítrico), aromas], flocos de milho (milho, sal, açúcar, xarope de malte de <strong>cevada</strong>), fibra vegetal, oligofructose, gelificante (goma arábica), sal, emulsionante (lecitina de <strong>soja</strong>), levedantes químicos (hidrogenocarbonato de amónio), aroma natural. <strong>Pode conter vestígios de frutos secos.</strong></p>
</div>
</div>
</div>
</div>
</div>
</div>
<div class="elementor-column elementor-col-50 elementor-top-column elementor-element elementor-element-dce18a2 ind-prod-col-comp" data-id="dce18a2" data-element_type="column">
<div class="elementor-column-wrap elementor-element-populated">
<div class="elementor-widget-wrap">
<div class="elementor-element elementor-element-be00c5a ind-prod-box-comp elementor-widget elementor-widget-text-editor" data-id="be00c5a" data-element_type="widget" data-widget_type="text-editor.default">
<div class="elementor-widget-container">
<div class="elementor-text-editor elementor-clearfix">
<table>
<tbody>
<tr>
<td colspan="2" width="566">Informação nutricional por 100g</td>
</tr>
<tr>
<td width="283">Valor energético</td>
<td width="283">1826 kJ / 435 kcal</td>
</tr>
<tr>
<td width="283">Gorduras</td>
<td width="283">15 g</td>
</tr>
<tr>
<td width="283"><em>das quais</em></td>
<td width="283"></td>
</tr>
<tr>
<td width="283">Saturadas</td>
<td width="283">2,3 g</td>
</tr>
<tr>
<td width="283">Monoinsaturadas</td>
<td width="283">11 g</td>
</tr>
<tr>
<td width="283">Póliinsaturadas</td>
<td width="283">1,7 g</td>
</tr>
<tr>
<td width="283">Carboidratos</td>
<td width="283">63 g</td>
</tr>
<tr>
<td width="283"><em>dos quais</em></td>
<td width="283"></td>
</tr>
<tr>
<td width="283">Açúcares</td>
<td width="283">26 g</td>
</tr>
<tr>
<td width="283">Fibra alimentar</td>
<td width="283">8,0 g</td>
</tr>
<tr>
<td width="283">Proteínas</td>
<td width="283">8,0 g</td>
</tr>
<tr>
<td width="283">Sal</td>
<td width="283">0,53 g</td>
</tr>
</tbody>
</table>
<p>Veja mais em <a href="https://www.ateti.pt/loja/categoria/mercearia/chocolates-biscoitos-e-cereais/bolachas-biscoitos/">Bolachas e Biscoitos</a></p>
</div>
</div>
</div>
</div>
</div>
</div>
