{"id":42840,"date":"2025-01-17T09:35:28","date_gmt":"2025-01-17T09:35:28","guid":{"rendered":"https:\/\/www.ateti.pt\/loja\/?post_type=product&#038;p=42840"},"modified":"2025-02-19T16:47:40","modified_gmt":"2025-02-19T16:47:40","slug":"topping-de-caramelo-toffee-branca-de-neve-380g","status":"publish","type":"product","link":"https:\/\/www.ateti.pt\/loja\/produto\/topping-de-caramelo-toffee-branca-de-neve-380g\/","title":{"rendered":"Topping de Caramelo Toffee 380g Branca de Neve"},"content":{"rendered":"<p><strong>Topping de Caramelo Toffee Branca de Neve<\/strong><\/p>\n<p><strong>Quantidade:<\/strong>\u00a0380g<\/p>\n<p><em><strong>Cobertura l\u00edquida de caramelo de leite<\/strong><\/em><\/p>\n<p><strong>Ingredientes:\u00a0<\/strong>xarope de glicose-frutose, leite condensado (leite, a\u00e7\u00facar), a\u00e7\u00facar, \u00e1gua, regulador de acidez (citrato de s\u00f3dio), espessante (carragenato), sal, conservante (sorbato de pot\u00e1ssio).<\/p>\n<p><strong>Declara\u00e7\u00e3o Nutricional (por 100g):\u00a0<\/strong>Energia: 1238kj\/292kcal; L\u00edpidos: 2,4g; dos quais Saturados: 1,6g; Hidratos de Carbono: 65g; dos quais A\u00e7\u00facares: 58g; Fibra: &lt;0,5g; Prote\u00ednas: 2,5g; Sal: 0,48g.<\/p>\n<p><em>Delicioso em: gelados, crepes, panquecas e sobremesas em geral.<\/em><\/p>\n","protected":false},"excerpt":{"rendered":"<p>10.50\u20ac\/kg<\/p>\n","protected":false},"featured_media":61572,"comment_status":"closed","ping_status":"closed","template":"","meta":{"_themeisle_gutenberg_block_has_review":false},"product_brand":[],"product_cat":[25,144,132],"product_tag":[593],"woo-feed-brand":[],"class_list":{"0":"post-42840","1":"product","2":"type-product","3":"status-publish","4":"has-post-thumbnail","6":"product_cat-chocolates","7":"product_cat-chocolates-biscoitos-e-cereais","8":"product_cat-mercearia","9":"product_tag-novidades","10":"ts_product_brand-branca-de-neve","12":"first","13":"instock","14":"taxable","15":"shipping-taxable","16":"purchasable","17":"product-type-simple"},"_links":{"self":[{"href":"https:\/\/www.ateti.pt\/loja\/wp-json\/wp\/v2\/product\/42840","targetHints":{"allow":["GET"]}}],"collection":[{"href":"https:\/\/www.ateti.pt\/loja\/wp-json\/wp\/v2\/product"}],"about":[{"href":"https:\/\/www.ateti.pt\/loja\/wp-json\/wp\/v2\/types\/product"}],"replies":[{"embeddable":true,"href":"https:\/\/www.ateti.pt\/loja\/wp-json\/wp\/v2\/comments?post=42840"}],"wp:featuredmedia":[{"embeddable":true,"href":"https:\/\/www.ateti.pt\/loja\/wp-json\/wp\/v2\/media\/61572"}],"wp:attachment":[{"href":"https:\/\/www.ateti.pt\/loja\/wp-json\/wp\/v2\/media?parent=42840"}],"wp:term":[{"taxonomy":"product_brand","embeddable":true,"href":"https:\/\/www.ateti.pt\/loja\/wp-json\/wp\/v2\/product_brand?post=42840"},{"taxonomy":"product_cat","embeddable":true,"href":"https:\/\/www.ateti.pt\/loja\/wp-json\/wp\/v2\/product_cat?post=42840"},{"taxonomy":"product_tag","embeddable":true,"href":"https:\/\/www.ateti.pt\/loja\/wp-json\/wp\/v2\/product_tag?post=42840"},{"taxonomy":"woo-feed-brand","embeddable":true,"href":"https:\/\/www.ateti.pt\/loja\/wp-json\/wp\/v2\/woo-feed-brand?post=42840"}],"curies":[{"name":"wp","href":"https:\/\/api.w.org\/{rel}","templated":true}]}}