{"id":42321,"date":"2022-07-07T11:27:17","date_gmt":"2022-07-07T10:27:17","guid":{"rendered":"https:\/\/www.ateti.pt\/loja\/?post_type=product&#038;p=42321"},"modified":"2024-03-05T17:55:23","modified_gmt":"2024-03-05T17:55:23","slug":"racao-para-gato-adulto-vaca-e-frango-friskies-2kg-purina","status":"publish","type":"product","link":"https:\/\/www.ateti.pt\/loja\/produto\/racao-para-gato-adulto-vaca-e-frango-friskies-2kg-purina\/","title":{"rendered":"Ra\u00e7\u00e3o para Gato Adulto Vaca e Frango Friskies 2kg Purina"},"content":{"rendered":"<p><strong>Ra\u00e7\u00e3o para Gato Adulto Vaca e Frango Friskies Purina<\/strong><\/p>\n<p><em>Friskies com uma saborosa combina\u00e7\u00e3o de vaca e frango e com legumes<\/em><\/p>\n<p><strong>Quantidade:\u00a0<\/strong>2kg<\/p>\n<p><em>Alimento seco completo para gatos adultos<\/em><\/p>\n<p><strong>Composi\u00e7\u00e3o:\u00a0<\/strong>Cereais, carnes e subprodutos animais (20%, dos quais 2% vaca e 2% frano no croquetes em forma de bife e disco), extratos de prote\u00edna vegetal, \u00f3leos e gorduras, subprodutos de origem vegetal, subst\u00e2ncias minerais, leveduras, legumes (0,6% legumes desidratados, equivalente a 4% legumes reidratados no croquetes em forma de Y).<\/p>\n<p>&nbsp;<\/p>\n","protected":false},"excerpt":{"rendered":"<p>4,00\u20ac\/kg<\/p>\n","protected":false},"featured_media":42339,"comment_status":"closed","ping_status":"closed","template":"","meta":{"_themeisle_gutenberg_block_has_review":false},"product_brand":[],"product_cat":[234,236],"product_tag":[593],"woo-feed-brand":[],"class_list":{"0":"post-42321","1":"product","2":"type-product","3":"status-publish","4":"has-post-thumbnail","6":"product_cat-animais","7":"product_cat-gatos","8":"product_tag-novidades","9":"ts_product_brand-purina","11":"first","12":"instock","13":"sale","14":"taxable","15":"shipping-taxable","16":"purchasable","17":"product-type-simple"},"_links":{"self":[{"href":"https:\/\/www.ateti.pt\/loja\/wp-json\/wp\/v2\/product\/42321","targetHints":{"allow":["GET"]}}],"collection":[{"href":"https:\/\/www.ateti.pt\/loja\/wp-json\/wp\/v2\/product"}],"about":[{"href":"https:\/\/www.ateti.pt\/loja\/wp-json\/wp\/v2\/types\/product"}],"replies":[{"embeddable":true,"href":"https:\/\/www.ateti.pt\/loja\/wp-json\/wp\/v2\/comments?post=42321"}],"wp:featuredmedia":[{"embeddable":true,"href":"https:\/\/www.ateti.pt\/loja\/wp-json\/wp\/v2\/media\/42339"}],"wp:attachment":[{"href":"https:\/\/www.ateti.pt\/loja\/wp-json\/wp\/v2\/media?parent=42321"}],"wp:term":[{"taxonomy":"product_brand","embeddable":true,"href":"https:\/\/www.ateti.pt\/loja\/wp-json\/wp\/v2\/product_brand?post=42321"},{"taxonomy":"product_cat","embeddable":true,"href":"https:\/\/www.ateti.pt\/loja\/wp-json\/wp\/v2\/product_cat?post=42321"},{"taxonomy":"product_tag","embeddable":true,"href":"https:\/\/www.ateti.pt\/loja\/wp-json\/wp\/v2\/product_tag?post=42321"},{"taxonomy":"woo-feed-brand","embeddable":true,"href":"https:\/\/www.ateti.pt\/loja\/wp-json\/wp\/v2\/woo-feed-brand?post=42321"}],"curies":[{"name":"wp","href":"https:\/\/api.w.org\/{rel}","templated":true}]}}