{"id":41155,"date":"2022-05-31T15:58:32","date_gmt":"2022-05-31T15:58:32","guid":{"rendered":"https:\/\/www.ateti.pt\/loja\/?post_type=product&#038;p=41155"},"modified":"2026-02-24T10:37:11","modified_gmt":"2026-02-24T10:37:11","slug":"fraldas-pants-t4-9-15kg-33un-dodot-2","status":"publish","type":"product","link":"https:\/\/www.ateti.pt\/loja\/produto\/fraldas-pants-t4-9-15kg-33un-dodot-2\/","title":{"rendered":"Fraldas Pants T4 9\/15Kg 33un Dodot"},"content":{"rendered":"<p><strong>Fraldas Pants T4 9\/15Kg Dodot<\/strong><\/p>\n<p><strong>Quantidade:<\/strong> 33 fraldas<\/p>\n<p><strong>Curiosidade:<\/strong> A Dodot entende que cuidar do desenvolvimento feliz e saud\u00e1vel dos beb\u00e9s inclui cuidar do mundo onde eles crescem. Estamos continuamente a inovar para reduzir a pegada ambiental dos nossos produtos e embalagens.<\/p>\n<p><strong>O que cont\u00e9m Fraldas Pants T4 9\/15Kg Dodot\u00a0<\/strong><\/p>\n<p>-Adesivo<br \/>\n-Celulose<br \/>\n-El\u00e1sticos<br \/>\n-Pigmentos<br \/>\n-Polietileno e polipropileno<br \/>\n-Materiais sens\u00edveis ao pH<br \/>\n-Poli\u00e9ster<br \/>\n-Pol\u00edmeros de poliacrilato<br \/>\n-Petrolato<br \/>\n-\u00c1lcool Estear\u00edlico<br \/>\n-Parafina L\u00edquida<br \/>\n-Extrato de folha de Aloe barbadensis<\/p>\n<p><strong>F\u00e1cil de mudar<\/strong><br \/>\n<strong>Subir<\/strong> &#8211; Para coloc\u00e1-la, puxa-a para cima com o desenho para a frente.<br \/>\n<strong>Rasgar<\/strong> &#8211; Para retir\u00e1-la, rasga as laterais da fralda.<br \/>\n<strong>Descartar<\/strong> &#8211; Para a deitar fora, fecha-a com a fita adesiva.<\/p>\n<p>Ajuste 360\u00ba anti fugas<br \/>\nAjuda a prevenir as fugas de xixi pelas laterais.<br \/>\nCintura el\u00e1stica &#8211; Oferece um ajuste total e duradouro.<br \/>\nTecnologia S-Curve &#8211; Proporciona um ajuste c\u00f3modo que se adapta \u00e0 barriguinha do beb\u00e9.<br \/>\nDupla barreira de prote\u00e7\u00e3o &#8211; Ajuda a prevenir as fugas de xixi pelas laterais.<\/p>\n<p>Uma sele\u00e7\u00e3o rigorosa dos nossos ingredientes. Trabalhando em colabora\u00e7\u00e3o com pediatras e toxicologistas.<\/p>\n<div><\/div>\n<div>Veja mais em <a href=\"https:\/\/www.ateti.pt\/loja\/categoria\/bebe-crianca\/higiene-bebe-crianca\/\">Higiene<\/a><\/div>\n","protected":false},"excerpt":{"rendered":"<p>0,33\u20ac\/unidade<\/p>\n","protected":false},"featured_media":41123,"comment_status":"closed","ping_status":"closed","template":"","meta":{"_themeisle_gutenberg_block_has_review":false},"product_brand":[],"product_cat":[214,227],"product_tag":[],"woo-feed-brand":[],"class_list":{"0":"post-41155","1":"product","2":"type-product","3":"status-publish","4":"has-post-thumbnail","6":"product_cat-bebe-crianca","7":"product_cat-higiene-bebe-crianca","8":"ts_product_brand-dodot","10":"first","11":"instock","12":"taxable","13":"shipping-taxable","14":"purchasable","15":"product-type-simple"},"_links":{"self":[{"href":"https:\/\/www.ateti.pt\/loja\/wp-json\/wp\/v2\/product\/41155","targetHints":{"allow":["GET"]}}],"collection":[{"href":"https:\/\/www.ateti.pt\/loja\/wp-json\/wp\/v2\/product"}],"about":[{"href":"https:\/\/www.ateti.pt\/loja\/wp-json\/wp\/v2\/types\/product"}],"replies":[{"embeddable":true,"href":"https:\/\/www.ateti.pt\/loja\/wp-json\/wp\/v2\/comments?post=41155"}],"wp:featuredmedia":[{"embeddable":true,"href":"https:\/\/www.ateti.pt\/loja\/wp-json\/wp\/v2\/media\/41123"}],"wp:attachment":[{"href":"https:\/\/www.ateti.pt\/loja\/wp-json\/wp\/v2\/media?parent=41155"}],"wp:term":[{"taxonomy":"product_brand","embeddable":true,"href":"https:\/\/www.ateti.pt\/loja\/wp-json\/wp\/v2\/product_brand?post=41155"},{"taxonomy":"product_cat","embeddable":true,"href":"https:\/\/www.ateti.pt\/loja\/wp-json\/wp\/v2\/product_cat?post=41155"},{"taxonomy":"product_tag","embeddable":true,"href":"https:\/\/www.ateti.pt\/loja\/wp-json\/wp\/v2\/product_tag?post=41155"},{"taxonomy":"woo-feed-brand","embeddable":true,"href":"https:\/\/www.ateti.pt\/loja\/wp-json\/wp\/v2\/woo-feed-brand?post=41155"}],"curies":[{"name":"wp","href":"https:\/\/api.w.org\/{rel}","templated":true}]}}

<p><strong>Fraldas Pants T4 9/15Kg Dodot</strong></p>
<p><strong>Quantidade:</strong> 33 fraldas</p>
<p><strong>Curiosidade:</strong> A Dodot entende que cuidar do desenvolvimento feliz e saudável dos bebés inclui cuidar do mundo onde eles crescem. Estamos continuamente a inovar para reduzir a pegada ambiental dos nossos produtos e embalagens.</p>
<p><strong>O que contém Fraldas Pants T4 9/15Kg Dodot </strong></p>
<p>-Adesivo<br />
-Celulose<br />
-Elásticos<br />
-Pigmentos<br />
-Polietileno e polipropileno<br />
-Materiais sensíveis ao pH<br />
-Poliéster<br />
-Polímeros de poliacrilato<br />
-Petrolato<br />
-Álcool Estearílico<br />
-Parafina Líquida<br />
-Extrato de folha de Aloe barbadensis</p>
<p><strong>Fácil de mudar</strong><br />
<strong>Subir</strong> &#8211; Para colocá-la, puxa-a para cima com o desenho para a frente.<br />
<strong>Rasgar</strong> &#8211; Para retirá-la, rasga as laterais da fralda.<br />
<strong>Descartar</strong> &#8211; Para a deitar fora, fecha-a com a fita adesiva.</p>
<p>Ajuste 360º anti fugas<br />
Ajuda a prevenir as fugas de xixi pelas laterais.<br />
Cintura elástica &#8211; Oferece um ajuste total e duradouro.<br />
Tecnologia S-Curve &#8211; Proporciona um ajuste cómodo que se adapta à barriguinha do bebé.<br />
Dupla barreira de proteção &#8211; Ajuda a prevenir as fugas de xixi pelas laterais.</p>
<p>Uma seleção rigorosa dos nossos ingredientes. Trabalhando em colaboração com pediatras e toxicologistas.</p>
<div></div>
<div>Veja mais em <a href="https://www.ateti.pt/loja/categoria/bebe-crianca/higiene-bebe-crianca/">Higiene</a></div>
