{"id":40437,"date":"2024-06-25T00:10:18","date_gmt":"2024-06-24T23:10:18","guid":{"rendered":"https:\/\/www.ateti.pt\/loja\/?post_type=product&#038;p=40437"},"modified":"2024-07-18T17:08:03","modified_gmt":"2024-07-18T16:08:03","slug":"leite-condensado-magro-amanhecer-397g","status":"publish","type":"product","link":"https:\/\/www.ateti.pt\/loja\/produto\/leite-condensado-magro-amanhecer-397g\/","title":{"rendered":"Leite Condensado Magro 397g Amanhecer"},"content":{"rendered":"<p><strong>Leite Condensado Magro Amanhecer<\/strong><\/p>\n<p><strong>Quantidade: <\/strong>397g<\/p>\n<p><strong>Ingredientes:\u00a0<\/strong>Leite magro e a\u00e7\u00facar. Cont\u00e9m leite. Res\u00edduo seco isento de mat\u00e9ria gorda proveniente do leite: 24%. Teor de mat\u00e9ria gorda: 0,3%.<\/p>\n<p><strong>Declara\u00e7\u00e3o Nutricional (por 100g):\u00a0<\/strong>Energia: 1184kj\/279kcal; L\u00edpidos: 0,2g; dos quais Saturados: 0,1g; Hidratos de Carbono: 60,9g; dos quais A\u00e7\u00facares: 60,9g; Fibra: 0g; Prote\u00ednas: 8,3g; Sal: 0,2g.<\/p>\n<p>&nbsp;<\/p>\n","protected":false},"excerpt":{"rendered":"<p>4.26\u20ac\/kg<\/p>\n","protected":false},"featured_media":40438,"comment_status":"closed","ping_status":"closed","template":"","meta":{"_themeisle_gutenberg_block_has_review":false},"product_brand":[],"product_cat":[25,144,132,175],"product_tag":[593],"woo-feed-brand":[],"class_list":{"0":"post-40437","1":"product","2":"type-product","3":"status-publish","4":"has-post-thumbnail","6":"product_cat-chocolates","7":"product_cat-chocolates-biscoitos-e-cereais","8":"product_cat-mercearia","9":"product_cat-sobremesas-mercearia","10":"product_tag-novidades","11":"ts_product_brand-amanhecer","13":"first","14":"instock","15":"taxable","16":"shipping-taxable","17":"purchasable","18":"product-type-simple"},"_links":{"self":[{"href":"https:\/\/www.ateti.pt\/loja\/wp-json\/wp\/v2\/product\/40437","targetHints":{"allow":["GET"]}}],"collection":[{"href":"https:\/\/www.ateti.pt\/loja\/wp-json\/wp\/v2\/product"}],"about":[{"href":"https:\/\/www.ateti.pt\/loja\/wp-json\/wp\/v2\/types\/product"}],"replies":[{"embeddable":true,"href":"https:\/\/www.ateti.pt\/loja\/wp-json\/wp\/v2\/comments?post=40437"}],"wp:featuredmedia":[{"embeddable":true,"href":"https:\/\/www.ateti.pt\/loja\/wp-json\/wp\/v2\/media\/40438"}],"wp:attachment":[{"href":"https:\/\/www.ateti.pt\/loja\/wp-json\/wp\/v2\/media?parent=40437"}],"wp:term":[{"taxonomy":"product_brand","embeddable":true,"href":"https:\/\/www.ateti.pt\/loja\/wp-json\/wp\/v2\/product_brand?post=40437"},{"taxonomy":"product_cat","embeddable":true,"href":"https:\/\/www.ateti.pt\/loja\/wp-json\/wp\/v2\/product_cat?post=40437"},{"taxonomy":"product_tag","embeddable":true,"href":"https:\/\/www.ateti.pt\/loja\/wp-json\/wp\/v2\/product_tag?post=40437"},{"taxonomy":"woo-feed-brand","embeddable":true,"href":"https:\/\/www.ateti.pt\/loja\/wp-json\/wp\/v2\/woo-feed-brand?post=40437"}],"curies":[{"name":"wp","href":"https:\/\/api.w.org\/{rel}","templated":true}]}}

<p><strong>Leite Condensado Magro Amanhecer</strong></p>
<p><strong>Quantidade: </strong>397g</p>
<p><strong>Ingredientes: </strong>Leite magro e açúcar. Contém leite. Resíduo seco isento de matéria gorda proveniente do leite: 24%. Teor de matéria gorda: 0,3%.</p>
<p><strong>Declaração Nutricional (por 100g): </strong>Energia: 1184kj/279kcal; Lípidos: 0,2g; dos quais Saturados: 0,1g; Hidratos de Carbono: 60,9g; dos quais Açúcares: 60,9g; Fibra: 0g; Proteínas: 8,3g; Sal: 0,2g.</p>
<p>&nbsp;</p>
