{"id":39524,"date":"2024-10-21T11:50:41","date_gmt":"2024-10-21T10:50:41","guid":{"rendered":"https:\/\/www.ateti.pt\/loja\/?post_type=product&#038;p=39524"},"modified":"2025-01-28T11:35:45","modified_gmt":"2025-01-28T11:35:45","slug":"snacks-roller-80g-activpet-adulto","status":"publish","type":"product","link":"https:\/\/www.ateti.pt\/loja\/produto\/snacks-roller-80g-activpet-adulto\/","title":{"rendered":"Snacks Roller Adulto 80g ActivPet"},"content":{"rendered":"<p><strong>Snacks Roller ActivPet<\/strong><\/p>\n<p><strong>Quantidade:\u00a0<\/strong>80g \/ 4un<\/p>\n<p><strong>Composi\u00e7\u00e3o:\u00a0<\/strong>Cereais, carnes e subprodutos de origem animal (frango m\u00edn 4%, borrego m\u00edn 4%, vaca m\u00edn 4%), extratos de prote\u00ednas vegetais, subprodutos de origem vegetal, \u00f3leos e gorduras.<\/p>\n<p><strong>Modo de Emprego:\u00a0<\/strong>Os snacks roller s\u00e3o deliciosos e podem ser usados com complemento \u00e0 alimenta\u00e7\u00e3o habitual do seu c\u00e3o, como recompensa pela pr\u00e1tica de exerc\u00edcio f\u00edsico do animal. Tenha aten\u00e7\u00e3o pois o excesso de guloseimas e falta de exerc\u00edcio podem levar ao excesso de peso do seu c\u00e3o. Sirva o produto tal e qual, a qualquer altura do dia. N\u00e3o recomendado para c\u00e3es com menos de 6 meses.<\/p>\n","protected":false},"excerpt":{"rendered":"<p>18.63\u20ac\/kg<\/p>\n","protected":false},"featured_media":42088,"comment_status":"closed","ping_status":"closed","template":"","meta":{"_themeisle_gutenberg_block_has_review":false},"product_brand":[],"product_cat":[234,235],"product_tag":[593],"woo-feed-brand":[],"class_list":{"0":"post-39524","1":"product","2":"type-product","3":"status-publish","4":"has-post-thumbnail","6":"product_cat-animais","7":"product_cat-caes","8":"product_tag-novidades","9":"ts_product_brand-activpet","11":"first","12":"instock","13":"taxable","14":"shipping-taxable","15":"purchasable","16":"product-type-simple"},"_links":{"self":[{"href":"https:\/\/www.ateti.pt\/loja\/wp-json\/wp\/v2\/product\/39524","targetHints":{"allow":["GET"]}}],"collection":[{"href":"https:\/\/www.ateti.pt\/loja\/wp-json\/wp\/v2\/product"}],"about":[{"href":"https:\/\/www.ateti.pt\/loja\/wp-json\/wp\/v2\/types\/product"}],"replies":[{"embeddable":true,"href":"https:\/\/www.ateti.pt\/loja\/wp-json\/wp\/v2\/comments?post=39524"}],"wp:featuredmedia":[{"embeddable":true,"href":"https:\/\/www.ateti.pt\/loja\/wp-json\/wp\/v2\/media\/42088"}],"wp:attachment":[{"href":"https:\/\/www.ateti.pt\/loja\/wp-json\/wp\/v2\/media?parent=39524"}],"wp:term":[{"taxonomy":"product_brand","embeddable":true,"href":"https:\/\/www.ateti.pt\/loja\/wp-json\/wp\/v2\/product_brand?post=39524"},{"taxonomy":"product_cat","embeddable":true,"href":"https:\/\/www.ateti.pt\/loja\/wp-json\/wp\/v2\/product_cat?post=39524"},{"taxonomy":"product_tag","embeddable":true,"href":"https:\/\/www.ateti.pt\/loja\/wp-json\/wp\/v2\/product_tag?post=39524"},{"taxonomy":"woo-feed-brand","embeddable":true,"href":"https:\/\/www.ateti.pt\/loja\/wp-json\/wp\/v2\/woo-feed-brand?post=39524"}],"curies":[{"name":"wp","href":"https:\/\/api.w.org\/{rel}","templated":true}]}}