{"id":39517,"date":"2022-04-05T16:23:37","date_gmt":"2022-04-05T16:23:37","guid":{"rendered":"https:\/\/www.ateti.pt\/loja\/?post_type=product&#038;p=39517"},"modified":"2024-01-18T18:00:34","modified_gmt":"2024-01-18T17:00:34","slug":"massa-macarrao-500g-amanhecer","status":"publish","type":"product","link":"https:\/\/www.ateti.pt\/loja\/produto\/massa-macarrao-500g-amanhecer\/","title":{"rendered":"Massa Macarr\u00e3o 500g Amanhecer"},"content":{"rendered":"<p><strong>Massa Macarr\u00e3o Amanhecer<\/strong><\/p>\n<p><strong>Quantidade:\u00a0<\/strong>500g<\/p>\n<p><strong>Ingredientes:\u00a0<\/strong>S\u00eamola de trigo duro. Pode conter vest\u00edgios de ovo.<\/p>\n<p><strong>Declara\u00e7\u00e3o Nutricional (por 100g):\u00a0<\/strong>Energia: 1496kj\/353kcal: L\u00edpidos: 1,7g; dos quais Saturados: 0,4; Hidratos de Carbono: 71,4g; dos quais A\u00e7\u00facares: 4,3g; Fibra: 3,2g; Prote\u00ednas: 11,4g; Sal: &lt;0,1g.<\/p>\n","protected":false},"excerpt":{"rendered":"<p>2,24\u20ac\/kg<\/p>\n","protected":false},"featured_media":39519,"comment_status":"closed","ping_status":"closed","template":"","meta":{"_themeisle_gutenberg_block_has_review":false},"product_brand":[],"product_cat":[187,891,132],"product_tag":[593],"woo-feed-brand":[],"class_list":{"0":"post-39517","1":"product","2":"type-product","3":"status-publish","4":"has-post-thumbnail","6":"product_cat-arrozemassas","7":"product_cat-iva-zero","8":"product_cat-mercearia","9":"product_tag-novidades","10":"ts_product_brand-amanhecer","12":"first","13":"instock","14":"taxable","15":"shipping-taxable","16":"purchasable","17":"product-type-simple"},"_links":{"self":[{"href":"https:\/\/www.ateti.pt\/loja\/wp-json\/wp\/v2\/product\/39517","targetHints":{"allow":["GET"]}}],"collection":[{"href":"https:\/\/www.ateti.pt\/loja\/wp-json\/wp\/v2\/product"}],"about":[{"href":"https:\/\/www.ateti.pt\/loja\/wp-json\/wp\/v2\/types\/product"}],"replies":[{"embeddable":true,"href":"https:\/\/www.ateti.pt\/loja\/wp-json\/wp\/v2\/comments?post=39517"}],"wp:featuredmedia":[{"embeddable":true,"href":"https:\/\/www.ateti.pt\/loja\/wp-json\/wp\/v2\/media\/39519"}],"wp:attachment":[{"href":"https:\/\/www.ateti.pt\/loja\/wp-json\/wp\/v2\/media?parent=39517"}],"wp:term":[{"taxonomy":"product_brand","embeddable":true,"href":"https:\/\/www.ateti.pt\/loja\/wp-json\/wp\/v2\/product_brand?post=39517"},{"taxonomy":"product_cat","embeddable":true,"href":"https:\/\/www.ateti.pt\/loja\/wp-json\/wp\/v2\/product_cat?post=39517"},{"taxonomy":"product_tag","embeddable":true,"href":"https:\/\/www.ateti.pt\/loja\/wp-json\/wp\/v2\/product_tag?post=39517"},{"taxonomy":"woo-feed-brand","embeddable":true,"href":"https:\/\/www.ateti.pt\/loja\/wp-json\/wp\/v2\/woo-feed-brand?post=39517"}],"curies":[{"name":"wp","href":"https:\/\/api.w.org\/{rel}","templated":true}]}}

Massa Macarrão 500g Amanhecer

<p><strong>Massa Macarrão Amanhecer</strong></p>
<p><strong>Quantidade: </strong>500g</p>
<p><strong>Ingredientes: </strong>Sêmola de trigo duro. Pode conter vestígios de ovo.</p>
<p><strong>Declaração Nutricional (por 100g): </strong>Energia: 1496kj/353kcal: Lípidos: 1,7g; dos quais Saturados: 0,4; Hidratos de Carbono: 71,4g; dos quais Açúcares: 4,3g; Fibra: 3,2g; Proteínas: 11,4g; Sal: &lt;0,1g.</p>
